{"id":7948,"date":"2025-07-16T21:23:53","date_gmt":"2025-07-17T00:23:53","guid":{"rendered":"https:\/\/amplitudmodulada.com.ar\/?page_id=7948"},"modified":"2025-07-16T21:32:05","modified_gmt":"2025-07-17T00:32:05","slug":"noticia13772","status":"publish","type":"page","link":"https:\/\/amplitudmodulada.com.ar\/index.php\/noticia13772\/","title":{"rendered":"Trabajadores de Radio Nacional repudian el congelamiento de sus salarios"},"content":{"rendered":"\n<figure class=\"wp-block-image size-full\"><img loading=\"lazy\" decoding=\"async\" width=\"179\" height=\"53\" src=\"http:\/\/amplitudmodulada.com.ar\/wp-content\/uploads\/2024\/01\/Fatpren-e1705344790951.png\" alt=\"\" class=\"wp-image-292\"\/><\/figure>\n\n\n\n<p>Los trabajadores de Radio Nacional nucleados en la Federaci\u00f3n Argentina de Trabajadores de Prensa (FATPREN) repudiaron el congelamiento salarial de sus salarios y denunciaron el vaciamiento sistem\u00e1tico de la emisora p\u00fablica.<\/p>\n\n\n\n<p>En ese sentido, se\u00f1alan que el gobierno de Javier Milei utiliza los medios p\u00fablicos como ejemplo de su pol\u00edtica de ajuste, mientra oculta que los salarios siguen perdiendo poder adquisitivo mes a mes.<\/p>\n\n\n\n<p>&#8220;Mienten, cuando dicen que se termin\u00f3 la inflaci\u00f3n&#8221;, denunciaron y aseguraron que &#8220;nuestro pueblo sabe que los salarios se pulverizan mes a mes&#8221;.<\/p>\n\n\n\n<p>El comunicado de FATPREN alerta tambi\u00e9n sobre las graves carencias que atraviesan las emisoras de Radio Nacional, falta de herramientas de trabajo, reducci\u00f3n de la estructura operativa y hasta la ausencia de elementos b\u00e1sicos de higiene, lo que atenta contra el derecho a la informaci\u00f3n y los derechos laborales de quienes sostienen la radio p\u00fablica todos los d\u00edas.<\/p>\n\n\n\n<p>22.05.25<\/p>\n","protected":false},"excerpt":{"rendered":"<p>Los trabajadores de Radio Nacional nucleados en la Federaci\u00f3n Argentina de Trabajadores de Prensa (FATPREN) repudiaron el congelamiento salarial de sus salarios y denunciaron el vaciamiento sistem\u00e1tico de la emisora p\u00fablica. En ese sentido, se\u00f1alan que el gobierno de Javier Milei utiliza los medios p\u00fablicos como ejemplo de su pol\u00edtica de ajuste, mientra oculta que &hellip; <a href=\"https:\/\/amplitudmodulada.com.ar\/index.php\/noticia13772\/\" class=\"more-link\">Continu\u00e1 leyendo <span class=\"screen-reader-text\">Trabajadores de Radio Nacional repudian el congelamiento de sus salarios<\/span><\/a><\/p>\n","protected":false},"author":1,"featured_media":0,"parent":0,"menu_order":0,"comment_status":"closed","ping_status":"closed","template":"","meta":{"footnotes":""},"class_list":["post-7948","page","type-page","status-publish","hentry"],"_links":{"self":[{"href":"https:\/\/amplitudmodulada.com.ar\/index.php\/wp-json\/wp\/v2\/pages\/7948","targetHints":{"allow":["GET"]}}],"collection":[{"href":"https:\/\/amplitudmodulada.com.ar\/index.php\/wp-json\/wp\/v2\/pages"}],"about":[{"href":"https:\/\/amplitudmodulada.com.ar\/index.php\/wp-json\/wp\/v2\/types\/page"}],"author":[{"embeddable":true,"href":"https:\/\/amplitudmodulada.com.ar\/index.php\/wp-json\/wp\/v2\/users\/1"}],"replies":[{"embeddable":true,"href":"https:\/\/amplitudmodulada.com.ar\/index.php\/wp-json\/wp\/v2\/comments?post=7948"}],"version-history":[{"count":3,"href":"https:\/\/amplitudmodulada.com.ar\/index.php\/wp-json\/wp\/v2\/pages\/7948\/revisions"}],"predecessor-version":[{"id":7954,"href":"https:\/\/amplitudmodulada.com.ar\/index.php\/wp-json\/wp\/v2\/pages\/7948\/revisions\/7954"}],"wp:attachment":[{"href":"https:\/\/amplitudmodulada.com.ar\/index.php\/wp-json\/wp\/v2\/media?parent=7948"}],"curies":[{"name":"wp","href":"https:\/\/api.w.org\/{rel}","templated":true}]}}

<figure class="wp-block-image size-full"><img loading="lazy" decoding="async" width="179" height="53" src="http://amplitudmodulada.com.ar/wp-content/uploads/2024/01/Fatpren-e1705344790951.png" alt="" class="wp-image-292"/></figure>



<p>Los trabajadores de Radio Nacional nucleados en la Federación Argentina de Trabajadores de Prensa (FATPREN) repudiaron el congelamiento salarial de sus salarios y denunciaron el vaciamiento sistemático de la emisora pública.</p>



<p>En ese sentido, señalan que el gobierno de Javier Milei utiliza los medios públicos como ejemplo de su política de ajuste, mientra oculta que los salarios siguen perdiendo poder adquisitivo mes a mes.</p>



<p>&#8220;Mienten, cuando dicen que se terminó la inflación&#8221;, denunciaron y aseguraron que &#8220;nuestro pueblo sabe que los salarios se pulverizan mes a mes&#8221;.</p>



<p>El comunicado de FATPREN alerta también sobre las graves carencias que atraviesan las emisoras de Radio Nacional, falta de herramientas de trabajo, reducción de la estructura operativa y hasta la ausencia de elementos básicos de higiene, lo que atenta contra el derecho a la información y los derechos laborales de quienes sostienen la radio pública todos los días.</p>



<p>22.05.25</p>

<p>Los trabajadores de Radio Nacional nucleados en la Federación Argentina de Trabajadores de Prensa (FATPREN) repudiaron el congelamiento salarial de sus salarios y denunciaron el vaciamiento sistemático de la emisora pública. En ese sentido, señalan que el gobierno de Javier Milei utiliza los medios públicos como ejemplo de su política de ajuste, mientra oculta que &hellip; <a href="https://amplitudmodulada.com.ar/index.php/noticia13772/" class="more-link">Continuá leyendo <span class="screen-reader-text">Trabajadores de Radio Nacional repudian el congelamiento de sus salarios</span></a></p>
