{"id":7994,"date":"2025-07-20T21:11:15","date_gmt":"2025-07-21T00:11:15","guid":{"rendered":"https:\/\/amplitudmodulada.com.ar\/?page_id=7994"},"modified":"2025-07-20T21:16:37","modified_gmt":"2025-07-21T00:16:37","slug":"noticia13779","status":"publish","type":"page","link":"https:\/\/amplitudmodulada.com.ar\/index.php\/noticia13779\/","title":{"rendered":"Franco Mercuriali se suma a la grilla de programaci\u00f3n de Radio Rivadavia"},"content":{"rendered":"\n<figure class=\"wp-block-image size-full\"><img loading=\"lazy\" decoding=\"async\" width=\"174\" height=\"60\" src=\"http:\/\/amplitudmodulada.com.ar\/wp-content\/uploads\/2024\/01\/630-e1704586384620.png\" alt=\"\" class=\"wp-image-115\"\/><\/figure>\n\n\n\n<p>Tras un a\u00f1o alejado de los micr\u00f3fonos, el periodista Franco Mercuriali se suma a la grilla de programaci\u00f3n de LS5 Radio Rivadavia. Conducir\u00e1 a partir del 1 de junio todos los domingos de 9.00 a 12.00 horas el programa &#8220;Mercuriali 630&#8221;.<\/p>\n\n\n\n<p>&#8220;Mercuriali 630&#8221; reemplazar\u00e1 en esa franja horaria al programa &#8220;Si Pasa, Pasa&#8221;, que conduce el periodista Ignacio Ortelli.<\/p>\n\n\n\n<p>&#8220;Extra\u00f1aba tanto hacer radio. Gracias Radio Rivadavia. Desde el pr\u00f3ximo domingo, de 9.00 a 12.00 horas, estar\u00e9 conduciendo Mercuriali 630&#8221;, anunci\u00f3 el periodista en las redes sociales.<\/p>\n\n\n\n<p>Sin brindar m\u00e1s detalles, Franco Mercuriali adelant\u00f3 que en la semana compartir\u00e1 los nombres de quienes lo acompa\u00f1ar\u00e1n en el nuevo ciclo.<\/p>\n\n\n\n<p>Fuente: <a href=\"http:\/\/www.noticiasargentinas.com\" data-type=\"link\" data-id=\"www.noticiasargentinas.com\" target=\"_blank\" rel=\"noreferrer noopener\">www.noticiasargentinas.com<\/a> | Ciudad Aut\u00f3noma de Buenos Aires | 26.05.25<\/p>\n","protected":false},"excerpt":{"rendered":"<p>Tras un a\u00f1o alejado de los micr\u00f3fonos, el periodista Franco Mercuriali se suma a la grilla de programaci\u00f3n de LS5 Radio Rivadavia. Conducir\u00e1 a partir del 1 de junio todos los domingos de 9.00 a 12.00 horas el programa &#8220;Mercuriali 630&#8221;. &#8220;Mercuriali 630&#8221; reemplazar\u00e1 en esa franja horaria al programa &#8220;Si Pasa, Pasa&#8221;, que conduce &hellip; <a href=\"https:\/\/amplitudmodulada.com.ar\/index.php\/noticia13779\/\" class=\"more-link\">Continu\u00e1 leyendo <span class=\"screen-reader-text\">Franco Mercuriali se suma a la grilla de programaci\u00f3n de Radio Rivadavia<\/span><\/a><\/p>\n","protected":false},"author":1,"featured_media":0,"parent":0,"menu_order":0,"comment_status":"closed","ping_status":"closed","template":"","meta":{"footnotes":""},"class_list":["post-7994","page","type-page","status-publish","hentry"],"_links":{"self":[{"href":"https:\/\/amplitudmodulada.com.ar\/index.php\/wp-json\/wp\/v2\/pages\/7994","targetHints":{"allow":["GET"]}}],"collection":[{"href":"https:\/\/amplitudmodulada.com.ar\/index.php\/wp-json\/wp\/v2\/pages"}],"about":[{"href":"https:\/\/amplitudmodulada.com.ar\/index.php\/wp-json\/wp\/v2\/types\/page"}],"author":[{"embeddable":true,"href":"https:\/\/amplitudmodulada.com.ar\/index.php\/wp-json\/wp\/v2\/users\/1"}],"replies":[{"embeddable":true,"href":"https:\/\/amplitudmodulada.com.ar\/index.php\/wp-json\/wp\/v2\/comments?post=7994"}],"version-history":[{"count":2,"href":"https:\/\/amplitudmodulada.com.ar\/index.php\/wp-json\/wp\/v2\/pages\/7994\/revisions"}],"predecessor-version":[{"id":7997,"href":"https:\/\/amplitudmodulada.com.ar\/index.php\/wp-json\/wp\/v2\/pages\/7994\/revisions\/7997"}],"wp:attachment":[{"href":"https:\/\/amplitudmodulada.com.ar\/index.php\/wp-json\/wp\/v2\/media?parent=7994"}],"curies":[{"name":"wp","href":"https:\/\/api.w.org\/{rel}","templated":true}]}}

Franco Mercuriali se suma a la grilla de programación de Radio Rivadavia

<figure class="wp-block-image size-full"><img loading="lazy" decoding="async" width="174" height="60" src="http://amplitudmodulada.com.ar/wp-content/uploads/2024/01/630-e1704586384620.png" alt="" class="wp-image-115"/></figure>



<p>Tras un año alejado de los micrófonos, el periodista Franco Mercuriali se suma a la grilla de programación de LS5 Radio Rivadavia. Conducirá a partir del 1 de junio todos los domingos de 9.00 a 12.00 horas el programa &#8220;Mercuriali 630&#8221;.</p>



<p>&#8220;Mercuriali 630&#8221; reemplazará en esa franja horaria al programa &#8220;Si Pasa, Pasa&#8221;, que conduce el periodista Ignacio Ortelli.</p>



<p>&#8220;Extrañaba tanto hacer radio. Gracias Radio Rivadavia. Desde el próximo domingo, de 9.00 a 12.00 horas, estaré conduciendo Mercuriali 630&#8221;, anunció el periodista en las redes sociales.</p>



<p>Sin brindar más detalles, Franco Mercuriali adelantó que en la semana compartirá los nombres de quienes lo acompañarán en el nuevo ciclo.</p>



<p>Fuente: <a href="http://www.noticiasargentinas.com" data-type="link" data-id="www.noticiasargentinas.com" target="_blank" rel="noreferrer noopener">www.noticiasargentinas.com</a> | Ciudad Autónoma de Buenos Aires | 26.05.25</p>

<p>Tras un año alejado de los micrófonos, el periodista Franco Mercuriali se suma a la grilla de programación de LS5 Radio Rivadavia. Conducirá a partir del 1 de junio todos los domingos de 9.00 a 12.00 horas el programa &#8220;Mercuriali 630&#8221;. &#8220;Mercuriali 630&#8221; reemplazará en esa franja horaria al programa &#8220;Si Pasa, Pasa&#8221;, que conduce &hellip; <a href="https://amplitudmodulada.com.ar/index.php/noticia13779/" class="more-link">Continuá leyendo <span class="screen-reader-text">Franco Mercuriali se suma a la grilla de programación de Radio Rivadavia</span></a></p>
