{"id":8007,"date":"2025-07-25T22:18:05","date_gmt":"2025-07-26T01:18:05","guid":{"rendered":"https:\/\/amplitudmodulada.com.ar\/?page_id=8007"},"modified":"2025-07-25T22:47:51","modified_gmt":"2025-07-26T01:47:51","slug":"noticia13781","status":"publish","type":"page","link":"https:\/\/amplitudmodulada.com.ar\/index.php\/noticia13781\/","title":{"rendered":"Se realizar\u00e1 una muestra de fotograf\u00eda en la sede de LRA42 Radio Nacional Gualeguaych\u00fa"},"content":{"rendered":"\n<figure class=\"wp-block-image size-full\"><img loading=\"lazy\" decoding=\"async\" width=\"110\" height=\"100\" src=\"http:\/\/amplitudmodulada.com.ar\/wp-content\/uploads\/2024\/01\/LRA42-e1705014344626.png\" alt=\"\" class=\"wp-image-202\"\/><\/figure>\n\n\n\n<p>La Direcci\u00f3n de Cultura de la Municipalidad de Gualeguaych\u00fa y LRA42 Radio Nacional Gualeguaych\u00fa invitan a la comunidad a la apertura de la muestra Ciclo de Fotoperiodismo que se realizar\u00e1 el jueves 29 de mayo en la sede de la emisora p\u00fablica.<\/p>\n\n\n\n<p>La muestra re\u00fane una serie de fotograf\u00edas de tem\u00e1ticas diversas: paisajes, espacios representativos de la ciudad, momentos claves de la vida social, cultural, memoria colectiva, periodismo, arte y expresi\u00f3n visual.<\/p>\n\n\n\n<p>La convocatoria estuvo abierta a fot\u00f3grafos profesionales, amateurs y p\u00fablico general, lo que permite una mirada plural y amplia sobre nuestra identidad local y regional.<\/p>\n\n\n\n<p>La muestra permanecer\u00e1 abierta al p\u00fablico de lunes a viernes, de 8.00 a 20.00 horas, en la sede de Radio Nacional Gualeguaych\u00fa, ubicada en Urquiza en 3840.<\/p>\n\n\n\n<p>La apertura de la muestra ser\u00e1 transmitida en vivo por la se\u00f1al de Amplitud Modulada de Radio Nacional Gualeguaych\u00fa.<\/p>\n\n\n\n<p>Fuente: <a href=\"http:\/\/www.gualeguaychu.gov.ar\" data-type=\"link\" data-id=\"www.gualeguaychu.gov.ar\" target=\"_blank\" rel=\"noreferrer noopener\">www.gualeguaychu.gov.ar<\/a> | Gualeguaych\u00fa &#8211; Entre R\u00edos | 27.05.25 <\/p>\n","protected":false},"excerpt":{"rendered":"<p>La Direcci\u00f3n de Cultura de la Municipalidad de Gualeguaych\u00fa y LRA42 Radio Nacional Gualeguaych\u00fa invitan a la comunidad a la apertura de la muestra Ciclo de Fotoperiodismo que se realizar\u00e1 el jueves 29 de mayo en la sede de la emisora p\u00fablica. La muestra re\u00fane una serie de fotograf\u00edas de tem\u00e1ticas diversas: paisajes, espacios representativos &hellip; <a href=\"https:\/\/amplitudmodulada.com.ar\/index.php\/noticia13781\/\" class=\"more-link\">Continu\u00e1 leyendo <span class=\"screen-reader-text\">Se realizar\u00e1 una muestra de fotograf\u00eda en la sede de LRA42 Radio Nacional Gualeguaych\u00fa<\/span><\/a><\/p>\n","protected":false},"author":1,"featured_media":0,"parent":0,"menu_order":0,"comment_status":"closed","ping_status":"closed","template":"","meta":{"footnotes":""},"class_list":["post-8007","page","type-page","status-publish","hentry"],"_links":{"self":[{"href":"https:\/\/amplitudmodulada.com.ar\/index.php\/wp-json\/wp\/v2\/pages\/8007","targetHints":{"allow":["GET"]}}],"collection":[{"href":"https:\/\/amplitudmodulada.com.ar\/index.php\/wp-json\/wp\/v2\/pages"}],"about":[{"href":"https:\/\/amplitudmodulada.com.ar\/index.php\/wp-json\/wp\/v2\/types\/page"}],"author":[{"embeddable":true,"href":"https:\/\/amplitudmodulada.com.ar\/index.php\/wp-json\/wp\/v2\/users\/1"}],"replies":[{"embeddable":true,"href":"https:\/\/amplitudmodulada.com.ar\/index.php\/wp-json\/wp\/v2\/comments?post=8007"}],"version-history":[{"count":5,"href":"https:\/\/amplitudmodulada.com.ar\/index.php\/wp-json\/wp\/v2\/pages\/8007\/revisions"}],"predecessor-version":[{"id":8016,"href":"https:\/\/amplitudmodulada.com.ar\/index.php\/wp-json\/wp\/v2\/pages\/8007\/revisions\/8016"}],"wp:attachment":[{"href":"https:\/\/amplitudmodulada.com.ar\/index.php\/wp-json\/wp\/v2\/media?parent=8007"}],"curies":[{"name":"wp","href":"https:\/\/api.w.org\/{rel}","templated":true}]}}