{"id":8019,"date":"2025-07-28T13:06:01","date_gmt":"2025-07-28T16:06:01","guid":{"rendered":"https:\/\/amplitudmodulada.com.ar\/?page_id=8019"},"modified":"2025-07-28T13:12:37","modified_gmt":"2025-07-28T16:12:37","slug":"noticia13782","status":"publish","type":"page","link":"https:\/\/amplitudmodulada.com.ar\/index.php\/noticia13782\/","title":{"rendered":"Ponen a la venta al hist\u00f3rico edificio de Radio Continental"},"content":{"rendered":"\n<figure class=\"wp-block-image size-full\"><img loading=\"lazy\" decoding=\"async\" width=\"178\" height=\"51\" src=\"http:\/\/amplitudmodulada.com.ar\/wp-content\/uploads\/2024\/01\/590-e1704494003192.png\" alt=\"\" class=\"wp-image-14\"\/><\/figure>\n\n\n\n<p>Una inmobiliaria porte\u00f1a puso en venta el hist\u00f3rico edificio en donde funcion\u00f3 durante d\u00e9cadas LS4 Radio Continental, ubicado en la calle Rivadavia 835.<\/p>\n\n\n\n<p>La propiedad ha sido tasada, seg\u00fan informa la firma Toribio Ach\u00e1val, encargada de la comercializaci\u00f3n del inmueble, en dos millones y medio de d\u00f3lares.<\/p>\n\n\n\n<p>La historia del edificio se remonta a 1969, cuando Radio Continental adopt\u00f3 esa denominaci\u00f3n para reemplazar a Radio Porte\u00f1a, en el aire desde 1929.<\/p>\n\n\n\n<p>En febrero de 2025, la emisora fue adquirida por el Grupo Octubre, que traslad\u00f3 los estudios de transmisi\u00f3n a la calle Conde, sede de Canal 9.<\/p>\n\n\n\n<p>Fuente: <a href=\"http:\/\/www.notidial.com\" data-type=\"link\" data-id=\"www.notidial.com\" target=\"_blank\" rel=\"noreferrer noopener\">www.notidial.com<\/a> | Ciudad Aut\u00f3noma de Buenos Aires | 27.05.25<\/p>\n","protected":false},"excerpt":{"rendered":"<p>Una inmobiliaria porte\u00f1a puso en venta el hist\u00f3rico edificio en donde funcion\u00f3 durante d\u00e9cadas LS4 Radio Continental, ubicado en la calle Rivadavia 835. La propiedad ha sido tasada, seg\u00fan informa la firma Toribio Ach\u00e1val, encargada de la comercializaci\u00f3n del inmueble, en dos millones y medio de d\u00f3lares. La historia del edificio se remonta a 1969, &hellip; <a href=\"https:\/\/amplitudmodulada.com.ar\/index.php\/noticia13782\/\" class=\"more-link\">Continu\u00e1 leyendo <span class=\"screen-reader-text\">Ponen a la venta al hist\u00f3rico edificio de Radio Continental<\/span><\/a><\/p>\n","protected":false},"author":1,"featured_media":0,"parent":0,"menu_order":0,"comment_status":"closed","ping_status":"closed","template":"","meta":{"footnotes":""},"class_list":["post-8019","page","type-page","status-publish","hentry"],"_links":{"self":[{"href":"https:\/\/amplitudmodulada.com.ar\/index.php\/wp-json\/wp\/v2\/pages\/8019","targetHints":{"allow":["GET"]}}],"collection":[{"href":"https:\/\/amplitudmodulada.com.ar\/index.php\/wp-json\/wp\/v2\/pages"}],"about":[{"href":"https:\/\/amplitudmodulada.com.ar\/index.php\/wp-json\/wp\/v2\/types\/page"}],"author":[{"embeddable":true,"href":"https:\/\/amplitudmodulada.com.ar\/index.php\/wp-json\/wp\/v2\/users\/1"}],"replies":[{"embeddable":true,"href":"https:\/\/amplitudmodulada.com.ar\/index.php\/wp-json\/wp\/v2\/comments?post=8019"}],"version-history":[{"count":2,"href":"https:\/\/amplitudmodulada.com.ar\/index.php\/wp-json\/wp\/v2\/pages\/8019\/revisions"}],"predecessor-version":[{"id":8022,"href":"https:\/\/amplitudmodulada.com.ar\/index.php\/wp-json\/wp\/v2\/pages\/8019\/revisions\/8022"}],"wp:attachment":[{"href":"https:\/\/amplitudmodulada.com.ar\/index.php\/wp-json\/wp\/v2\/media?parent=8019"}],"curies":[{"name":"wp","href":"https:\/\/api.w.org\/{rel}","templated":true}]}}

Ponen a la venta al histórico edificio de Radio Continental

<figure class="wp-block-image size-full"><img loading="lazy" decoding="async" width="178" height="51" src="http://amplitudmodulada.com.ar/wp-content/uploads/2024/01/590-e1704494003192.png" alt="" class="wp-image-14"/></figure>



<p>Una inmobiliaria porteña puso en venta el histórico edificio en donde funcionó durante décadas LS4 Radio Continental, ubicado en la calle Rivadavia 835.</p>



<p>La propiedad ha sido tasada, según informa la firma Toribio Achával, encargada de la comercialización del inmueble, en dos millones y medio de dólares.</p>



<p>La historia del edificio se remonta a 1969, cuando Radio Continental adoptó esa denominación para reemplazar a Radio Porteña, en el aire desde 1929.</p>



<p>En febrero de 2025, la emisora fue adquirida por el Grupo Octubre, que trasladó los estudios de transmisión a la calle Conde, sede de Canal 9.</p>



<p>Fuente: <a href="http://www.notidial.com" data-type="link" data-id="www.notidial.com" target="_blank" rel="noreferrer noopener">www.notidial.com</a> | Ciudad Autónoma de Buenos Aires | 27.05.25</p>

<p>Una inmobiliaria porteña puso en venta el histórico edificio en donde funcionó durante décadas LS4 Radio Continental, ubicado en la calle Rivadavia 835. La propiedad ha sido tasada, según informa la firma Toribio Achával, encargada de la comercialización del inmueble, en dos millones y medio de dólares. La historia del edificio se remonta a 1969, &hellip; <a href="https://amplitudmodulada.com.ar/index.php/noticia13782/" class="more-link">Continuá leyendo <span class="screen-reader-text">Ponen a la venta al histórico edificio de Radio Continental</span></a></p>
