{"id":8025,"date":"2025-07-28T18:24:39","date_gmt":"2025-07-28T21:24:39","guid":{"rendered":"https:\/\/amplitudmodulada.com.ar\/?page_id=8025"},"modified":"2025-07-28T18:35:05","modified_gmt":"2025-07-28T21:35:05","slug":"noticia13783","status":"publish","type":"page","link":"https:\/\/amplitudmodulada.com.ar\/index.php\/noticia13783\/","title":{"rendered":"LU32 Radio Olavarr\u00eda tendr\u00e1 un corresponsal en el Mundial de Clubes"},"content":{"rendered":"\n<figure class=\"wp-block-image size-full\"><img loading=\"lazy\" decoding=\"async\" width=\"110\" height=\"110\" src=\"http:\/\/amplitudmodulada.com.ar\/wp-content\/uploads\/2025\/01\/LU32-e1737925788704.jpg\" alt=\"\" class=\"wp-image-5776\"\/><\/figure>\n\n\n\n<p>El periodista Alejandro Arouxet ser\u00e1 el corresponsal de LU32 Radio Olavarr\u00eda en el Mundial de Clubes, que se disputar\u00e1 a partir del viernes 14 de junio en distintas ciudades de Estados Unidos.<\/p>\n\n\n\n<p>En v\u00edsperas de su viaje, se refiri\u00f3 a la experiencia de cubrir este evento en Estados Unidos.<\/p>\n\n\n\n<p>&#8220;Vamos a compartir en la radio uno de los eventos futbol\u00edsticos m\u00e1s destacados, este mundial de clubes nos va a mostrar c\u00f3mo se vive el f\u00fatbol en Estados Unidos&#8221;, explic\u00f3 el profesional en di\u00e1logo con Radio Olavarr\u00eda.<\/p>\n\n\n\n<p>En ese marco, el corresponsal consider\u00f3 que &#8220;tanto Boca como River, pueden tener las mismas posibilidades, todo se define por si la pelota entra o no&#8221; y a\u00f1adi\u00f3 que &#8220;ambos equipos est\u00e1n preparados para hacerle frente a cualquier equipo&#8221;.<\/p>\n\n\n\n<p>Fuente: <a href=\"http:\/\/www.lu32.com.ar\" data-type=\"link\" data-id=\"www.lu32.com.ar\" target=\"_blank\" rel=\"noreferrer noopener\">www.lu32.com.ar<\/a> | Olavarr\u00eda &#8211; Buenos Aires | 28.05.25<\/p>\n","protected":false},"excerpt":{"rendered":"<p>El periodista Alejandro Arouxet ser\u00e1 el corresponsal de LU32 Radio Olavarr\u00eda en el Mundial de Clubes, que se disputar\u00e1 a partir del viernes 14 de junio en distintas ciudades de Estados Unidos. En v\u00edsperas de su viaje, se refiri\u00f3 a la experiencia de cubrir este evento en Estados Unidos. &#8220;Vamos a compartir en la radio &hellip; <a href=\"https:\/\/amplitudmodulada.com.ar\/index.php\/noticia13783\/\" class=\"more-link\">Continu\u00e1 leyendo <span class=\"screen-reader-text\">LU32 Radio Olavarr\u00eda tendr\u00e1 un corresponsal en el Mundial de Clubes<\/span><\/a><\/p>\n","protected":false},"author":1,"featured_media":0,"parent":0,"menu_order":0,"comment_status":"closed","ping_status":"closed","template":"","meta":{"footnotes":""},"class_list":["post-8025","page","type-page","status-publish","hentry"],"_links":{"self":[{"href":"https:\/\/amplitudmodulada.com.ar\/index.php\/wp-json\/wp\/v2\/pages\/8025","targetHints":{"allow":["GET"]}}],"collection":[{"href":"https:\/\/amplitudmodulada.com.ar\/index.php\/wp-json\/wp\/v2\/pages"}],"about":[{"href":"https:\/\/amplitudmodulada.com.ar\/index.php\/wp-json\/wp\/v2\/types\/page"}],"author":[{"embeddable":true,"href":"https:\/\/amplitudmodulada.com.ar\/index.php\/wp-json\/wp\/v2\/users\/1"}],"replies":[{"embeddable":true,"href":"https:\/\/amplitudmodulada.com.ar\/index.php\/wp-json\/wp\/v2\/comments?post=8025"}],"version-history":[{"count":2,"href":"https:\/\/amplitudmodulada.com.ar\/index.php\/wp-json\/wp\/v2\/pages\/8025\/revisions"}],"predecessor-version":[{"id":8028,"href":"https:\/\/amplitudmodulada.com.ar\/index.php\/wp-json\/wp\/v2\/pages\/8025\/revisions\/8028"}],"wp:attachment":[{"href":"https:\/\/amplitudmodulada.com.ar\/index.php\/wp-json\/wp\/v2\/media?parent=8025"}],"curies":[{"name":"wp","href":"https:\/\/api.w.org\/{rel}","templated":true}]}}

LU32 Radio Olavarría tendrá un corresponsal en el Mundial de Clubes

<figure class="wp-block-image size-full"><img loading="lazy" decoding="async" width="110" height="110" src="http://amplitudmodulada.com.ar/wp-content/uploads/2025/01/LU32-e1737925788704.jpg" alt="" class="wp-image-5776"/></figure>



<p>El periodista Alejandro Arouxet será el corresponsal de LU32 Radio Olavarría en el Mundial de Clubes, que se disputará a partir del viernes 14 de junio en distintas ciudades de Estados Unidos.</p>



<p>En vísperas de su viaje, se refirió a la experiencia de cubrir este evento en Estados Unidos.</p>



<p>&#8220;Vamos a compartir en la radio uno de los eventos futbolísticos más destacados, este mundial de clubes nos va a mostrar cómo se vive el fútbol en Estados Unidos&#8221;, explicó el profesional en diálogo con Radio Olavarría.</p>



<p>En ese marco, el corresponsal consideró que &#8220;tanto Boca como River, pueden tener las mismas posibilidades, todo se define por si la pelota entra o no&#8221; y añadió que &#8220;ambos equipos están preparados para hacerle frente a cualquier equipo&#8221;.</p>



<p>Fuente: <a href="http://www.lu32.com.ar" data-type="link" data-id="www.lu32.com.ar" target="_blank" rel="noreferrer noopener">www.lu32.com.ar</a> | Olavarría &#8211; Buenos Aires | 28.05.25</p>

<p>El periodista Alejandro Arouxet será el corresponsal de LU32 Radio Olavarría en el Mundial de Clubes, que se disputará a partir del viernes 14 de junio en distintas ciudades de Estados Unidos. En vísperas de su viaje, se refirió a la experiencia de cubrir este evento en Estados Unidos. &#8220;Vamos a compartir en la radio &hellip; <a href="https://amplitudmodulada.com.ar/index.php/noticia13783/" class="more-link">Continuá leyendo <span class="screen-reader-text">LU32 Radio Olavarría tendrá un corresponsal en el Mundial de Clubes</span></a></p>
