{"id":8058,"date":"2025-07-29T14:01:39","date_gmt":"2025-07-29T17:01:39","guid":{"rendered":"https:\/\/amplitudmodulada.com.ar\/?page_id=8058"},"modified":"2025-07-29T14:09:33","modified_gmt":"2025-07-29T17:09:33","slug":"noticia13788","status":"publish","type":"page","link":"https:\/\/amplitudmodulada.com.ar\/index.php\/noticia13788\/","title":{"rendered":"Fernando Bravo fue distinguido en Mar del Plata"},"content":{"rendered":"\n<figure class=\"wp-block-image size-large is-resized\"><img loading=\"lazy\" decoding=\"async\" width=\"1024\" height=\"532\" src=\"http:\/\/amplitudmodulada.com.ar\/wp-content\/uploads\/2024\/01\/790-1024x532.png\" alt=\"\" class=\"wp-image-268\" style=\"width:153px;height:auto\"\/><\/figure>\n\n\n\n<p>En el marco de la 20\u00ba entrega del Premio Don Manuel \u00c1lvarez Arg\u00fcelles a la Trayectoria Period\u00edstica, fue distinguido este fin de semana en la ciudad de Mar del Plata el periodista y locutor Fernando Bravo.<\/p>\n\n\n\n<p>El Premio Don Manuel \u00c1lvarez Arg\u00fcelles se entrega anualmente en homenaje a la trayectoria period\u00edstica y destaca el esfuerzo, la pasi\u00f3n y la \u00e9tica de quienes trabajan d\u00eda a d\u00eda en busca de la verdad.<\/p>\n\n\n\n<p>Este a\u00f1o, el galardonado fue el destacado profesional Fernando Bravo, de dilatada trayectoria en radio y televisi\u00f3n.<\/p>\n\n\n\n<p>Luego de quince a\u00f1os en LS4 Radio Continental, el periodista decidi\u00f3 en 2025 y a sus 81 a\u00f1os enfrentar un nuevo desaf\u00edo en LR6 Radio Mitre, donde conduce  el programa &#8220;Bravo por Mitre&#8221; de lunes a viernes de 16.00 a 19.00 horas.<\/p>\n\n\n\n<p>Fuente: <a href=\"http:\/\/www.puntonoticias.com\" data-type=\"link\" data-id=\"www.puntonoticias.com\" target=\"_blank\" rel=\"noreferrer noopener\">www.puntonoticias.com<\/a> | Mar del Plata &#8211; Buenos Aires | 02.06.25<\/p>\n","protected":false},"excerpt":{"rendered":"<p>En el marco de la 20\u00ba entrega del Premio Don Manuel \u00c1lvarez Arg\u00fcelles a la Trayectoria Period\u00edstica, fue distinguido este fin de semana en la ciudad de Mar del Plata el periodista y locutor Fernando Bravo. El Premio Don Manuel \u00c1lvarez Arg\u00fcelles se entrega anualmente en homenaje a la trayectoria period\u00edstica y destaca el esfuerzo, &hellip; <a href=\"https:\/\/amplitudmodulada.com.ar\/index.php\/noticia13788\/\" class=\"more-link\">Continu\u00e1 leyendo <span class=\"screen-reader-text\">Fernando Bravo fue distinguido en Mar del Plata<\/span><\/a><\/p>\n","protected":false},"author":1,"featured_media":0,"parent":0,"menu_order":0,"comment_status":"closed","ping_status":"closed","template":"","meta":{"footnotes":""},"class_list":["post-8058","page","type-page","status-publish","hentry"],"_links":{"self":[{"href":"https:\/\/amplitudmodulada.com.ar\/index.php\/wp-json\/wp\/v2\/pages\/8058","targetHints":{"allow":["GET"]}}],"collection":[{"href":"https:\/\/amplitudmodulada.com.ar\/index.php\/wp-json\/wp\/v2\/pages"}],"about":[{"href":"https:\/\/amplitudmodulada.com.ar\/index.php\/wp-json\/wp\/v2\/types\/page"}],"author":[{"embeddable":true,"href":"https:\/\/amplitudmodulada.com.ar\/index.php\/wp-json\/wp\/v2\/users\/1"}],"replies":[{"embeddable":true,"href":"https:\/\/amplitudmodulada.com.ar\/index.php\/wp-json\/wp\/v2\/comments?post=8058"}],"version-history":[{"count":2,"href":"https:\/\/amplitudmodulada.com.ar\/index.php\/wp-json\/wp\/v2\/pages\/8058\/revisions"}],"predecessor-version":[{"id":8061,"href":"https:\/\/amplitudmodulada.com.ar\/index.php\/wp-json\/wp\/v2\/pages\/8058\/revisions\/8061"}],"wp:attachment":[{"href":"https:\/\/amplitudmodulada.com.ar\/index.php\/wp-json\/wp\/v2\/media?parent=8058"}],"curies":[{"name":"wp","href":"https:\/\/api.w.org\/{rel}","templated":true}]}}

<figure class="wp-block-image size-large is-resized"><img loading="lazy" decoding="async" width="1024" height="532" src="http://amplitudmodulada.com.ar/wp-content/uploads/2024/01/790-1024x532.png" alt="" class="wp-image-268" style="width:153px;height:auto"/></figure>



<p>En el marco de la 20º entrega del Premio Don Manuel Álvarez Argüelles a la Trayectoria Periodística, fue distinguido este fin de semana en la ciudad de Mar del Plata el periodista y locutor Fernando Bravo.</p>



<p>El Premio Don Manuel Álvarez Argüelles se entrega anualmente en homenaje a la trayectoria periodística y destaca el esfuerzo, la pasión y la ética de quienes trabajan día a día en busca de la verdad.</p>



<p>Este año, el galardonado fue el destacado profesional Fernando Bravo, de dilatada trayectoria en radio y televisión.</p>



<p>Luego de quince años en LS4 Radio Continental, el periodista decidió en 2025 y a sus 81 años enfrentar un nuevo desafío en LR6 Radio Mitre, donde conduce  el programa &#8220;Bravo por Mitre&#8221; de lunes a viernes de 16.00 a 19.00 horas.</p>



<p>Fuente: <a href="http://www.puntonoticias.com" data-type="link" data-id="www.puntonoticias.com" target="_blank" rel="noreferrer noopener">www.puntonoticias.com</a> | Mar del Plata &#8211; Buenos Aires | 02.06.25</p>

<p>En el marco de la 20º entrega del Premio Don Manuel Álvarez Argüelles a la Trayectoria Periodística, fue distinguido este fin de semana en la ciudad de Mar del Plata el periodista y locutor Fernando Bravo. El Premio Don Manuel Álvarez Argüelles se entrega anualmente en homenaje a la trayectoria periodística y destaca el esfuerzo, &hellip; <a href="https://amplitudmodulada.com.ar/index.php/noticia13788/" class="more-link">Continuá leyendo <span class="screen-reader-text">Fernando Bravo fue distinguido en Mar del Plata</span></a></p>
