{"id":8070,"date":"2025-07-29T19:33:54","date_gmt":"2025-07-29T22:33:54","guid":{"rendered":"https:\/\/amplitudmodulada.com.ar\/?page_id=8070"},"modified":"2025-07-29T19:42:46","modified_gmt":"2025-07-29T22:42:46","slug":"noticia13790","status":"publish","type":"page","link":"https:\/\/amplitudmodulada.com.ar\/index.php\/noticia13790\/","title":{"rendered":"Rub\u00e9n Gold\u00edn estar\u00e1 este jueves en el ciclo &#8220;Entre Cuerdas y Letras&#8221;"},"content":{"rendered":"\n<figure class=\"wp-block-image size-full\"><img decoding=\"async\" src=\"http:\/\/amplitudmodulada.com.ar\/wp-content\/uploads\/2024\/10\/LT8.png\" alt=\"\" class=\"wp-image-4307\"\/><\/figure>\n\n\n\n<p>En el marco del ciclo de LT8 AM 830 &#8220;Entre Cuerdas y Letras&#8221;, el compositor rosarino Rub\u00e9n Gold\u00edn se presentar\u00e1 este jueves 5 de junio desde las 19.00 horas en el auditorio del diario La Capital, Sarmiento 763, con entrada libre y gratuita.<\/p>\n\n\n\n<p>Con una larga carrera que lo vincula a proyectos emblem\u00e1ticos del rock nacional, desde los a\u00f1os de Irreal y La Trova Rosarina hasta sus trabajos solistas, Rub\u00e9n Gold\u00edn ser\u00e1 el protagonista de una charla \u00edntima, entre canciones y recuerdos.<\/p>\n\n\n\n<p>&#8220;Entre Cuerdas y Letras&#8221; combina entrevistas en vivo, interpretaciones musicales y la participaci\u00f3n del p\u00fablicos y ofrece una mirada cercana a artistas que marcaron la identidad sonora de la ciudad de Rosario y el pa\u00eds.<\/p>\n\n\n\n<p>En cada edici\u00f3n, el programa permite que el p\u00fablico escuche las canciones en un formato ac\u00fastico y tambi\u00e9n los relatos detr\u00e1s de esas obras: c\u00f3mo nacieron, qu\u00e9 contexto las inspir\u00f3 y que lugar ocupan hoy en la vida del artista.<\/p>\n\n\n\n<p>Fuente: <a href=\"http:\/\/www.lacapital.com.ar\" data-type=\"link\" data-id=\"www.lacapital.com.ar\" target=\"_blank\" rel=\"noreferrer noopener\">www.lacapital.com.ar<\/a> | Rosario &#8211; Santa Fe | 03.06.25 <\/p>\n","protected":false},"excerpt":{"rendered":"<p>En el marco del ciclo de LT8 AM 830 &#8220;Entre Cuerdas y Letras&#8221;, el compositor rosarino Rub\u00e9n Gold\u00edn se presentar\u00e1 este jueves 5 de junio desde las 19.00 horas en el auditorio del diario La Capital, Sarmiento 763, con entrada libre y gratuita. Con una larga carrera que lo vincula a proyectos emblem\u00e1ticos del rock &hellip; <a href=\"https:\/\/amplitudmodulada.com.ar\/index.php\/noticia13790\/\" class=\"more-link\">Continu\u00e1 leyendo <span class=\"screen-reader-text\">Rub\u00e9n Gold\u00edn estar\u00e1 este jueves en el ciclo &#8220;Entre Cuerdas y Letras&#8221;<\/span><\/a><\/p>\n","protected":false},"author":1,"featured_media":0,"parent":0,"menu_order":0,"comment_status":"closed","ping_status":"closed","template":"","meta":{"footnotes":""},"class_list":["post-8070","page","type-page","status-publish","hentry"],"_links":{"self":[{"href":"https:\/\/amplitudmodulada.com.ar\/index.php\/wp-json\/wp\/v2\/pages\/8070","targetHints":{"allow":["GET"]}}],"collection":[{"href":"https:\/\/amplitudmodulada.com.ar\/index.php\/wp-json\/wp\/v2\/pages"}],"about":[{"href":"https:\/\/amplitudmodulada.com.ar\/index.php\/wp-json\/wp\/v2\/types\/page"}],"author":[{"embeddable":true,"href":"https:\/\/amplitudmodulada.com.ar\/index.php\/wp-json\/wp\/v2\/users\/1"}],"replies":[{"embeddable":true,"href":"https:\/\/amplitudmodulada.com.ar\/index.php\/wp-json\/wp\/v2\/comments?post=8070"}],"version-history":[{"count":3,"href":"https:\/\/amplitudmodulada.com.ar\/index.php\/wp-json\/wp\/v2\/pages\/8070\/revisions"}],"predecessor-version":[{"id":8075,"href":"https:\/\/amplitudmodulada.com.ar\/index.php\/wp-json\/wp\/v2\/pages\/8070\/revisions\/8075"}],"wp:attachment":[{"href":"https:\/\/amplitudmodulada.com.ar\/index.php\/wp-json\/wp\/v2\/media?parent=8070"}],"curies":[{"name":"wp","href":"https:\/\/api.w.org\/{rel}","templated":true}]}}

Rubén Goldín estará este jueves en el ciclo &#8220;Entre Cuerdas y Letras&#8221;

<figure class="wp-block-image size-full"><img decoding="async" src="http://amplitudmodulada.com.ar/wp-content/uploads/2024/10/LT8.png" alt="" class="wp-image-4307"/></figure>



<p>En el marco del ciclo de LT8 AM 830 &#8220;Entre Cuerdas y Letras&#8221;, el compositor rosarino Rubén Goldín se presentará este jueves 5 de junio desde las 19.00 horas en el auditorio del diario La Capital, Sarmiento 763, con entrada libre y gratuita.</p>



<p>Con una larga carrera que lo vincula a proyectos emblemáticos del rock nacional, desde los años de Irreal y La Trova Rosarina hasta sus trabajos solistas, Rubén Goldín será el protagonista de una charla íntima, entre canciones y recuerdos.</p>



<p>&#8220;Entre Cuerdas y Letras&#8221; combina entrevistas en vivo, interpretaciones musicales y la participación del públicos y ofrece una mirada cercana a artistas que marcaron la identidad sonora de la ciudad de Rosario y el país.</p>



<p>En cada edición, el programa permite que el público escuche las canciones en un formato acústico y también los relatos detrás de esas obras: cómo nacieron, qué contexto las inspiró y que lugar ocupan hoy en la vida del artista.</p>



<p>Fuente: <a href="http://www.lacapital.com.ar" data-type="link" data-id="www.lacapital.com.ar" target="_blank" rel="noreferrer noopener">www.lacapital.com.ar</a> | Rosario &#8211; Santa Fe | 03.06.25 </p>

<p>En el marco del ciclo de LT8 AM 830 &#8220;Entre Cuerdas y Letras&#8221;, el compositor rosarino Rubén Goldín se presentará este jueves 5 de junio desde las 19.00 horas en el auditorio del diario La Capital, Sarmiento 763, con entrada libre y gratuita. Con una larga carrera que lo vincula a proyectos emblemáticos del rock &hellip; <a href="https://amplitudmodulada.com.ar/index.php/noticia13790/" class="more-link">Continuá leyendo <span class="screen-reader-text">Rubén Goldín estará este jueves en el ciclo &#8220;Entre Cuerdas y Letras&#8221;</span></a></p>
