{"id":8112,"date":"2025-08-02T12:17:11","date_gmt":"2025-08-02T15:17:11","guid":{"rendered":"https:\/\/amplitudmodulada.com.ar\/?page_id=8112"},"modified":"2025-08-02T13:44:13","modified_gmt":"2025-08-02T16:44:13","slug":"noticia13796","status":"publish","type":"page","link":"https:\/\/amplitudmodulada.com.ar\/index.php\/noticia13796\/","title":{"rendered":"LV12 Radio Independencia estar\u00e1 presente en la Expo L\u00e1ctea del Norte 2025"},"content":{"rendered":"\n<figure class=\"wp-block-image size-full\"><img loading=\"lazy\" decoding=\"async\" width=\"141\" height=\"80\" src=\"http:\/\/amplitudmodulada.com.ar\/wp-content\/uploads\/2024\/03\/LV12-e1711152370442.png\" alt=\"\" class=\"wp-image-1367\"\/><\/figure>\n\n\n\n<p>LV12 Radio Independencia de San Miguel de Tucum\u00e1n estar\u00e1 presente en la 13\u00ba edici\u00f3n de Expo L\u00e1ctea del Norte, que se realizar\u00e1 el 6 y 7 de junio en la localidad de Trancas, provincia de Tucum\u00e1n.<\/p>\n\n\n\n<p>La transmisi\u00f3n de Radio Independencia ser\u00e1 este viernes y s\u00e1bado desde las 22.00 y hasta las 4.00 horas.<\/p>\n\n\n\n<p>Organizada de manera conjunta por la Mesa de Lecher\u00eda de Tucum\u00e1n y la Municipalidad de Trancas, la Expo L\u00e1ctea del Norte consiste en dos jornadas de trabajo en la que productores de distintas actividades, como miel y vinos, expondr\u00e1n sus productos para la degustaci\u00f3n y venta.<\/p>\n\n\n\n<p>&#8220;Estamos muy contentos y entusiasmados por poder realizar en conjunto esta d\u00e9cimo tercera edici\u00f3n de la Expo L\u00e1ctea del Norte, un evento muy importante para nosotros porque no solo fortalece nuestra actividad principal, sino tambi\u00e9n nuestra identidad e historia&#8221;, se\u00f1al\u00f3 Antonio Moreno, intendente de Trancas, en declaraciones a Radio Independencia.<\/p>\n\n\n\n<p>Radio Independencia sale al aire en 590 Khz. y 105.1 Mhz.<\/p>\n\n\n\n<p>Fuente: <a href=\"http:\/\/www.lv12.com.ar\" data-type=\"link\" data-id=\"www.lv12.com.ar\" target=\"_blank\" rel=\"noreferrer noopener\">www.lv12.com.ar<\/a> | San Miguel de Tucum\u00e1n &#8211; Tucum\u00e1n | 06.06.25<\/p>\n\n\n\n<p><\/p>\n","protected":false},"excerpt":{"rendered":"<p>LV12 Radio Independencia de San Miguel de Tucum\u00e1n estar\u00e1 presente en la 13\u00ba edici\u00f3n de Expo L\u00e1ctea del Norte, que se realizar\u00e1 el 6 y 7 de junio en la localidad de Trancas, provincia de Tucum\u00e1n. La transmisi\u00f3n de Radio Independencia ser\u00e1 este viernes y s\u00e1bado desde las 22.00 y hasta las 4.00 horas. Organizada &hellip; <a href=\"https:\/\/amplitudmodulada.com.ar\/index.php\/noticia13796\/\" class=\"more-link\">Continu\u00e1 leyendo <span class=\"screen-reader-text\">LV12 Radio Independencia estar\u00e1 presente en la Expo L\u00e1ctea del Norte 2025<\/span><\/a><\/p>\n","protected":false},"author":1,"featured_media":0,"parent":0,"menu_order":0,"comment_status":"closed","ping_status":"closed","template":"","meta":{"footnotes":""},"class_list":["post-8112","page","type-page","status-publish","hentry"],"_links":{"self":[{"href":"https:\/\/amplitudmodulada.com.ar\/index.php\/wp-json\/wp\/v2\/pages\/8112","targetHints":{"allow":["GET"]}}],"collection":[{"href":"https:\/\/amplitudmodulada.com.ar\/index.php\/wp-json\/wp\/v2\/pages"}],"about":[{"href":"https:\/\/amplitudmodulada.com.ar\/index.php\/wp-json\/wp\/v2\/types\/page"}],"author":[{"embeddable":true,"href":"https:\/\/amplitudmodulada.com.ar\/index.php\/wp-json\/wp\/v2\/users\/1"}],"replies":[{"embeddable":true,"href":"https:\/\/amplitudmodulada.com.ar\/index.php\/wp-json\/wp\/v2\/comments?post=8112"}],"version-history":[{"count":2,"href":"https:\/\/amplitudmodulada.com.ar\/index.php\/wp-json\/wp\/v2\/pages\/8112\/revisions"}],"predecessor-version":[{"id":8115,"href":"https:\/\/amplitudmodulada.com.ar\/index.php\/wp-json\/wp\/v2\/pages\/8112\/revisions\/8115"}],"wp:attachment":[{"href":"https:\/\/amplitudmodulada.com.ar\/index.php\/wp-json\/wp\/v2\/media?parent=8112"}],"curies":[{"name":"wp","href":"https:\/\/api.w.org\/{rel}","templated":true}]}}

LV12 Radio Independencia estará presente en la Expo Láctea del Norte 2025

<figure class="wp-block-image size-full"><img loading="lazy" decoding="async" width="141" height="80" src="http://amplitudmodulada.com.ar/wp-content/uploads/2024/03/LV12-e1711152370442.png" alt="" class="wp-image-1367"/></figure>



<p>LV12 Radio Independencia de San Miguel de Tucumán estará presente en la 13º edición de Expo Láctea del Norte, que se realizará el 6 y 7 de junio en la localidad de Trancas, provincia de Tucumán.</p>



<p>La transmisión de Radio Independencia será este viernes y sábado desde las 22.00 y hasta las 4.00 horas.</p>



<p>Organizada de manera conjunta por la Mesa de Lechería de Tucumán y la Municipalidad de Trancas, la Expo Láctea del Norte consiste en dos jornadas de trabajo en la que productores de distintas actividades, como miel y vinos, expondrán sus productos para la degustación y venta.</p>



<p>&#8220;Estamos muy contentos y entusiasmados por poder realizar en conjunto esta décimo tercera edición de la Expo Láctea del Norte, un evento muy importante para nosotros porque no solo fortalece nuestra actividad principal, sino también nuestra identidad e historia&#8221;, señaló Antonio Moreno, intendente de Trancas, en declaraciones a Radio Independencia.</p>



<p>Radio Independencia sale al aire en 590 Khz. y 105.1 Mhz.</p>



<p>Fuente: <a href="http://www.lv12.com.ar" data-type="link" data-id="www.lv12.com.ar" target="_blank" rel="noreferrer noopener">www.lv12.com.ar</a> | San Miguel de Tucumán &#8211; Tucumán | 06.06.25</p>



<p></p>

<p>LV12 Radio Independencia de San Miguel de Tucumán estará presente en la 13º edición de Expo Láctea del Norte, que se realizará el 6 y 7 de junio en la localidad de Trancas, provincia de Tucumán. La transmisión de Radio Independencia será este viernes y sábado desde las 22.00 y hasta las 4.00 horas. Organizada &hellip; <a href="https://amplitudmodulada.com.ar/index.php/noticia13796/" class="more-link">Continuá leyendo <span class="screen-reader-text">LV12 Radio Independencia estará presente en la Expo Láctea del Norte 2025</span></a></p>
