{"id":8138,"date":"2025-08-02T18:51:27","date_gmt":"2025-08-02T21:51:27","guid":{"rendered":"https:\/\/amplitudmodulada.com.ar\/?page_id=8138"},"modified":"2025-08-02T18:57:53","modified_gmt":"2025-08-02T21:57:53","slug":"noticia13800","status":"publish","type":"page","link":"https:\/\/amplitudmodulada.com.ar\/index.php\/noticia13800\/","title":{"rendered":"Cadena 3 estren\u00f3 este lunes su Estudio Federal"},"content":{"rendered":"\n<figure class=\"wp-block-image size-full\"><img loading=\"lazy\" decoding=\"async\" width=\"169\" height=\"55\" src=\"http:\/\/amplitudmodulada.com.ar\/wp-content\/uploads\/2024\/02\/cadena3-e1709142729643.png\" alt=\"\" class=\"wp-image-1072\"\/><\/figure>\n\n\n\n<p>Con una transmisi\u00f3n desde la emblem\u00e1tica Plaza San Mart\u00edn de la ciudad de C\u00f3rdoba, Cadena 3 estren\u00f3 este lunes 9 de junio su Estudio Federal, una unidad satelital m\u00f3vil que lleva la radio y la imagen a cada rinc\u00f3n del pa\u00eds.<\/p>\n\n\n\n<p>Tras su presentaci\u00f3n en Agroactiva, este innovador cami\u00f3n con tr\u00e1iler adaptado lleg\u00f3 a la ciudad de C\u00f3rdoba para transmitir los programas &#8220;Siempre Juntos&#8221; y &#8220;Viva la Radio&#8221;, acompa\u00f1ados de shows musicales en vivo.<\/p>\n\n\n\n<p>Equipado con tecnolog\u00eda satelital de conectividad permanente, este cami\u00f3n funciona como un estudio de radio y audiovisual completamente operativo, dise\u00f1ado para eliminar barreras geogr\u00e1ficas y acercar la voz y la imagen de los eventos m\u00e1s significativos a millones de oyentes y espectadores.<\/p>\n\n\n\n<p>Fuente: <a href=\"http:\/\/www.cadena3.com\" data-type=\"link\" data-id=\"www.cadena3.com\" target=\"_blank\" rel=\"noreferrer noopener\">www.cadena3.com<\/a> | C\u00f3rdoba &#8211; C\u00f3rdoba | 09.06.25<\/p>\n\n\n\n<p><\/p>\n","protected":false},"excerpt":{"rendered":"<p>Con una transmisi\u00f3n desde la emblem\u00e1tica Plaza San Mart\u00edn de la ciudad de C\u00f3rdoba, Cadena 3 estren\u00f3 este lunes 9 de junio su Estudio Federal, una unidad satelital m\u00f3vil que lleva la radio y la imagen a cada rinc\u00f3n del pa\u00eds. Tras su presentaci\u00f3n en Agroactiva, este innovador cami\u00f3n con tr\u00e1iler adaptado lleg\u00f3 a la &hellip; <a href=\"https:\/\/amplitudmodulada.com.ar\/index.php\/noticia13800\/\" class=\"more-link\">Continu\u00e1 leyendo <span class=\"screen-reader-text\">Cadena 3 estren\u00f3 este lunes su Estudio Federal<\/span><\/a><\/p>\n","protected":false},"author":1,"featured_media":0,"parent":0,"menu_order":0,"comment_status":"closed","ping_status":"closed","template":"","meta":{"footnotes":""},"class_list":["post-8138","page","type-page","status-publish","hentry"],"_links":{"self":[{"href":"https:\/\/amplitudmodulada.com.ar\/index.php\/wp-json\/wp\/v2\/pages\/8138","targetHints":{"allow":["GET"]}}],"collection":[{"href":"https:\/\/amplitudmodulada.com.ar\/index.php\/wp-json\/wp\/v2\/pages"}],"about":[{"href":"https:\/\/amplitudmodulada.com.ar\/index.php\/wp-json\/wp\/v2\/types\/page"}],"author":[{"embeddable":true,"href":"https:\/\/amplitudmodulada.com.ar\/index.php\/wp-json\/wp\/v2\/users\/1"}],"replies":[{"embeddable":true,"href":"https:\/\/amplitudmodulada.com.ar\/index.php\/wp-json\/wp\/v2\/comments?post=8138"}],"version-history":[{"count":2,"href":"https:\/\/amplitudmodulada.com.ar\/index.php\/wp-json\/wp\/v2\/pages\/8138\/revisions"}],"predecessor-version":[{"id":8141,"href":"https:\/\/amplitudmodulada.com.ar\/index.php\/wp-json\/wp\/v2\/pages\/8138\/revisions\/8141"}],"wp:attachment":[{"href":"https:\/\/amplitudmodulada.com.ar\/index.php\/wp-json\/wp\/v2\/media?parent=8138"}],"curies":[{"name":"wp","href":"https:\/\/api.w.org\/{rel}","templated":true}]}}

Cadena 3 estrenó este lunes su Estudio Federal

<figure class="wp-block-image size-full"><img loading="lazy" decoding="async" width="169" height="55" src="http://amplitudmodulada.com.ar/wp-content/uploads/2024/02/cadena3-e1709142729643.png" alt="" class="wp-image-1072"/></figure>



<p>Con una transmisión desde la emblemática Plaza San Martín de la ciudad de Córdoba, Cadena 3 estrenó este lunes 9 de junio su Estudio Federal, una unidad satelital móvil que lleva la radio y la imagen a cada rincón del país.</p>



<p>Tras su presentación en Agroactiva, este innovador camión con tráiler adaptado llegó a la ciudad de Córdoba para transmitir los programas &#8220;Siempre Juntos&#8221; y &#8220;Viva la Radio&#8221;, acompañados de shows musicales en vivo.</p>



<p>Equipado con tecnología satelital de conectividad permanente, este camión funciona como un estudio de radio y audiovisual completamente operativo, diseñado para eliminar barreras geográficas y acercar la voz y la imagen de los eventos más significativos a millones de oyentes y espectadores.</p>



<p>Fuente: <a href="http://www.cadena3.com" data-type="link" data-id="www.cadena3.com" target="_blank" rel="noreferrer noopener">www.cadena3.com</a> | Córdoba &#8211; Córdoba | 09.06.25</p>



<p></p>

<p>Con una transmisión desde la emblemática Plaza San Martín de la ciudad de Córdoba, Cadena 3 estrenó este lunes 9 de junio su Estudio Federal, una unidad satelital móvil que lleva la radio y la imagen a cada rincón del país. Tras su presentación en Agroactiva, este innovador camión con tráiler adaptado llegó a la &hellip; <a href="https://amplitudmodulada.com.ar/index.php/noticia13800/" class="more-link">Continuá leyendo <span class="screen-reader-text">Cadena 3 estrenó este lunes su Estudio Federal</span></a></p>
