{"id":8144,"date":"2025-08-04T21:07:00","date_gmt":"2025-08-05T00:07:00","guid":{"rendered":"https:\/\/amplitudmodulada.com.ar\/?page_id=8144"},"modified":"2025-08-06T20:56:10","modified_gmt":"2025-08-06T23:56:10","slug":"noticia13801","status":"publish","type":"page","link":"https:\/\/amplitudmodulada.com.ar\/index.php\/noticia13801\/","title":{"rendered":"Gustavo Sylvestre: &#8220;El periodismo se debe una autocr\u00edtica, se perdi\u00f3 el respeto al micr\u00f3fono&#8221;"},"content":{"rendered":"\n<figure class=\"wp-block-image size-full\"><img loading=\"lazy\" decoding=\"async\" width=\"126\" height=\"80\" src=\"http:\/\/amplitudmodulada.com.ar\/wp-content\/uploads\/2024\/01\/710-e1704587121920.png\" alt=\"\" class=\"wp-image-122\"\/><\/figure>\n\n\n\n<p>En el marco del D\u00eda del Periodista, Gustavo Sylvestre formul\u00f3 este s\u00e1bado un an\u00e1lisis de la coyuntura de la profesi\u00f3n. &#8220;El periodismo se debe una autocr\u00edtica, se perdi\u00f3 el respeto al micr\u00f3fono&#8221;, indic\u00f3 el periodista.<\/p>\n\n\n\n<p>En una visita a los estudios de la emisora de Frecuencia Modulada El Cordillerano Radio de San Carlos de Bariloche, Gustavo Sylvestre, nacido en Concepci\u00f3n del Uruguay, se reconoci\u00f3 como un periodista del interior, que no olvida sus ra\u00edces.<\/p>\n\n\n\n<p>En otro orden de cosas, el periodista de LRL202 Radio 10 asegur\u00f3 que la labor period\u00edstica cambi\u00f3 con las redes sociales y asegur\u00f3 que estas &#8220;no son confiables, se han transformado en una cloaca y cualquiera puede opinar sin responsabilidad&#8221;.<\/p>\n\n\n\n<p>&#8220;El periodismo perdi\u00f3 el respeto al micr\u00f3fono, a la c\u00e1mara y al oyente. La profesi\u00f3n se debe una autocr\u00edtica, porque esto del periodismo militante lo fue pudriendo&#8221;, asegur\u00f3,<\/p>\n\n\n\n<p>Gustavo Sylvestre conduce en Radio 10 el programa &#8220;Ma\u00f1ana Sylvestre&#8221;, que se emite de lunes a viernes de 6.00 a 10.00 horas.<\/p>\n\n\n\n<p>Fuente: <a href=\"http:\/\/www.elcordillerano.com.ar\" data-type=\"link\" data-id=\"www.elcordillerano.com.ar\" target=\"_blank\" rel=\"noreferrer noopener\">www.elcordillerano.com.ar<\/a> | San Carlos de Bariloche &#8211; R\u00edo Negro | 09.06.25<\/p>\n","protected":false},"excerpt":{"rendered":"<p>En el marco del D\u00eda del Periodista, Gustavo Sylvestre formul\u00f3 este s\u00e1bado un an\u00e1lisis de la coyuntura de la profesi\u00f3n. &#8220;El periodismo se debe una autocr\u00edtica, se perdi\u00f3 el respeto al micr\u00f3fono&#8221;, indic\u00f3 el periodista. En una visita a los estudios de la emisora de Frecuencia Modulada El Cordillerano Radio de San Carlos de Bariloche, &hellip; <a href=\"https:\/\/amplitudmodulada.com.ar\/index.php\/noticia13801\/\" class=\"more-link\">Continu\u00e1 leyendo <span class=\"screen-reader-text\">Gustavo Sylvestre: &#8220;El periodismo se debe una autocr\u00edtica, se perdi\u00f3 el respeto al micr\u00f3fono&#8221;<\/span><\/a><\/p>\n","protected":false},"author":1,"featured_media":0,"parent":0,"menu_order":0,"comment_status":"closed","ping_status":"closed","template":"","meta":{"footnotes":""},"class_list":["post-8144","page","type-page","status-publish","hentry"],"_links":{"self":[{"href":"https:\/\/amplitudmodulada.com.ar\/index.php\/wp-json\/wp\/v2\/pages\/8144","targetHints":{"allow":["GET"]}}],"collection":[{"href":"https:\/\/amplitudmodulada.com.ar\/index.php\/wp-json\/wp\/v2\/pages"}],"about":[{"href":"https:\/\/amplitudmodulada.com.ar\/index.php\/wp-json\/wp\/v2\/types\/page"}],"author":[{"embeddable":true,"href":"https:\/\/amplitudmodulada.com.ar\/index.php\/wp-json\/wp\/v2\/users\/1"}],"replies":[{"embeddable":true,"href":"https:\/\/amplitudmodulada.com.ar\/index.php\/wp-json\/wp\/v2\/comments?post=8144"}],"version-history":[{"count":2,"href":"https:\/\/amplitudmodulada.com.ar\/index.php\/wp-json\/wp\/v2\/pages\/8144\/revisions"}],"predecessor-version":[{"id":8147,"href":"https:\/\/amplitudmodulada.com.ar\/index.php\/wp-json\/wp\/v2\/pages\/8144\/revisions\/8147"}],"wp:attachment":[{"href":"https:\/\/amplitudmodulada.com.ar\/index.php\/wp-json\/wp\/v2\/media?parent=8144"}],"curies":[{"name":"wp","href":"https:\/\/api.w.org\/{rel}","templated":true}]}}