{"id":8162,"date":"2025-08-10T11:37:01","date_gmt":"2025-08-10T14:37:01","guid":{"rendered":"https:\/\/amplitudmodulada.com.ar\/?page_id=8162"},"modified":"2025-08-10T11:47:40","modified_gmt":"2025-08-10T14:47:40","slug":"noticia13804","status":"publish","type":"page","link":"https:\/\/amplitudmodulada.com.ar\/index.php\/noticia13804\/","title":{"rendered":"Solo tres grupos de medios participan de las mediciones de audiencia radial en C\u00f3rdoba"},"content":{"rendered":"\n<figure class=\"wp-block-image size-full\"><img loading=\"lazy\" decoding=\"async\" width=\"169\" height=\"55\" src=\"http:\/\/amplitudmodulada.com.ar\/wp-content\/uploads\/2024\/02\/cadena3-e1709142729643.png\" alt=\"\" class=\"wp-image-1072\"\/><\/figure>\n\n\n\n<p>Seg\u00fan destaca este mi\u00e9rcoles 11 de junio el diario Perfil, solo tres grupos de medios formar\u00e1n parte de la mediciones de audiencia radial que la consultora Kantar Ibope Media realiza anualmente en la ciudad de C\u00f3rdoba.<\/p>\n\n\n\n<p>La edici\u00f3n de este a\u00f1o del estudio incorporar\u00e1 distintas novedades, ya que, adem\u00e1s de la escucha tradicional, se incorporar\u00e1n datos de consumo por streaming y plataformas online.<\/p>\n\n\n\n<p>Sin embargo, solo tres grupos empresariales formar\u00e1n parte del estudio: Cadena 3, Mitre C\u00f3rdoba y Grupo Shopping.<\/p>\n\n\n\n<p>Estas compa\u00f1\u00edas concentran la mayor\u00eda de las emisoras que hist\u00f3ricamente ocupan los diez primeros lugares de las mediciones de audiencia, Cadena 3, Radio Popular, Cosqu\u00edn Radio, Radio Mite C\u00f3rdoba, La 100, FM M\u00eda, Shopping Classic, Pobre Johnny, Mansa y CNN Radio.<\/p>\n\n\n\n<p>Uno de los factores que no podr\u00e1 medir este estudio es el posible impacto de la llegada de La Dos, en la frecuencia que ocup\u00f3 hist\u00f3ricamente LV2, y la emisora de Frecuencia Modulada Vida, ambas operadas por el Grupo Televisi\u00f3n Litoral.<\/p>\n\n\n\n<p>Fuente: <a href=\"http:\/\/www.perfil.com\" data-type=\"link\" data-id=\"www.perfil.com\" target=\"_blank\" rel=\"noreferrer noopener\">www.perfil.com<\/a> | Ciudad Aut\u00f3noma de Buenos Aires | 11.06.25<\/p>\n","protected":false},"excerpt":{"rendered":"<p>Seg\u00fan destaca este mi\u00e9rcoles 11 de junio el diario Perfil, solo tres grupos de medios formar\u00e1n parte de la mediciones de audiencia radial que la consultora Kantar Ibope Media realiza anualmente en la ciudad de C\u00f3rdoba. La edici\u00f3n de este a\u00f1o del estudio incorporar\u00e1 distintas novedades, ya que, adem\u00e1s de la escucha tradicional, se incorporar\u00e1n &hellip; <a href=\"https:\/\/amplitudmodulada.com.ar\/index.php\/noticia13804\/\" class=\"more-link\">Continu\u00e1 leyendo <span class=\"screen-reader-text\">Solo tres grupos de medios participan de las mediciones de audiencia radial en C\u00f3rdoba<\/span><\/a><\/p>\n","protected":false},"author":1,"featured_media":0,"parent":0,"menu_order":0,"comment_status":"closed","ping_status":"closed","template":"","meta":{"footnotes":""},"class_list":["post-8162","page","type-page","status-publish","hentry"],"_links":{"self":[{"href":"https:\/\/amplitudmodulada.com.ar\/index.php\/wp-json\/wp\/v2\/pages\/8162","targetHints":{"allow":["GET"]}}],"collection":[{"href":"https:\/\/amplitudmodulada.com.ar\/index.php\/wp-json\/wp\/v2\/pages"}],"about":[{"href":"https:\/\/amplitudmodulada.com.ar\/index.php\/wp-json\/wp\/v2\/types\/page"}],"author":[{"embeddable":true,"href":"https:\/\/amplitudmodulada.com.ar\/index.php\/wp-json\/wp\/v2\/users\/1"}],"replies":[{"embeddable":true,"href":"https:\/\/amplitudmodulada.com.ar\/index.php\/wp-json\/wp\/v2\/comments?post=8162"}],"version-history":[{"count":3,"href":"https:\/\/amplitudmodulada.com.ar\/index.php\/wp-json\/wp\/v2\/pages\/8162\/revisions"}],"predecessor-version":[{"id":8167,"href":"https:\/\/amplitudmodulada.com.ar\/index.php\/wp-json\/wp\/v2\/pages\/8162\/revisions\/8167"}],"wp:attachment":[{"href":"https:\/\/amplitudmodulada.com.ar\/index.php\/wp-json\/wp\/v2\/media?parent=8162"}],"curies":[{"name":"wp","href":"https:\/\/api.w.org\/{rel}","templated":true}]}}

Solo tres grupos de medios participan de las mediciones de audiencia radial en Córdoba

<figure class="wp-block-image size-full"><img loading="lazy" decoding="async" width="169" height="55" src="http://amplitudmodulada.com.ar/wp-content/uploads/2024/02/cadena3-e1709142729643.png" alt="" class="wp-image-1072"/></figure>



<p>Según destaca este miércoles 11 de junio el diario Perfil, solo tres grupos de medios formarán parte de la mediciones de audiencia radial que la consultora Kantar Ibope Media realiza anualmente en la ciudad de Córdoba.</p>



<p>La edición de este año del estudio incorporará distintas novedades, ya que, además de la escucha tradicional, se incorporarán datos de consumo por streaming y plataformas online.</p>



<p>Sin embargo, solo tres grupos empresariales formarán parte del estudio: Cadena 3, Mitre Córdoba y Grupo Shopping.</p>



<p>Estas compañías concentran la mayoría de las emisoras que históricamente ocupan los diez primeros lugares de las mediciones de audiencia, Cadena 3, Radio Popular, Cosquín Radio, Radio Mite Córdoba, La 100, FM Mía, Shopping Classic, Pobre Johnny, Mansa y CNN Radio.</p>



<p>Uno de los factores que no podrá medir este estudio es el posible impacto de la llegada de La Dos, en la frecuencia que ocupó históricamente LV2, y la emisora de Frecuencia Modulada Vida, ambas operadas por el Grupo Televisión Litoral.</p>



<p>Fuente: <a href="http://www.perfil.com" data-type="link" data-id="www.perfil.com" target="_blank" rel="noreferrer noopener">www.perfil.com</a> | Ciudad Autónoma de Buenos Aires | 11.06.25</p>

<p>Según destaca este miércoles 11 de junio el diario Perfil, solo tres grupos de medios formarán parte de la mediciones de audiencia radial que la consultora Kantar Ibope Media realiza anualmente en la ciudad de Córdoba. La edición de este año del estudio incorporará distintas novedades, ya que, además de la escucha tradicional, se incorporarán &hellip; <a href="https://amplitudmodulada.com.ar/index.php/noticia13804/" class="more-link">Continuá leyendo <span class="screen-reader-text">Solo tres grupos de medios participan de las mediciones de audiencia radial en Córdoba</span></a></p>
