{"id":8193,"date":"2025-08-11T17:31:29","date_gmt":"2025-08-11T20:31:29","guid":{"rendered":"https:\/\/amplitudmodulada.com.ar\/?page_id=8193"},"modified":"2025-08-11T17:38:41","modified_gmt":"2025-08-11T20:38:41","slug":"noticia13808","status":"publish","type":"page","link":"https:\/\/amplitudmodulada.com.ar\/index.php\/noticia13808\/","title":{"rendered":"Qued\u00f3 confirmado que Fernando Subirats ser\u00e1 el nuevo director de Radio Nacional"},"content":{"rendered":"\n<figure class=\"wp-block-image size-full\"><img loading=\"lazy\" decoding=\"async\" width=\"110\" height=\"110\" src=\"http:\/\/amplitudmodulada.com.ar\/wp-content\/uploads\/2024\/10\/LRA-e1728000015658.jpg\" alt=\"\" class=\"wp-image-4179\"\/><\/figure>\n\n\n\n<p>Tras el alejamiento de H\u00e9ctor Cavallero, qued\u00f3 confirmado este viernes que el periodista, productor y docente universitario Fernando Subirats ser\u00e1 el nuevo director de Radio Nacional.<\/p>\n\n\n\n<p>Con una extensa trayectoria en distintos medios de comunicaci\u00f3n, Fernando Subirats  ya hab\u00eda ocupado ese cargo durante la gesti\u00f3n de Mauricio Macri.<\/p>\n\n\n\n<p>Desde enero de 2019, el pr\u00f3ximo director de Radio Nacional se desempe\u00f1aba como gerente Period\u00edstico de Alpha Media Group, compa\u00f1\u00eda que opera, entre otros medios, LS5 Radio Rivadavia, LR4 Radio Splendid y las emisoras de Frecuencia Modulada Rock &amp; Pop, Metro y Blue.<\/p>\n\n\n\n<p>Adem\u00e1s, desde diciembre de 2019 hasta febrero de 2024, fue gerente de Contenidos y Programaci\u00f3n de Radio Rivadavia. <\/p>\n\n\n\n<p>Fuente: <a href=\"http:\/\/www.lanacion.com.ar\" data-type=\"link\" data-id=\"www.lanacion.com.ar\" target=\"_blank\" rel=\"noreferrer noopener\">www.lanacion.com.ar<\/a> | Ciudad Aut\u00f3noma de Buenos Aires | 13.06.25<\/p>\n","protected":false},"excerpt":{"rendered":"<p>Tras el alejamiento de H\u00e9ctor Cavallero, qued\u00f3 confirmado este viernes que el periodista, productor y docente universitario Fernando Subirats ser\u00e1 el nuevo director de Radio Nacional. Con una extensa trayectoria en distintos medios de comunicaci\u00f3n, Fernando Subirats ya hab\u00eda ocupado ese cargo durante la gesti\u00f3n de Mauricio Macri. Desde enero de 2019, el pr\u00f3ximo director &hellip; <a href=\"https:\/\/amplitudmodulada.com.ar\/index.php\/noticia13808\/\" class=\"more-link\">Continu\u00e1 leyendo <span class=\"screen-reader-text\">Qued\u00f3 confirmado que Fernando Subirats ser\u00e1 el nuevo director de Radio Nacional<\/span><\/a><\/p>\n","protected":false},"author":1,"featured_media":0,"parent":0,"menu_order":0,"comment_status":"closed","ping_status":"closed","template":"","meta":{"footnotes":""},"class_list":["post-8193","page","type-page","status-publish","hentry"],"_links":{"self":[{"href":"https:\/\/amplitudmodulada.com.ar\/index.php\/wp-json\/wp\/v2\/pages\/8193","targetHints":{"allow":["GET"]}}],"collection":[{"href":"https:\/\/amplitudmodulada.com.ar\/index.php\/wp-json\/wp\/v2\/pages"}],"about":[{"href":"https:\/\/amplitudmodulada.com.ar\/index.php\/wp-json\/wp\/v2\/types\/page"}],"author":[{"embeddable":true,"href":"https:\/\/amplitudmodulada.com.ar\/index.php\/wp-json\/wp\/v2\/users\/1"}],"replies":[{"embeddable":true,"href":"https:\/\/amplitudmodulada.com.ar\/index.php\/wp-json\/wp\/v2\/comments?post=8193"}],"version-history":[{"count":3,"href":"https:\/\/amplitudmodulada.com.ar\/index.php\/wp-json\/wp\/v2\/pages\/8193\/revisions"}],"predecessor-version":[{"id":8197,"href":"https:\/\/amplitudmodulada.com.ar\/index.php\/wp-json\/wp\/v2\/pages\/8193\/revisions\/8197"}],"wp:attachment":[{"href":"https:\/\/amplitudmodulada.com.ar\/index.php\/wp-json\/wp\/v2\/media?parent=8193"}],"curies":[{"name":"wp","href":"https:\/\/api.w.org\/{rel}","templated":true}]}}

Quedó confirmado que Fernando Subirats será el nuevo director de Radio Nacional

<figure class="wp-block-image size-full"><img loading="lazy" decoding="async" width="110" height="110" src="http://amplitudmodulada.com.ar/wp-content/uploads/2024/10/LRA-e1728000015658.jpg" alt="" class="wp-image-4179"/></figure>



<p>Tras el alejamiento de Héctor Cavallero, quedó confirmado este viernes que el periodista, productor y docente universitario Fernando Subirats será el nuevo director de Radio Nacional.</p>



<p>Con una extensa trayectoria en distintos medios de comunicación, Fernando Subirats  ya había ocupado ese cargo durante la gestión de Mauricio Macri.</p>



<p>Desde enero de 2019, el próximo director de Radio Nacional se desempeñaba como gerente Periodístico de Alpha Media Group, compañía que opera, entre otros medios, LS5 Radio Rivadavia, LR4 Radio Splendid y las emisoras de Frecuencia Modulada Rock &amp; Pop, Metro y Blue.</p>



<p>Además, desde diciembre de 2019 hasta febrero de 2024, fue gerente de Contenidos y Programación de Radio Rivadavia. </p>



<p>Fuente: <a href="http://www.lanacion.com.ar" data-type="link" data-id="www.lanacion.com.ar" target="_blank" rel="noreferrer noopener">www.lanacion.com.ar</a> | Ciudad Autónoma de Buenos Aires | 13.06.25</p>

<p>Tras el alejamiento de Héctor Cavallero, quedó confirmado este viernes que el periodista, productor y docente universitario Fernando Subirats será el nuevo director de Radio Nacional. Con una extensa trayectoria en distintos medios de comunicación, Fernando Subirats ya había ocupado ese cargo durante la gestión de Mauricio Macri. Desde enero de 2019, el próximo director &hellip; <a href="https://amplitudmodulada.com.ar/index.php/noticia13808/" class="more-link">Continuá leyendo <span class="screen-reader-text">Quedó confirmado que Fernando Subirats será el nuevo director de Radio Nacional</span></a></p>
