{"id":8226,"date":"2025-08-13T08:10:41","date_gmt":"2025-08-13T11:10:41","guid":{"rendered":"https:\/\/amplitudmodulada.com.ar\/?page_id=8226"},"modified":"2025-08-13T08:24:03","modified_gmt":"2025-08-13T11:24:03","slug":"noticia13812","status":"publish","type":"page","link":"https:\/\/amplitudmodulada.com.ar\/index.php\/noticia13812\/","title":{"rendered":"Colocan un pasacalle con agravios a la periodista Guadalupe V\u00e1zquez"},"content":{"rendered":"\n<figure class=\"wp-block-image size-full\"><img loading=\"lazy\" decoding=\"async\" width=\"174\" height=\"60\" src=\"http:\/\/amplitudmodulada.com.ar\/wp-content\/uploads\/2024\/01\/630-e1704586384620.png\" alt=\"\" class=\"wp-image-115\"\/><\/figure>\n\n\n\n<p>En la madrugada de este martes 17 de junio, apareci\u00f3 en el frente del edificio de los estudios de LS5 Radio Rivadavia un pasacalle con agravios a la periodista de esa emisora Guadalupe V\u00e1zquez.<\/p>\n\n\n\n<p>Adem\u00e1s, en la misma zona aparecieron decenas de panfletos con insultos dirigidos a la misma periodista.<\/p>\n\n\n\n<p>&#8220;Guadalupe V\u00e1zquez. Mascota de (H\u00e9ctor) Magneto. No jodan con Cristina&#8221;, se le\u00eda en la bandera colocada en la esquina de Freire y Palpa, a escasos metros de la sede de Radio Rivadavia.<\/p>\n\n\n\n<p>Este episodio se suma a las pintadas aparecidas en la ma\u00f1ana de este s\u00e1bado en la fachada del edificio de la emisora y en la que se repet\u00edan frases del mismo tenor y alud\u00edan, en este caso, al periodista Jonatan Viale.<\/p>\n\n\n\n<p>17.06.25<\/p>\n","protected":false},"excerpt":{"rendered":"<p>En la madrugada de este martes 17 de junio, apareci\u00f3 en el frente del edificio de los estudios de LS5 Radio Rivadavia un pasacalle con agravios a la periodista de esa emisora Guadalupe V\u00e1zquez. Adem\u00e1s, en la misma zona aparecieron decenas de panfletos con insultos dirigidos a la misma periodista. &#8220;Guadalupe V\u00e1zquez. Mascota de (H\u00e9ctor) &hellip; <a href=\"https:\/\/amplitudmodulada.com.ar\/index.php\/noticia13812\/\" class=\"more-link\">Continu\u00e1 leyendo <span class=\"screen-reader-text\">Colocan un pasacalle con agravios a la periodista Guadalupe V\u00e1zquez<\/span><\/a><\/p>\n","protected":false},"author":1,"featured_media":0,"parent":0,"menu_order":0,"comment_status":"closed","ping_status":"closed","template":"","meta":{"footnotes":""},"class_list":["post-8226","page","type-page","status-publish","hentry"],"_links":{"self":[{"href":"https:\/\/amplitudmodulada.com.ar\/index.php\/wp-json\/wp\/v2\/pages\/8226","targetHints":{"allow":["GET"]}}],"collection":[{"href":"https:\/\/amplitudmodulada.com.ar\/index.php\/wp-json\/wp\/v2\/pages"}],"about":[{"href":"https:\/\/amplitudmodulada.com.ar\/index.php\/wp-json\/wp\/v2\/types\/page"}],"author":[{"embeddable":true,"href":"https:\/\/amplitudmodulada.com.ar\/index.php\/wp-json\/wp\/v2\/users\/1"}],"replies":[{"embeddable":true,"href":"https:\/\/amplitudmodulada.com.ar\/index.php\/wp-json\/wp\/v2\/comments?post=8226"}],"version-history":[{"count":2,"href":"https:\/\/amplitudmodulada.com.ar\/index.php\/wp-json\/wp\/v2\/pages\/8226\/revisions"}],"predecessor-version":[{"id":8229,"href":"https:\/\/amplitudmodulada.com.ar\/index.php\/wp-json\/wp\/v2\/pages\/8226\/revisions\/8229"}],"wp:attachment":[{"href":"https:\/\/amplitudmodulada.com.ar\/index.php\/wp-json\/wp\/v2\/media?parent=8226"}],"curies":[{"name":"wp","href":"https:\/\/api.w.org\/{rel}","templated":true}]}}

Colocan un pasacalle con agravios a la periodista Guadalupe Vázquez

<figure class="wp-block-image size-full"><img loading="lazy" decoding="async" width="174" height="60" src="http://amplitudmodulada.com.ar/wp-content/uploads/2024/01/630-e1704586384620.png" alt="" class="wp-image-115"/></figure>



<p>En la madrugada de este martes 17 de junio, apareció en el frente del edificio de los estudios de LS5 Radio Rivadavia un pasacalle con agravios a la periodista de esa emisora Guadalupe Vázquez.</p>



<p>Además, en la misma zona aparecieron decenas de panfletos con insultos dirigidos a la misma periodista.</p>



<p>&#8220;Guadalupe Vázquez. Mascota de (Héctor) Magneto. No jodan con Cristina&#8221;, se leía en la bandera colocada en la esquina de Freire y Palpa, a escasos metros de la sede de Radio Rivadavia.</p>



<p>Este episodio se suma a las pintadas aparecidas en la mañana de este sábado en la fachada del edificio de la emisora y en la que se repetían frases del mismo tenor y aludían, en este caso, al periodista Jonatan Viale.</p>



<p>17.06.25</p>

<p>En la madrugada de este martes 17 de junio, apareció en el frente del edificio de los estudios de LS5 Radio Rivadavia un pasacalle con agravios a la periodista de esa emisora Guadalupe Vázquez. Además, en la misma zona aparecieron decenas de panfletos con insultos dirigidos a la misma periodista. &#8220;Guadalupe Vázquez. Mascota de (Héctor) &hellip; <a href="https://amplitudmodulada.com.ar/index.php/noticia13812/" class="more-link">Continuá leyendo <span class="screen-reader-text">Colocan un pasacalle con agravios a la periodista Guadalupe Vázquez</span></a></p>
