{"id":8322,"date":"2025-08-24T14:26:31","date_gmt":"2025-08-24T17:26:31","guid":{"rendered":"https:\/\/amplitudmodulada.com.ar\/?page_id=8322"},"modified":"2025-08-24T21:25:48","modified_gmt":"2025-08-25T00:25:48","slug":"noticia13826","status":"publish","type":"page","link":"https:\/\/amplitudmodulada.com.ar\/index.php\/noticia13826\/","title":{"rendered":"La Universidad Nacional de C\u00f3rdoba lanza la columna radial &#8220;Ciencia en Acci\u00f3n&#8221;"},"content":{"rendered":"\n<figure class=\"wp-block-image size-full\"><img loading=\"lazy\" decoding=\"async\" width=\"169\" height=\"55\" src=\"http:\/\/amplitudmodulada.com.ar\/wp-content\/uploads\/2024\/02\/cadena3-e1709142729643.png\" alt=\"\" class=\"wp-image-1072\"\/><\/figure>\n\n\n\n<p>Este mi\u00e9rcoles 11 de septiembre, la Universidad Nacional de C\u00f3rdoba concretar\u00e1 el lanzamiento institucional de &#8220;Ciencia en Acci\u00f3n&#8221;, una columna radial que se emitir\u00e1 por Cadena 3.<\/p>\n\n\n\n<p>&#8220;Ciencia en Acci\u00f3n&#8221; saldr\u00e1 al aire todos los mi\u00e9rcoles y en dicho segmento se presentar\u00e1n a la comunidad proyectos innovadores de la Universidad Nacional de C\u00f3rdoba.<\/p>\n\n\n\n<p>La columna del 11 de septiembre contar\u00e1 con la presencia del rector de esta casa de estudios, John Barretto, y de Santiago Palma, secretario de Innovaci\u00f3n y Vinculaci\u00f3n Tecnol\u00f3gica.<\/p>\n\n\n\n<p>Con la conducci\u00f3n de Georgina Monteagudo y Ra\u00fal Monti, &#8220;Viva la Radio&#8221; se emite habitualmente de lunes a viernes de 14.30 a 18.30 horas.<\/p>\n\n\n\n<p>Fuente: <a href=\"http:\/\/www.unc.edu.ar\" data-type=\"link\" data-id=\"www.unc.edu.ar\" target=\"_blank\" rel=\"noreferrer noopener\">www.unc.edu.ar<\/a> | C\u00f3rdoba &#8211; C\u00f3rdoba | 26.06.25<\/p>\n","protected":false},"excerpt":{"rendered":"<p>Este mi\u00e9rcoles 11 de septiembre, la Universidad Nacional de C\u00f3rdoba concretar\u00e1 el lanzamiento institucional de &#8220;Ciencia en Acci\u00f3n&#8221;, una columna radial que se emitir\u00e1 por Cadena 3. &#8220;Ciencia en Acci\u00f3n&#8221; saldr\u00e1 al aire todos los mi\u00e9rcoles y en dicho segmento se presentar\u00e1n a la comunidad proyectos innovadores de la Universidad Nacional de C\u00f3rdoba. La columna &hellip; <a href=\"https:\/\/amplitudmodulada.com.ar\/index.php\/noticia13826\/\" class=\"more-link\">Continu\u00e1 leyendo <span class=\"screen-reader-text\">La Universidad Nacional de C\u00f3rdoba lanza la columna radial &#8220;Ciencia en Acci\u00f3n&#8221;<\/span><\/a><\/p>\n","protected":false},"author":1,"featured_media":0,"parent":0,"menu_order":0,"comment_status":"closed","ping_status":"closed","template":"","meta":{"footnotes":""},"class_list":["post-8322","page","type-page","status-publish","hentry"],"_links":{"self":[{"href":"https:\/\/amplitudmodulada.com.ar\/index.php\/wp-json\/wp\/v2\/pages\/8322","targetHints":{"allow":["GET"]}}],"collection":[{"href":"https:\/\/amplitudmodulada.com.ar\/index.php\/wp-json\/wp\/v2\/pages"}],"about":[{"href":"https:\/\/amplitudmodulada.com.ar\/index.php\/wp-json\/wp\/v2\/types\/page"}],"author":[{"embeddable":true,"href":"https:\/\/amplitudmodulada.com.ar\/index.php\/wp-json\/wp\/v2\/users\/1"}],"replies":[{"embeddable":true,"href":"https:\/\/amplitudmodulada.com.ar\/index.php\/wp-json\/wp\/v2\/comments?post=8322"}],"version-history":[{"count":4,"href":"https:\/\/amplitudmodulada.com.ar\/index.php\/wp-json\/wp\/v2\/pages\/8322\/revisions"}],"predecessor-version":[{"id":8327,"href":"https:\/\/amplitudmodulada.com.ar\/index.php\/wp-json\/wp\/v2\/pages\/8322\/revisions\/8327"}],"wp:attachment":[{"href":"https:\/\/amplitudmodulada.com.ar\/index.php\/wp-json\/wp\/v2\/media?parent=8322"}],"curies":[{"name":"wp","href":"https:\/\/api.w.org\/{rel}","templated":true}]}}

La Universidad Nacional de Córdoba lanza la columna radial &#8220;Ciencia en Acción&#8221;

<figure class="wp-block-image size-full"><img loading="lazy" decoding="async" width="169" height="55" src="http://amplitudmodulada.com.ar/wp-content/uploads/2024/02/cadena3-e1709142729643.png" alt="" class="wp-image-1072"/></figure>



<p>Este miércoles 11 de septiembre, la Universidad Nacional de Córdoba concretará el lanzamiento institucional de &#8220;Ciencia en Acción&#8221;, una columna radial que se emitirá por Cadena 3.</p>



<p>&#8220;Ciencia en Acción&#8221; saldrá al aire todos los miércoles y en dicho segmento se presentarán a la comunidad proyectos innovadores de la Universidad Nacional de Córdoba.</p>



<p>La columna del 11 de septiembre contará con la presencia del rector de esta casa de estudios, John Barretto, y de Santiago Palma, secretario de Innovación y Vinculación Tecnológica.</p>



<p>Con la conducción de Georgina Monteagudo y Raúl Monti, &#8220;Viva la Radio&#8221; se emite habitualmente de lunes a viernes de 14.30 a 18.30 horas.</p>



<p>Fuente: <a href="http://www.unc.edu.ar" data-type="link" data-id="www.unc.edu.ar" target="_blank" rel="noreferrer noopener">www.unc.edu.ar</a> | Córdoba &#8211; Córdoba | 26.06.25</p>

<p>Este miércoles 11 de septiembre, la Universidad Nacional de Córdoba concretará el lanzamiento institucional de &#8220;Ciencia en Acción&#8221;, una columna radial que se emitirá por Cadena 3. &#8220;Ciencia en Acción&#8221; saldrá al aire todos los miércoles y en dicho segmento se presentarán a la comunidad proyectos innovadores de la Universidad Nacional de Córdoba. La columna &hellip; <a href="https://amplitudmodulada.com.ar/index.php/noticia13826/" class="more-link">Continuá leyendo <span class="screen-reader-text">La Universidad Nacional de Córdoba lanza la columna radial &#8220;Ciencia en Acción&#8221;</span></a></p>
