{"id":8330,"date":"2025-08-25T21:01:06","date_gmt":"2025-08-26T00:01:06","guid":{"rendered":"https:\/\/amplitudmodulada.com.ar\/?page_id=8330"},"modified":"2025-08-25T21:12:11","modified_gmt":"2025-08-26T00:12:11","slug":"noticia13827","status":"publish","type":"page","link":"https:\/\/amplitudmodulada.com.ar\/index.php\/noticia13827\/","title":{"rendered":"AM 750 celebra su 15\u00ba aniversario junto a sus oyentes"},"content":{"rendered":"\n<figure class=\"wp-block-image size-full is-style-rounded\"><img loading=\"lazy\" decoding=\"async\" width=\"144\" height=\"75\" src=\"http:\/\/amplitudmodulada.com.ar\/wp-content\/uploads\/2024\/01\/750-e1705525955651.jpg\" alt=\"\" class=\"wp-image-348\"\/><\/figure>\n\n\n\n<p>LRL203 AM 750 celebrar\u00e1 este viernes 27 de junio el decimoquinto aniversario de su primera emisi\u00f3n juntos a sus oyentes.<\/p>\n\n\n\n<p>La cita es partir del mediod\u00eda en las puertas de la sede de la emisora, ubicada en la calle Emilio Ravignani 1732, del barrio de Palermo.<\/p>\n\n\n\n<p>Desde las 13.00 horas, se har\u00e1n presentes los locutores, conductores y periodistas que acompa\u00f1an cada d\u00eda a los oyentes de AM 750, entre ellos, Pancho Mu\u00f1oz, Cynthia Garc\u00eda, V\u00edctor Hugo Morales, Tom\u00e1s M\u00e9ndez, Nora Veiras, Diego Brancatelli y Alejandro Dolina.<\/p>\n\n\n\n<p>Durante la celebraci\u00f3n habr\u00e1 una torta de cumplea\u00f1os para compartir, la exhibici\u00f3n de placas conmemorativas y sorteos y premios para los oyentes.<\/p>\n\n\n\n<p>AM 750 comenz\u00f3 a emitir en 2010 con una programaci\u00f3n que hac\u00eda foco en la cultura y la m\u00fasica, influencia evidente de la casa que la albergaba en sus or\u00edgenes: el Centro Cultural Caras y Caretas, ubicado en el barrio de San Telmo.<\/p>\n\n\n\n<p>Sin embargo, muy pronto incorpor\u00f3 los temas de la agenda social y cultural del pa\u00eds y la ciudad, fruto de su cercan\u00eda con otro medio del Grupo Octubre, el diario P\u00e1gina|12.<\/p>\n\n\n\n<p>Fuente: <a href=\"http:\/\/www.pagina12.com.ar\" data-type=\"link\" data-id=\"www.pagina12.com.ar\" target=\"_blank\" rel=\"noreferrer noopener\">www.pagina12.com.ar<\/a> | Ciudad Aut\u00f3noma de Buenos Aires | 27.06.25<\/p>\n","protected":false},"excerpt":{"rendered":"<p>LRL203 AM 750 celebrar\u00e1 este viernes 27 de junio el decimoquinto aniversario de su primera emisi\u00f3n juntos a sus oyentes. La cita es partir del mediod\u00eda en las puertas de la sede de la emisora, ubicada en la calle Emilio Ravignani 1732, del barrio de Palermo. Desde las 13.00 horas, se har\u00e1n presentes los locutores, &hellip; <a href=\"https:\/\/amplitudmodulada.com.ar\/index.php\/noticia13827\/\" class=\"more-link\">Continu\u00e1 leyendo <span class=\"screen-reader-text\">AM 750 celebra su 15\u00ba aniversario junto a sus oyentes<\/span><\/a><\/p>\n","protected":false},"author":1,"featured_media":0,"parent":0,"menu_order":0,"comment_status":"closed","ping_status":"closed","template":"","meta":{"footnotes":""},"class_list":["post-8330","page","type-page","status-publish","hentry"],"_links":{"self":[{"href":"https:\/\/amplitudmodulada.com.ar\/index.php\/wp-json\/wp\/v2\/pages\/8330","targetHints":{"allow":["GET"]}}],"collection":[{"href":"https:\/\/amplitudmodulada.com.ar\/index.php\/wp-json\/wp\/v2\/pages"}],"about":[{"href":"https:\/\/amplitudmodulada.com.ar\/index.php\/wp-json\/wp\/v2\/types\/page"}],"author":[{"embeddable":true,"href":"https:\/\/amplitudmodulada.com.ar\/index.php\/wp-json\/wp\/v2\/users\/1"}],"replies":[{"embeddable":true,"href":"https:\/\/amplitudmodulada.com.ar\/index.php\/wp-json\/wp\/v2\/comments?post=8330"}],"version-history":[{"count":3,"href":"https:\/\/amplitudmodulada.com.ar\/index.php\/wp-json\/wp\/v2\/pages\/8330\/revisions"}],"predecessor-version":[{"id":8335,"href":"https:\/\/amplitudmodulada.com.ar\/index.php\/wp-json\/wp\/v2\/pages\/8330\/revisions\/8335"}],"wp:attachment":[{"href":"https:\/\/amplitudmodulada.com.ar\/index.php\/wp-json\/wp\/v2\/media?parent=8330"}],"curies":[{"name":"wp","href":"https:\/\/api.w.org\/{rel}","templated":true}]}}