{"id":8378,"date":"2025-08-28T20:32:53","date_gmt":"2025-08-28T23:32:53","guid":{"rendered":"https:\/\/amplitudmodulada.com.ar\/?page_id=8378"},"modified":"2025-08-28T20:46:01","modified_gmt":"2025-08-28T23:46:01","slug":"noticia13832","status":"publish","type":"page","link":"https:\/\/amplitudmodulada.com.ar\/index.php\/noticia13832\/","title":{"rendered":"Trabajadores de LT11 realizar\u00e1n este jueves una jornada de protesta"},"content":{"rendered":"\n<figure class=\"wp-block-image size-full\"><img loading=\"lazy\" decoding=\"async\" width=\"153\" height=\"100\" src=\"http:\/\/amplitudmodulada.com.ar\/wp-content\/uploads\/2024\/03\/LT11-e1711215099430.png\" alt=\"\" class=\"wp-image-1380\"\/><\/figure>\n\n\n\n<p>Trabajadores de LT11 Radio Nacional General Francisco Ram\u00edrez de Concepci\u00f3n del Uruguay llevar\u00e1n a cabo este jueves una jornada de protesta en la puerta de la emisora para visibilizar distintos reclamos que vienen realizando en los \u00faltimos meses.<\/p>\n\n\n\n<p>La movilizaci\u00f3n se llevar\u00e1 a cabo a partir de las 12.00 horas y se concretar\u00e1 en el marco del D\u00eda del Locutor, que se celebra este 3 de julio.<\/p>\n\n\n\n<p>Los trabajadores de LT11 denuncian que sus salarios se encuentran congelados desde hace un a\u00f1o, que se sigue avanzando contra la programaci\u00f3n local y regional y, adem\u00e1s, que la emisora lleva m\u00e1s de un a\u00f1o sin salir al aire a trav\u00e9s de la Amplitud Modulada.<\/p>\n\n\n\n<p>En ese contexto, los trabajadores de la emisora de Concepci\u00f3n del Uruguay se concentrar\u00e1n en la puerta de la radio, donde colocar\u00e1n parlantes, explicar\u00e1n la situaci\u00f3n a oyentes y vecinos y repartir\u00e1n volantes.<\/p>\n\n\n\n<p>Fuente: <a href=\"http:\/\/www.lapiramide.net\" data-type=\"link\" data-id=\"www.lapiramide.net\" target=\"_blank\" rel=\"noreferrer noopener\">www.lapiramide.net<\/a> | Concepci\u00f3n del Uruguay &#8211; Entre R\u00edos | 30.06.25<\/p>\n","protected":false},"excerpt":{"rendered":"<p>Trabajadores de LT11 Radio Nacional General Francisco Ram\u00edrez de Concepci\u00f3n del Uruguay llevar\u00e1n a cabo este jueves una jornada de protesta en la puerta de la emisora para visibilizar distintos reclamos que vienen realizando en los \u00faltimos meses. La movilizaci\u00f3n se llevar\u00e1 a cabo a partir de las 12.00 horas y se concretar\u00e1 en el &hellip; <a href=\"https:\/\/amplitudmodulada.com.ar\/index.php\/noticia13832\/\" class=\"more-link\">Continu\u00e1 leyendo <span class=\"screen-reader-text\">Trabajadores de LT11 realizar\u00e1n este jueves una jornada de protesta<\/span><\/a><\/p>\n","protected":false},"author":1,"featured_media":0,"parent":0,"menu_order":0,"comment_status":"closed","ping_status":"closed","template":"","meta":{"footnotes":""},"class_list":["post-8378","page","type-page","status-publish","hentry"],"_links":{"self":[{"href":"https:\/\/amplitudmodulada.com.ar\/index.php\/wp-json\/wp\/v2\/pages\/8378","targetHints":{"allow":["GET"]}}],"collection":[{"href":"https:\/\/amplitudmodulada.com.ar\/index.php\/wp-json\/wp\/v2\/pages"}],"about":[{"href":"https:\/\/amplitudmodulada.com.ar\/index.php\/wp-json\/wp\/v2\/types\/page"}],"author":[{"embeddable":true,"href":"https:\/\/amplitudmodulada.com.ar\/index.php\/wp-json\/wp\/v2\/users\/1"}],"replies":[{"embeddable":true,"href":"https:\/\/amplitudmodulada.com.ar\/index.php\/wp-json\/wp\/v2\/comments?post=8378"}],"version-history":[{"count":3,"href":"https:\/\/amplitudmodulada.com.ar\/index.php\/wp-json\/wp\/v2\/pages\/8378\/revisions"}],"predecessor-version":[{"id":8383,"href":"https:\/\/amplitudmodulada.com.ar\/index.php\/wp-json\/wp\/v2\/pages\/8378\/revisions\/8383"}],"wp:attachment":[{"href":"https:\/\/amplitudmodulada.com.ar\/index.php\/wp-json\/wp\/v2\/media?parent=8378"}],"curies":[{"name":"wp","href":"https:\/\/api.w.org\/{rel}","templated":true}]}}

Trabajadores de LT11 realizarán este jueves una jornada de protesta

<figure class="wp-block-image size-full"><img loading="lazy" decoding="async" width="153" height="100" src="http://amplitudmodulada.com.ar/wp-content/uploads/2024/03/LT11-e1711215099430.png" alt="" class="wp-image-1380"/></figure>



<p>Trabajadores de LT11 Radio Nacional General Francisco Ramírez de Concepción del Uruguay llevarán a cabo este jueves una jornada de protesta en la puerta de la emisora para visibilizar distintos reclamos que vienen realizando en los últimos meses.</p>



<p>La movilización se llevará a cabo a partir de las 12.00 horas y se concretará en el marco del Día del Locutor, que se celebra este 3 de julio.</p>



<p>Los trabajadores de LT11 denuncian que sus salarios se encuentran congelados desde hace un año, que se sigue avanzando contra la programación local y regional y, además, que la emisora lleva más de un año sin salir al aire a través de la Amplitud Modulada.</p>



<p>En ese contexto, los trabajadores de la emisora de Concepción del Uruguay se concentrarán en la puerta de la radio, donde colocarán parlantes, explicarán la situación a oyentes y vecinos y repartirán volantes.</p>



<p>Fuente: <a href="http://www.lapiramide.net" data-type="link" data-id="www.lapiramide.net" target="_blank" rel="noreferrer noopener">www.lapiramide.net</a> | Concepción del Uruguay &#8211; Entre Ríos | 30.06.25</p>

<p>Trabajadores de LT11 Radio Nacional General Francisco Ramírez de Concepción del Uruguay llevarán a cabo este jueves una jornada de protesta en la puerta de la emisora para visibilizar distintos reclamos que vienen realizando en los últimos meses. La movilización se llevará a cabo a partir de las 12.00 horas y se concretará en el &hellip; <a href="https://amplitudmodulada.com.ar/index.php/noticia13832/" class="more-link">Continuá leyendo <span class="screen-reader-text">Trabajadores de LT11 realizarán este jueves una jornada de protesta</span></a></p>
