{"id":8461,"date":"2025-09-03T08:08:21","date_gmt":"2025-09-03T11:08:21","guid":{"rendered":"https:\/\/amplitudmodulada.com.ar\/?page_id=8461"},"modified":"2025-09-03T08:26:03","modified_gmt":"2025-09-03T11:26:03","slug":"noticia13843","status":"publish","type":"page","link":"https:\/\/amplitudmodulada.com.ar\/index.php\/noticia13843\/","title":{"rendered":"Se cumplieron tres a\u00f1os de la muerte de Jorge Cacho Fontana"},"content":{"rendered":"\n<figure class=\"wp-block-image size-full\"><img loading=\"lazy\" decoding=\"async\" width=\"179\" height=\"81\" src=\"http:\/\/amplitudmodulada.com.ar\/wp-content\/uploads\/2025\/09\/elmundo-e1756898680517.png\" alt=\"\" class=\"wp-image-8465\"\/><\/figure>\n\n\n\n<p>Se cumplieron este s\u00e1bado 5 de julio tres a\u00f1os de la muerte de Jorge Cacho Fontana, locutor y conductor, que con su voz, estilo y presencia marc\u00f3 cinco d\u00e9cadas de la radio y la televisi\u00f3n argentina.<\/p>\n\n\n\n<p>Su verdadero nombre era Norberto Palese y ten\u00eda 90 a\u00f1os cuando muri\u00f3 el 5 de julio de 2022.<\/p>\n\n\n\n<p>Protagonista de populares ciclos como &#8220;Odol Pregunta&#8221; y &#8220;Fontana Show&#8221;, Cacho Fontana naci\u00f3 en el barrio porte\u00f1o de Barracas el 23 de abril de 1932.<\/p>\n\n\n\n<p>En radio debut\u00f3 como locutor suplente de Julio C\u00e9sar Barton y reemplaz\u00f3 al entonces destacado Jaime Font Saravia como animador de &#8220;El Rel\u00e1mpago&#8221;, programa que se emit\u00eda desde la redacci\u00f3n de un diario.<\/p>\n\n\n\n<p>Entre 1955 y 1966, fue la voz emblem\u00e1tica de LR1 Radio El Mundo y luego ingres\u00f3 a LS5 Radio Rivadavia, donde integr\u00f3 el equipo de Jos\u00e9 Mar\u00eda Mu\u00f1oz.<\/p>\n\n\n\n<p>Tuvo un singular \u00e9xito con &#8220;Fontana Show&#8221;, que se emiti\u00f3 durante m\u00e1s de quince a\u00f1os en Radio Rivadavia.<\/p>\n\n\n\n<p>Entre 1963 y 1973, estuvo al frente de &#8220;Odol Pregunta&#8221;, programa cultural de preguntas, que se emit\u00eda por Canal 7 y LR3 Radio Belgrano.<\/p>\n\n\n\n<p>En 1984, se incorpor\u00f3 a Radio Nacional, con el programa &#8220;Fontana Nacional&#8221;.<\/p>\n\n\n\n<p>Volvi\u00f3 a la emisora p\u00fablica en 2019 con &#8220;Un Cacho de Nacional&#8221;, su \u00faltimo trabajo en radio.<\/p>\n\n\n\n<p>Fuente: <a href=\"http:\/\/www.radionacional.com.ar\" data-type=\"link\" data-id=\"www.radionacional.com.ar\" target=\"_blank\" rel=\"noreferrer noopener\">www.radionacional.com.ar<\/a> | Ciudad Aut\u00f3noma de Buenos Aires | 07.07.25<\/p>\n","protected":false},"excerpt":{"rendered":"<p>Se cumplieron este s\u00e1bado 5 de julio tres a\u00f1os de la muerte de Jorge Cacho Fontana, locutor y conductor, que con su voz, estilo y presencia marc\u00f3 cinco d\u00e9cadas de la radio y la televisi\u00f3n argentina. Su verdadero nombre era Norberto Palese y ten\u00eda 90 a\u00f1os cuando muri\u00f3 el 5 de julio de 2022. Protagonista &hellip; <a href=\"https:\/\/amplitudmodulada.com.ar\/index.php\/noticia13843\/\" class=\"more-link\">Continu\u00e1 leyendo <span class=\"screen-reader-text\">Se cumplieron tres a\u00f1os de la muerte de Jorge Cacho Fontana<\/span><\/a><\/p>\n","protected":false},"author":1,"featured_media":0,"parent":0,"menu_order":0,"comment_status":"closed","ping_status":"closed","template":"","meta":{"footnotes":""},"class_list":["post-8461","page","type-page","status-publish","hentry"],"_links":{"self":[{"href":"https:\/\/amplitudmodulada.com.ar\/index.php\/wp-json\/wp\/v2\/pages\/8461","targetHints":{"allow":["GET"]}}],"collection":[{"href":"https:\/\/amplitudmodulada.com.ar\/index.php\/wp-json\/wp\/v2\/pages"}],"about":[{"href":"https:\/\/amplitudmodulada.com.ar\/index.php\/wp-json\/wp\/v2\/types\/page"}],"author":[{"embeddable":true,"href":"https:\/\/amplitudmodulada.com.ar\/index.php\/wp-json\/wp\/v2\/users\/1"}],"replies":[{"embeddable":true,"href":"https:\/\/amplitudmodulada.com.ar\/index.php\/wp-json\/wp\/v2\/comments?post=8461"}],"version-history":[{"count":4,"href":"https:\/\/amplitudmodulada.com.ar\/index.php\/wp-json\/wp\/v2\/pages\/8461\/revisions"}],"predecessor-version":[{"id":8469,"href":"https:\/\/amplitudmodulada.com.ar\/index.php\/wp-json\/wp\/v2\/pages\/8461\/revisions\/8469"}],"wp:attachment":[{"href":"https:\/\/amplitudmodulada.com.ar\/index.php\/wp-json\/wp\/v2\/media?parent=8461"}],"curies":[{"name":"wp","href":"https:\/\/api.w.org\/{rel}","templated":true}]}}

Se cumplieron tres años de la muerte de Jorge Cacho Fontana

<figure class="wp-block-image size-full"><img loading="lazy" decoding="async" width="179" height="81" src="http://amplitudmodulada.com.ar/wp-content/uploads/2025/09/elmundo-e1756898680517.png" alt="" class="wp-image-8465"/></figure>



<p>Se cumplieron este sábado 5 de julio tres años de la muerte de Jorge Cacho Fontana, locutor y conductor, que con su voz, estilo y presencia marcó cinco décadas de la radio y la televisión argentina.</p>



<p>Su verdadero nombre era Norberto Palese y tenía 90 años cuando murió el 5 de julio de 2022.</p>



<p>Protagonista de populares ciclos como &#8220;Odol Pregunta&#8221; y &#8220;Fontana Show&#8221;, Cacho Fontana nació en el barrio porteño de Barracas el 23 de abril de 1932.</p>



<p>En radio debutó como locutor suplente de Julio César Barton y reemplazó al entonces destacado Jaime Font Saravia como animador de &#8220;El Relámpago&#8221;, programa que se emitía desde la redacción de un diario.</p>



<p>Entre 1955 y 1966, fue la voz emblemática de LR1 Radio El Mundo y luego ingresó a LS5 Radio Rivadavia, donde integró el equipo de José María Muñoz.</p>



<p>Tuvo un singular éxito con &#8220;Fontana Show&#8221;, que se emitió durante más de quince años en Radio Rivadavia.</p>



<p>Entre 1963 y 1973, estuvo al frente de &#8220;Odol Pregunta&#8221;, programa cultural de preguntas, que se emitía por Canal 7 y LR3 Radio Belgrano.</p>



<p>En 1984, se incorporó a Radio Nacional, con el programa &#8220;Fontana Nacional&#8221;.</p>



<p>Volvió a la emisora pública en 2019 con &#8220;Un Cacho de Nacional&#8221;, su último trabajo en radio.</p>



<p>Fuente: <a href="http://www.radionacional.com.ar" data-type="link" data-id="www.radionacional.com.ar" target="_blank" rel="noreferrer noopener">www.radionacional.com.ar</a> | Ciudad Autónoma de Buenos Aires | 07.07.25</p>

<p>Se cumplieron este sábado 5 de julio tres años de la muerte de Jorge Cacho Fontana, locutor y conductor, que con su voz, estilo y presencia marcó cinco décadas de la radio y la televisión argentina. Su verdadero nombre era Norberto Palese y tenía 90 años cuando murió el 5 de julio de 2022. Protagonista &hellip; <a href="https://amplitudmodulada.com.ar/index.php/noticia13843/" class="more-link">Continuá leyendo <span class="screen-reader-text">Se cumplieron tres años de la muerte de Jorge Cacho Fontana</span></a></p>
