{"id":8630,"date":"2025-09-11T13:52:19","date_gmt":"2025-09-11T16:52:19","guid":{"rendered":"https:\/\/amplitudmodulada.com.ar\/?page_id=8630"},"modified":"2025-09-11T14:03:50","modified_gmt":"2025-09-11T17:03:50","slug":"noticia13866","status":"publish","type":"page","link":"https:\/\/amplitudmodulada.com.ar\/index.php\/noticia13866\/","title":{"rendered":"Adelantan asistencia financiera a Radio y Televisi\u00f3n R\u00edo Negro S.E."},"content":{"rendered":"\n<figure class=\"wp-block-image size-full\"><img loading=\"lazy\" decoding=\"async\" width=\"119\" height=\"100\" src=\"http:\/\/amplitudmodulada.com.ar\/wp-content\/uploads\/2024\/03\/LU19-e1710016231254.png\" alt=\"\" class=\"wp-image-1204\"\/><\/figure>\n\n\n\n<p>El Gobierno de R\u00edo Negro decidi\u00f3 adelantar la asistencia financiera a Radio y Televisi\u00f3n R\u00edo Negro Sociedad del Estado, la empresa que opera distintos medios estatales provinciales, entre ellos LU19 AM 690 de Cipolletti.<\/p>\n\n\n\n<p>La ayuda tiene como objetivo asegurar el pago de salarios y aguinaldos correspondientes al segundo semestre del a\u00f1o.<\/p>\n\n\n\n<p>El aporte extraordinario que autoriz\u00f3 el Gobierno de R\u00edo Negro asciende a m\u00e1s de dos mil cuatrocientos millones de pesos y representa un 50% extra sobre el presupuesto anual ya aprobado para la compa\u00f1\u00eda.<\/p>\n\n\n\n<p>Este refuerzo de partidas se concret\u00f3 antes de lo habitual, ya que en otros a\u00f1os estas ayudas sol\u00edan confirmarse hacia fin de a\u00f1o, cuando los n\u00fameros ya no daban margen para llegar a diciembre.<\/p>\n\n\n\n<p>Radio y Televisi\u00f3n R\u00edo Negro S.E. opera Canal 10. LU19 AM 690, FM Estaci\u00f3n 10, AM 880 de Sierra Colorada y el portal Diario 10.<\/p>\n\n\n\n<p>16.07.25<\/p>\n","protected":false},"excerpt":{"rendered":"<p>El Gobierno de R\u00edo Negro decidi\u00f3 adelantar la asistencia financiera a Radio y Televisi\u00f3n R\u00edo Negro Sociedad del Estado, la empresa que opera distintos medios estatales provinciales, entre ellos LU19 AM 690 de Cipolletti. La ayuda tiene como objetivo asegurar el pago de salarios y aguinaldos correspondientes al segundo semestre del a\u00f1o. El aporte extraordinario &hellip; <a href=\"https:\/\/amplitudmodulada.com.ar\/index.php\/noticia13866\/\" class=\"more-link\">Continu\u00e1 leyendo <span class=\"screen-reader-text\">Adelantan asistencia financiera a Radio y Televisi\u00f3n R\u00edo Negro S.E.<\/span><\/a><\/p>\n","protected":false},"author":1,"featured_media":0,"parent":0,"menu_order":0,"comment_status":"closed","ping_status":"closed","template":"","meta":{"footnotes":""},"class_list":["post-8630","page","type-page","status-publish","hentry"],"_links":{"self":[{"href":"https:\/\/amplitudmodulada.com.ar\/index.php\/wp-json\/wp\/v2\/pages\/8630","targetHints":{"allow":["GET"]}}],"collection":[{"href":"https:\/\/amplitudmodulada.com.ar\/index.php\/wp-json\/wp\/v2\/pages"}],"about":[{"href":"https:\/\/amplitudmodulada.com.ar\/index.php\/wp-json\/wp\/v2\/types\/page"}],"author":[{"embeddable":true,"href":"https:\/\/amplitudmodulada.com.ar\/index.php\/wp-json\/wp\/v2\/users\/1"}],"replies":[{"embeddable":true,"href":"https:\/\/amplitudmodulada.com.ar\/index.php\/wp-json\/wp\/v2\/comments?post=8630"}],"version-history":[{"count":2,"href":"https:\/\/amplitudmodulada.com.ar\/index.php\/wp-json\/wp\/v2\/pages\/8630\/revisions"}],"predecessor-version":[{"id":8633,"href":"https:\/\/amplitudmodulada.com.ar\/index.php\/wp-json\/wp\/v2\/pages\/8630\/revisions\/8633"}],"wp:attachment":[{"href":"https:\/\/amplitudmodulada.com.ar\/index.php\/wp-json\/wp\/v2\/media?parent=8630"}],"curies":[{"name":"wp","href":"https:\/\/api.w.org\/{rel}","templated":true}]}}