{"id":8669,"date":"2025-09-12T11:13:26","date_gmt":"2025-09-12T14:13:26","guid":{"rendered":"https:\/\/amplitudmodulada.com.ar\/?page_id=8669"},"modified":"2025-09-12T11:13:27","modified_gmt":"2025-09-12T14:13:27","slug":"noticia13871","status":"publish","type":"page","link":"https:\/\/amplitudmodulada.com.ar\/index.php\/noticia13871\/","title":{"rendered":"Mercedes Ninci fue v\u00edctima de un robo durante una cobertura period\u00edstica"},"content":{"rendered":"\n<figure class=\"wp-block-image size-full is-resized\"><img decoding=\"async\" src=\"https:\/\/amplitudmodulada.com.ar\/wp-content\/uploads\/2025\/09\/image.png\" alt=\"\" class=\"wp-image-8671\" style=\"width:144px;height:auto\"\/><\/figure>\n\n\n\n<p>La periodista de LR6 Radio Mitre Mercedes Ninci fue v\u00edctima de un robo durante una cobertura period\u00edstica de un paro de actividades de los trabajadores del Hospital Garrahan.<\/p>\n\n\n\n<p>Mercedes Ninci public\u00f3 un video en sus redes sociales que muestra el auto que funciona como m\u00f3vil de Radio Mitre con las ventanillas bajas y el ba\u00fal abierto.<\/p>\n\n\n\n<p>Dentro del ba\u00fal, la periodista hab\u00eda dejado todas sus pertenencias, incluyendo su cartera y la billetera, con el DNI, las tarjetas y hasta la SUBE.<\/p>\n\n\n\n<p>La periodista cont\u00f3 que le forzaron la cerradura del veh\u00edculo y tambi\u00e9n usaron un inhibidor porque bajaron las ventanillas. <\/p>\n\n\n\n<p>En ese contexto, Mercedes Ninci cont\u00f3 que el chofer del m\u00f3vil suele quedarse en el auto al momento de las coberturas, porque generalmente se le complica al momento de estacionar, pero que esta vez baj\u00f3 del auto durante unos minutos para ir al ba\u00f1o.<\/p>\n\n\n\n<p>Fuente: <a href=\"http:\/\/www.clarin.com\" data-type=\"link\" data-id=\"www.clarin.com\" target=\"_blank\" rel=\"noreferrer noopener\">www.clarin.com<\/a> | Ciudad Aut\u00f3noma de Buenos Aires | 17.07.25  <\/p>\n\n\n\n<p><\/p>\n","protected":false},"excerpt":{"rendered":"<p>La periodista de LR6 Radio Mitre Mercedes Ninci fue v\u00edctima de un robo durante una cobertura period\u00edstica de un paro de actividades de los trabajadores del Hospital Garrahan. Mercedes Ninci public\u00f3 un video en sus redes sociales que muestra el auto que funciona como m\u00f3vil de Radio Mitre con las ventanillas bajas y el ba\u00fal &hellip; <a href=\"https:\/\/amplitudmodulada.com.ar\/index.php\/noticia13871\/\" class=\"more-link\">Continu\u00e1 leyendo <span class=\"screen-reader-text\">Mercedes Ninci fue v\u00edctima de un robo durante una cobertura period\u00edstica<\/span><\/a><\/p>\n","protected":false},"author":1,"featured_media":0,"parent":0,"menu_order":0,"comment_status":"closed","ping_status":"closed","template":"","meta":{"footnotes":""},"class_list":["post-8669","page","type-page","status-publish","hentry"],"_links":{"self":[{"href":"https:\/\/amplitudmodulada.com.ar\/index.php\/wp-json\/wp\/v2\/pages\/8669","targetHints":{"allow":["GET"]}}],"collection":[{"href":"https:\/\/amplitudmodulada.com.ar\/index.php\/wp-json\/wp\/v2\/pages"}],"about":[{"href":"https:\/\/amplitudmodulada.com.ar\/index.php\/wp-json\/wp\/v2\/types\/page"}],"author":[{"embeddable":true,"href":"https:\/\/amplitudmodulada.com.ar\/index.php\/wp-json\/wp\/v2\/users\/1"}],"replies":[{"embeddable":true,"href":"https:\/\/amplitudmodulada.com.ar\/index.php\/wp-json\/wp\/v2\/comments?post=8669"}],"version-history":[{"count":1,"href":"https:\/\/amplitudmodulada.com.ar\/index.php\/wp-json\/wp\/v2\/pages\/8669\/revisions"}],"predecessor-version":[{"id":8672,"href":"https:\/\/amplitudmodulada.com.ar\/index.php\/wp-json\/wp\/v2\/pages\/8669\/revisions\/8672"}],"wp:attachment":[{"href":"https:\/\/amplitudmodulada.com.ar\/index.php\/wp-json\/wp\/v2\/media?parent=8669"}],"curies":[{"name":"wp","href":"https:\/\/api.w.org\/{rel}","templated":true}]}}

Mercedes Ninci fue víctima de un robo durante una cobertura periodística

<figure class="wp-block-image size-full is-resized"><img decoding="async" src="https://amplitudmodulada.com.ar/wp-content/uploads/2025/09/image.png" alt="" class="wp-image-8671" style="width:144px;height:auto"/></figure>



<p>La periodista de LR6 Radio Mitre Mercedes Ninci fue víctima de un robo durante una cobertura periodística de un paro de actividades de los trabajadores del Hospital Garrahan.</p>



<p>Mercedes Ninci publicó un video en sus redes sociales que muestra el auto que funciona como móvil de Radio Mitre con las ventanillas bajas y el baúl abierto.</p>



<p>Dentro del baúl, la periodista había dejado todas sus pertenencias, incluyendo su cartera y la billetera, con el DNI, las tarjetas y hasta la SUBE.</p>



<p>La periodista contó que le forzaron la cerradura del vehículo y también usaron un inhibidor porque bajaron las ventanillas. </p>



<p>En ese contexto, Mercedes Ninci contó que el chofer del móvil suele quedarse en el auto al momento de las coberturas, porque generalmente se le complica al momento de estacionar, pero que esta vez bajó del auto durante unos minutos para ir al baño.</p>



<p>Fuente: <a href="http://www.clarin.com" data-type="link" data-id="www.clarin.com" target="_blank" rel="noreferrer noopener">www.clarin.com</a> | Ciudad Autónoma de Buenos Aires | 17.07.25  </p>



<p></p>

<p>La periodista de LR6 Radio Mitre Mercedes Ninci fue víctima de un robo durante una cobertura periodística de un paro de actividades de los trabajadores del Hospital Garrahan. Mercedes Ninci publicó un video en sus redes sociales que muestra el auto que funciona como móvil de Radio Mitre con las ventanillas bajas y el baúl &hellip; <a href="https://amplitudmodulada.com.ar/index.php/noticia13871/" class="more-link">Continuá leyendo <span class="screen-reader-text">Mercedes Ninci fue víctima de un robo durante una cobertura periodística</span></a></p>
