{"id":8691,"date":"2025-09-12T18:43:15","date_gmt":"2025-09-12T21:43:15","guid":{"rendered":"https:\/\/amplitudmodulada.com.ar\/?page_id=8691"},"modified":"2025-09-12T18:52:16","modified_gmt":"2025-09-12T21:52:16","slug":"noticia13874","status":"publish","type":"page","link":"https:\/\/amplitudmodulada.com.ar\/index.php\/noticia13874\/","title":{"rendered":"LV11 Radio Santiago del Estero transmite la Vigilia de los Fuelles y Cuerdas"},"content":{"rendered":"\n<figure class=\"wp-block-image size-full\"><img loading=\"lazy\" decoding=\"async\" width=\"171\" height=\"100\" src=\"http:\/\/amplitudmodulada.com.ar\/wp-content\/uploads\/2024\/05\/LV11-e1714598560483.png\" alt=\"\" class=\"wp-image-1835\"\/><\/figure>\n\n\n\n<p>LV11 Radio Santiago del Estero fue el \u00fanico medio en transmitir en vivo este viernes la Vigilia de los Fuelles y Cuerdas, encuentro musical y cultural que se realiza en v\u00edsperas del cumplea\u00f1os de Santiago del Estero.<\/p>\n\n\n\n<p>Es la primera vez que este evento tradicional es transmitido en directo, lo que permiti\u00f3 que miles de santiague\u00f1os, tanto dentro como fuera de la provincia, puedan disfrutar de la magia de la m\u00fasica popular, el calor del pueblo y el talento local.<\/p>\n\n\n\n<p>La cobertura especial estuvo a cargo de un equipo destacado de Radio Santiago del Estero, integrado por Alfonso D\u00edaz, Gabriela Basualdo e Iv\u00e1n Arias.<\/p>\n\n\n\n<p>La transmisi\u00f3n pudo seguirse a trav\u00e9s de las dos se\u00f1ales de Radio Santiago del Estero, 890 Khz. y 88.1 Mhz.<\/p>\n\n\n\n<p>Fuente: <a href=\"http:\/\/www.nuevodiarioweb.com.ar\" data-type=\"link\" data-id=\"www.nuevodiarioweb.com.ar\" target=\"_blank\" rel=\"noreferrer noopener\">www.nuevodiarioweb.com.ar<\/a> | Santiago del Estero &#8211; Santiago del Estero | 18.07.25<\/p>\n","protected":false},"excerpt":{"rendered":"<p>LV11 Radio Santiago del Estero fue el \u00fanico medio en transmitir en vivo este viernes la Vigilia de los Fuelles y Cuerdas, encuentro musical y cultural que se realiza en v\u00edsperas del cumplea\u00f1os de Santiago del Estero. Es la primera vez que este evento tradicional es transmitido en directo, lo que permiti\u00f3 que miles de &hellip; <a href=\"https:\/\/amplitudmodulada.com.ar\/index.php\/noticia13874\/\" class=\"more-link\">Continu\u00e1 leyendo <span class=\"screen-reader-text\">LV11 Radio Santiago del Estero transmite la Vigilia de los Fuelles y Cuerdas<\/span><\/a><\/p>\n","protected":false},"author":1,"featured_media":0,"parent":0,"menu_order":0,"comment_status":"closed","ping_status":"closed","template":"","meta":{"footnotes":""},"class_list":["post-8691","page","type-page","status-publish","hentry"],"_links":{"self":[{"href":"https:\/\/amplitudmodulada.com.ar\/index.php\/wp-json\/wp\/v2\/pages\/8691","targetHints":{"allow":["GET"]}}],"collection":[{"href":"https:\/\/amplitudmodulada.com.ar\/index.php\/wp-json\/wp\/v2\/pages"}],"about":[{"href":"https:\/\/amplitudmodulada.com.ar\/index.php\/wp-json\/wp\/v2\/types\/page"}],"author":[{"embeddable":true,"href":"https:\/\/amplitudmodulada.com.ar\/index.php\/wp-json\/wp\/v2\/users\/1"}],"replies":[{"embeddable":true,"href":"https:\/\/amplitudmodulada.com.ar\/index.php\/wp-json\/wp\/v2\/comments?post=8691"}],"version-history":[{"count":3,"href":"https:\/\/amplitudmodulada.com.ar\/index.php\/wp-json\/wp\/v2\/pages\/8691\/revisions"}],"predecessor-version":[{"id":8696,"href":"https:\/\/amplitudmodulada.com.ar\/index.php\/wp-json\/wp\/v2\/pages\/8691\/revisions\/8696"}],"wp:attachment":[{"href":"https:\/\/amplitudmodulada.com.ar\/index.php\/wp-json\/wp\/v2\/media?parent=8691"}],"curies":[{"name":"wp","href":"https:\/\/api.w.org\/{rel}","templated":true}]}}

<figure class="wp-block-image size-full"><img loading="lazy" decoding="async" width="171" height="100" src="http://amplitudmodulada.com.ar/wp-content/uploads/2024/05/LV11-e1714598560483.png" alt="" class="wp-image-1835"/></figure>



<p>LV11 Radio Santiago del Estero fue el único medio en transmitir en vivo este viernes la Vigilia de los Fuelles y Cuerdas, encuentro musical y cultural que se realiza en vísperas del cumpleaños de Santiago del Estero.</p>



<p>Es la primera vez que este evento tradicional es transmitido en directo, lo que permitió que miles de santiagueños, tanto dentro como fuera de la provincia, puedan disfrutar de la magia de la música popular, el calor del pueblo y el talento local.</p>



<p>La cobertura especial estuvo a cargo de un equipo destacado de Radio Santiago del Estero, integrado por Alfonso Díaz, Gabriela Basualdo e Iván Arias.</p>



<p>La transmisión pudo seguirse a través de las dos señales de Radio Santiago del Estero, 890 Khz. y 88.1 Mhz.</p>



<p>Fuente: <a href="http://www.nuevodiarioweb.com.ar" data-type="link" data-id="www.nuevodiarioweb.com.ar" target="_blank" rel="noreferrer noopener">www.nuevodiarioweb.com.ar</a> | Santiago del Estero &#8211; Santiago del Estero | 18.07.25</p>

<p>LV11 Radio Santiago del Estero fue el único medio en transmitir en vivo este viernes la Vigilia de los Fuelles y Cuerdas, encuentro musical y cultural que se realiza en vísperas del cumpleaños de Santiago del Estero. Es la primera vez que este evento tradicional es transmitido en directo, lo que permitió que miles de &hellip; <a href="https://amplitudmodulada.com.ar/index.php/noticia13874/" class="more-link">Continuá leyendo <span class="screen-reader-text">LV11 Radio Santiago del Estero transmite la Vigilia de los Fuelles y Cuerdas</span></a></p>
