{"id":870,"date":"2024-02-17T16:37:58","date_gmt":"2024-02-17T19:37:58","guid":{"rendered":"https:\/\/amplitudmodulada.com.ar\/?page_id=870"},"modified":"2024-02-17T16:50:31","modified_gmt":"2024-02-17T19:50:31","slug":"noticia12879","status":"publish","type":"page","link":"https:\/\/amplitudmodulada.com.ar\/index.php\/noticia12879\/","title":{"rendered":"El programa &#8220;A Todo Tango&#8221; se queda sin aire despu\u00e9s de 55 a\u00f1os"},"content":{"rendered":"\n<figure class=\"wp-block-image size-full\"><img loading=\"lazy\" decoding=\"async\" width=\"109\" height=\"120\" src=\"http:\/\/amplitudmodulada.com.ar\/wp-content\/uploads\/2024\/02\/tangorosario-e1708198713428.png\" alt=\"\" class=\"wp-image-872\"\/><\/figure>\n\n\n\n<p>A punto de cumplir cincuenta y cinco a\u00f1os en las noches radiales de Rosario, el programa &#8220;A Todo Tango&#8221;, que conduce Gerardo Quilici, qued\u00f3 fuera del aire.<\/p>\n\n\n\n<p>El tradicional ciclo se emit\u00eda por FM Tango de Rosario, pero la emisora anunci\u00f3 que por motivos econ\u00f3micos dejar\u00e1 de emitir programas en vivo y pondr\u00e1 al aire solamente m\u00fasica grabada.<\/p>\n\n\n\n<p>Cl\u00e1sico de la noche de Rosario, &#8220;A Todo Tango&#8221; se convirti\u00f3 en un espacio de culto que transcurre entre una celosa selecci\u00f3n musical y un di\u00e1logo intimista con la audiencia.<\/p>\n\n\n\n<p>&#8220;No depende de nosotros&#8221;, dijo Gerardo Quilici con emoci\u00f3n en la voz durante una sentida despedida al aire y aclar\u00f3, en sinton\u00eda con los mensajes de sus oyentes, que su intenci\u00f3n es seguir adelante y conseguir un espacio en otra emisora.<\/p>\n\n\n\n<p>&#8220;Mientras tenga la cabeza fresca y est\u00e9 f\u00edsicamente bien voy a tener ganas de seguir luchando por la cultura del tango&#8221;, afirm\u00f3 Gerardo Quilici, que tiene 82 a\u00f1os y una pasi\u00f3n, memoria y lucidez intactas.<\/p>\n\n\n\n<p>Fuente: <a href=\"http:\/\/www.elciudadanoweb.com\" data-type=\"link\" data-id=\"www.elciudadanoweb.com\" target=\"_blank\" rel=\"noreferrer noopener\">www.elciudadanoweb.com<\/a> | Rosario &#8211; Santa Fe | 06.02.24<\/p>\n\n\n\n<p><\/p>\n","protected":false},"excerpt":{"rendered":"<p>A punto de cumplir cincuenta y cinco a\u00f1os en las noches radiales de Rosario, el programa &#8220;A Todo Tango&#8221;, que conduce Gerardo Quilici, qued\u00f3 fuera del aire. El tradicional ciclo se emit\u00eda por FM Tango de Rosario, pero la emisora anunci\u00f3 que por motivos econ\u00f3micos dejar\u00e1 de emitir programas en vivo y pondr\u00e1 al aire &hellip; <a href=\"https:\/\/amplitudmodulada.com.ar\/index.php\/noticia12879\/\" class=\"more-link\">Continu\u00e1 leyendo <span class=\"screen-reader-text\">El programa &#8220;A Todo Tango&#8221; se queda sin aire despu\u00e9s de 55 a\u00f1os<\/span><\/a><\/p>\n","protected":false},"author":1,"featured_media":0,"parent":0,"menu_order":0,"comment_status":"closed","ping_status":"closed","template":"","meta":{"footnotes":""},"class_list":["post-870","page","type-page","status-publish","hentry"],"_links":{"self":[{"href":"https:\/\/amplitudmodulada.com.ar\/index.php\/wp-json\/wp\/v2\/pages\/870","targetHints":{"allow":["GET"]}}],"collection":[{"href":"https:\/\/amplitudmodulada.com.ar\/index.php\/wp-json\/wp\/v2\/pages"}],"about":[{"href":"https:\/\/amplitudmodulada.com.ar\/index.php\/wp-json\/wp\/v2\/types\/page"}],"author":[{"embeddable":true,"href":"https:\/\/amplitudmodulada.com.ar\/index.php\/wp-json\/wp\/v2\/users\/1"}],"replies":[{"embeddable":true,"href":"https:\/\/amplitudmodulada.com.ar\/index.php\/wp-json\/wp\/v2\/comments?post=870"}],"version-history":[{"count":2,"href":"https:\/\/amplitudmodulada.com.ar\/index.php\/wp-json\/wp\/v2\/pages\/870\/revisions"}],"predecessor-version":[{"id":874,"href":"https:\/\/amplitudmodulada.com.ar\/index.php\/wp-json\/wp\/v2\/pages\/870\/revisions\/874"}],"wp:attachment":[{"href":"https:\/\/amplitudmodulada.com.ar\/index.php\/wp-json\/wp\/v2\/media?parent=870"}],"curies":[{"name":"wp","href":"https:\/\/api.w.org\/{rel}","templated":true}]}}

El programa &#8220;A Todo Tango&#8221; se queda sin aire después de 55 años

<figure class="wp-block-image size-full"><img loading="lazy" decoding="async" width="109" height="120" src="http://amplitudmodulada.com.ar/wp-content/uploads/2024/02/tangorosario-e1708198713428.png" alt="" class="wp-image-872"/></figure>



<p>A punto de cumplir cincuenta y cinco años en las noches radiales de Rosario, el programa &#8220;A Todo Tango&#8221;, que conduce Gerardo Quilici, quedó fuera del aire.</p>



<p>El tradicional ciclo se emitía por FM Tango de Rosario, pero la emisora anunció que por motivos económicos dejará de emitir programas en vivo y pondrá al aire solamente música grabada.</p>



<p>Clásico de la noche de Rosario, &#8220;A Todo Tango&#8221; se convirtió en un espacio de culto que transcurre entre una celosa selección musical y un diálogo intimista con la audiencia.</p>



<p>&#8220;No depende de nosotros&#8221;, dijo Gerardo Quilici con emoción en la voz durante una sentida despedida al aire y aclaró, en sintonía con los mensajes de sus oyentes, que su intención es seguir adelante y conseguir un espacio en otra emisora.</p>



<p>&#8220;Mientras tenga la cabeza fresca y esté físicamente bien voy a tener ganas de seguir luchando por la cultura del tango&#8221;, afirmó Gerardo Quilici, que tiene 82 años y una pasión, memoria y lucidez intactas.</p>



<p>Fuente: <a href="http://www.elciudadanoweb.com" data-type="link" data-id="www.elciudadanoweb.com" target="_blank" rel="noreferrer noopener">www.elciudadanoweb.com</a> | Rosario &#8211; Santa Fe | 06.02.24</p>



<p></p>

<p>A punto de cumplir cincuenta y cinco años en las noches radiales de Rosario, el programa &#8220;A Todo Tango&#8221;, que conduce Gerardo Quilici, quedó fuera del aire. El tradicional ciclo se emitía por FM Tango de Rosario, pero la emisora anunció que por motivos económicos dejará de emitir programas en vivo y pondrá al aire &hellip; <a href="https://amplitudmodulada.com.ar/index.php/noticia12879/" class="more-link">Continuá leyendo <span class="screen-reader-text">El programa &#8220;A Todo Tango&#8221; se queda sin aire después de 55 años</span></a></p>
