{"id":8744,"date":"2025-09-18T21:10:00","date_gmt":"2025-09-19T00:10:00","guid":{"rendered":"https:\/\/amplitudmodulada.com.ar\/?page_id=8744"},"modified":"2025-09-18T21:30:27","modified_gmt":"2025-09-19T00:30:27","slug":"noticia13881","status":"publish","type":"page","link":"https:\/\/amplitudmodulada.com.ar\/index.php\/noticia13881\/","title":{"rendered":"Aseguran que la libertad de expresi\u00f3n y el derecho a la comunicaci\u00f3n pasan por sus peores momentos"},"content":{"rendered":"\n<figure class=\"wp-block-image size-full\"><img loading=\"lazy\" decoding=\"async\" width=\"110\" height=\"110\" src=\"http:\/\/amplitudmodulada.com.ar\/wp-content\/uploads\/2025\/09\/fomeca-e1758240933473.png\" alt=\"\" class=\"wp-image-8747\"\/><\/figure>\n\n\n\n<p>En una nota publicada ayer lunes, el diario P\u00e1gina\/12 asegura que &#8220;la libertad de expresi\u00f3n y el derecho a la comunicaci\u00f3n en Argentina pasan por sus peores momentos desde el regreso de la democracia&#8221;.<\/p>\n\n\n\n<p>&#8220;A la usina oficial de discursos de odio, la precarizaci\u00f3n y la represi\u00f3n del trabajo period\u00edstico y una distribuci\u00f3n de pauta oficial m\u00e1s arbitraria que nunca, se suma el ahogo a medios cooperativos y comunitarios desde el inicio de la actual gesti\u00f3n&#8221;, destaca la nota que lleva la firma de Diego Jaimes y Pablo Antonini.<\/p>\n\n\n\n<p>La misma recuerda que el Ente Nacional de Comunicaciones (ENACOM) se encuentra desde la llegada del gobierno de Javier Milei bajo una intervenci\u00f3n que ya fue prorrogada dos veces.<\/p>\n\n\n\n<p>&#8220;Esto implica la marginaci\u00f3n de diferentes representaciones del Congreso Nacional que deber\u00edan integrar su directorio, con la obligaci\u00f3n de mantener reuniones, someterse a contralores y dar cuenta de sus actos&#8221;, precisa.<\/p>\n\n\n\n<p>En ese sentido, se se\u00f1ala que el organismo no ejecuta los recursos del Fondo de Fomento Concursable para Medios de Comunicaci\u00f3n (FOMECA) asignados, entre otros fines, a medios cooperativos y comunitarios.<\/p>\n\n\n\n<p>&#8220;El ENACOM arrastra una deuda millonaria con proyectos en ejecuci\u00f3n incumplidos o concursados y aprobados con convenio firmado que nunca se efectivizaron. El 10% de la recaudaci\u00f3n del gravamen a la comunicaci\u00f3n audiovisual que la ley asigna para esto y cuyo paradero se desconoce, asciende a dos mil quinientos millones en la recaudaci\u00f3n de 2023 y a seis mil quinientos millones en la de 2024&#8221;, a\u00f1ade la nota de P\u00e1gina\/12.<\/p>\n\n\n\n<p>Fuente: <a href=\"http:\/\/www.pagina12.com.ar\" data-type=\"link\" data-id=\"www.pagina12.com.ar\" target=\"_blank\" rel=\"noreferrer noopener\">www.pagina12.com.ar<\/a> | Ciudad Aut\u00f3noma de Buenos Aires | 22.07.25<\/p>\n","protected":false},"excerpt":{"rendered":"<p>En una nota publicada ayer lunes, el diario P\u00e1gina\/12 asegura que &#8220;la libertad de expresi\u00f3n y el derecho a la comunicaci\u00f3n en Argentina pasan por sus peores momentos desde el regreso de la democracia&#8221;. &#8220;A la usina oficial de discursos de odio, la precarizaci\u00f3n y la represi\u00f3n del trabajo period\u00edstico y una distribuci\u00f3n de pauta &hellip; <a href=\"https:\/\/amplitudmodulada.com.ar\/index.php\/noticia13881\/\" class=\"more-link\">Continu\u00e1 leyendo <span class=\"screen-reader-text\">Aseguran que la libertad de expresi\u00f3n y el derecho a la comunicaci\u00f3n pasan por sus peores momentos<\/span><\/a><\/p>\n","protected":false},"author":1,"featured_media":0,"parent":0,"menu_order":0,"comment_status":"closed","ping_status":"closed","template":"","meta":{"footnotes":""},"class_list":["post-8744","page","type-page","status-publish","hentry"],"_links":{"self":[{"href":"https:\/\/amplitudmodulada.com.ar\/index.php\/wp-json\/wp\/v2\/pages\/8744","targetHints":{"allow":["GET"]}}],"collection":[{"href":"https:\/\/amplitudmodulada.com.ar\/index.php\/wp-json\/wp\/v2\/pages"}],"about":[{"href":"https:\/\/amplitudmodulada.com.ar\/index.php\/wp-json\/wp\/v2\/types\/page"}],"author":[{"embeddable":true,"href":"https:\/\/amplitudmodulada.com.ar\/index.php\/wp-json\/wp\/v2\/users\/1"}],"replies":[{"embeddable":true,"href":"https:\/\/amplitudmodulada.com.ar\/index.php\/wp-json\/wp\/v2\/comments?post=8744"}],"version-history":[{"count":3,"href":"https:\/\/amplitudmodulada.com.ar\/index.php\/wp-json\/wp\/v2\/pages\/8744\/revisions"}],"predecessor-version":[{"id":8750,"href":"https:\/\/amplitudmodulada.com.ar\/index.php\/wp-json\/wp\/v2\/pages\/8744\/revisions\/8750"}],"wp:attachment":[{"href":"https:\/\/amplitudmodulada.com.ar\/index.php\/wp-json\/wp\/v2\/media?parent=8744"}],"curies":[{"name":"wp","href":"https:\/\/api.w.org\/{rel}","templated":true}]}}

Aseguran que la libertad de expresión y el derecho a la comunicación pasan por sus peores momentos

<figure class="wp-block-image size-full"><img loading="lazy" decoding="async" width="110" height="110" src="http://amplitudmodulada.com.ar/wp-content/uploads/2025/09/fomeca-e1758240933473.png" alt="" class="wp-image-8747"/></figure>



<p>En una nota publicada ayer lunes, el diario Página/12 asegura que &#8220;la libertad de expresión y el derecho a la comunicación en Argentina pasan por sus peores momentos desde el regreso de la democracia&#8221;.</p>



<p>&#8220;A la usina oficial de discursos de odio, la precarización y la represión del trabajo periodístico y una distribución de pauta oficial más arbitraria que nunca, se suma el ahogo a medios cooperativos y comunitarios desde el inicio de la actual gestión&#8221;, destaca la nota que lleva la firma de Diego Jaimes y Pablo Antonini.</p>



<p>La misma recuerda que el Ente Nacional de Comunicaciones (ENACOM) se encuentra desde la llegada del gobierno de Javier Milei bajo una intervención que ya fue prorrogada dos veces.</p>



<p>&#8220;Esto implica la marginación de diferentes representaciones del Congreso Nacional que deberían integrar su directorio, con la obligación de mantener reuniones, someterse a contralores y dar cuenta de sus actos&#8221;, precisa.</p>



<p>En ese sentido, se señala que el organismo no ejecuta los recursos del Fondo de Fomento Concursable para Medios de Comunicación (FOMECA) asignados, entre otros fines, a medios cooperativos y comunitarios.</p>



<p>&#8220;El ENACOM arrastra una deuda millonaria con proyectos en ejecución incumplidos o concursados y aprobados con convenio firmado que nunca se efectivizaron. El 10% de la recaudación del gravamen a la comunicación audiovisual que la ley asigna para esto y cuyo paradero se desconoce, asciende a dos mil quinientos millones en la recaudación de 2023 y a seis mil quinientos millones en la de 2024&#8221;, añade la nota de Página/12.</p>



<p>Fuente: <a href="http://www.pagina12.com.ar" data-type="link" data-id="www.pagina12.com.ar" target="_blank" rel="noreferrer noopener">www.pagina12.com.ar</a> | Ciudad Autónoma de Buenos Aires | 22.07.25</p>

<p>En una nota publicada ayer lunes, el diario Página/12 asegura que &#8220;la libertad de expresión y el derecho a la comunicación en Argentina pasan por sus peores momentos desde el regreso de la democracia&#8221;. &#8220;A la usina oficial de discursos de odio, la precarización y la represión del trabajo periodístico y una distribución de pauta &hellip; <a href="https://amplitudmodulada.com.ar/index.php/noticia13881/" class="more-link">Continuá leyendo <span class="screen-reader-text">Aseguran que la libertad de expresión y el derecho a la comunicación pasan por sus peores momentos</span></a></p>
