{"id":8876,"date":"2025-09-28T12:27:34","date_gmt":"2025-09-28T15:27:34","guid":{"rendered":"https:\/\/amplitudmodulada.com.ar\/?page_id=8876"},"modified":"2025-09-28T12:40:45","modified_gmt":"2025-09-28T15:40:45","slug":"noticia13895","status":"publish","type":"page","link":"https:\/\/amplitudmodulada.com.ar\/index.php\/noticia13895\/","title":{"rendered":"La periodista Marcela Ojeda se despidi\u00f3 de Radio Continental"},"content":{"rendered":"\n<figure class=\"wp-block-image size-full\"><img loading=\"lazy\" decoding=\"async\" width=\"178\" height=\"51\" src=\"http:\/\/amplitudmodulada.com.ar\/wp-content\/uploads\/2024\/01\/590-e1704494003192.png\" alt=\"\" class=\"wp-image-14\"\/><\/figure>\n\n\n\n<p>Tras m\u00e1s de veinte a\u00f1os en LS4 Radio Continental, la periodista Marcela Ojeda se despidi\u00f3 este martes de la emisora a trav\u00e9s un mensaje en Instagram.<\/p>\n\n\n\n<p>&#8220;Se termin\u00f3 mi ciclo en Radio Continental, una historia de m\u00e1s de dos d\u00e9cadas&#8221;, anunci\u00f3 Marcela Ojeda en esa red social Instagram.<\/p>\n\n\n\n<p>En ese sentido, indic\u00f3 que &#8220;ac\u00e1 podr\u00eda dejar un robusto listado de detalles, an\u00e9cdotas, recuerdos, personajes y por supuesto noticias con las que me top\u00e9, sumar alg\u00fan que otro lauro, halagos de pares, colegas y profesionales que he respetado toda la vida pero los atesoro, los guardo, acaricio y protejo&#8221;.<\/p>\n\n\n\n<p>&#8220;Haber sido parte de Continental me form\u00f3 como periodista del mismo modo quienes me precedieron en ese espacio de movilera de la 590&#8221;, a\u00f1adi\u00f3 la periodista.<\/p>\n\n\n\n<p>&#8220;Nunca romantic\u00e9 este oficio, es un trabajo, una forma de ver la realidad un poco m\u00e1s \u00e1cida y cr\u00edtica&#8221;, se\u00f1al\u00f3 y concluy\u00f3 que &#8220;ser cronista de exteriores ha sido un honor, un orgullo que compart\u00ed con muchos queridos amigos que son parte de mi vida&#8221;.<\/p>\n\n\n\n<p>Fuente: <a href=\"http:\/\/www.perfil.com\" data-type=\"link\" data-id=\"www.perfil.com\" target=\"_blank\" rel=\"noreferrer noopener\">www.perfil.com<\/a> | Ciudad Aut\u00f3noma de Buenos Aires | 29.07.25<\/p>\n\n\n\n<p><\/p>\n","protected":false},"excerpt":{"rendered":"<p>Tras m\u00e1s de veinte a\u00f1os en LS4 Radio Continental, la periodista Marcela Ojeda se despidi\u00f3 este martes de la emisora a trav\u00e9s un mensaje en Instagram. &#8220;Se termin\u00f3 mi ciclo en Radio Continental, una historia de m\u00e1s de dos d\u00e9cadas&#8221;, anunci\u00f3 Marcela Ojeda en esa red social Instagram. En ese sentido, indic\u00f3 que &#8220;ac\u00e1 podr\u00eda &hellip; <a href=\"https:\/\/amplitudmodulada.com.ar\/index.php\/noticia13895\/\" class=\"more-link\">Continu\u00e1 leyendo <span class=\"screen-reader-text\">La periodista Marcela Ojeda se despidi\u00f3 de Radio Continental<\/span><\/a><\/p>\n","protected":false},"author":1,"featured_media":0,"parent":0,"menu_order":0,"comment_status":"closed","ping_status":"closed","template":"","meta":{"footnotes":""},"class_list":["post-8876","page","type-page","status-publish","hentry"],"_links":{"self":[{"href":"https:\/\/amplitudmodulada.com.ar\/index.php\/wp-json\/wp\/v2\/pages\/8876","targetHints":{"allow":["GET"]}}],"collection":[{"href":"https:\/\/amplitudmodulada.com.ar\/index.php\/wp-json\/wp\/v2\/pages"}],"about":[{"href":"https:\/\/amplitudmodulada.com.ar\/index.php\/wp-json\/wp\/v2\/types\/page"}],"author":[{"embeddable":true,"href":"https:\/\/amplitudmodulada.com.ar\/index.php\/wp-json\/wp\/v2\/users\/1"}],"replies":[{"embeddable":true,"href":"https:\/\/amplitudmodulada.com.ar\/index.php\/wp-json\/wp\/v2\/comments?post=8876"}],"version-history":[{"count":4,"href":"https:\/\/amplitudmodulada.com.ar\/index.php\/wp-json\/wp\/v2\/pages\/8876\/revisions"}],"predecessor-version":[{"id":8883,"href":"https:\/\/amplitudmodulada.com.ar\/index.php\/wp-json\/wp\/v2\/pages\/8876\/revisions\/8883"}],"wp:attachment":[{"href":"https:\/\/amplitudmodulada.com.ar\/index.php\/wp-json\/wp\/v2\/media?parent=8876"}],"curies":[{"name":"wp","href":"https:\/\/api.w.org\/{rel}","templated":true}]}}

La periodista Marcela Ojeda se despidió de Radio Continental

<figure class="wp-block-image size-full"><img loading="lazy" decoding="async" width="178" height="51" src="http://amplitudmodulada.com.ar/wp-content/uploads/2024/01/590-e1704494003192.png" alt="" class="wp-image-14"/></figure>



<p>Tras más de veinte años en LS4 Radio Continental, la periodista Marcela Ojeda se despidió este martes de la emisora a través un mensaje en Instagram.</p>



<p>&#8220;Se terminó mi ciclo en Radio Continental, una historia de más de dos décadas&#8221;, anunció Marcela Ojeda en esa red social Instagram.</p>



<p>En ese sentido, indicó que &#8220;acá podría dejar un robusto listado de detalles, anécdotas, recuerdos, personajes y por supuesto noticias con las que me topé, sumar algún que otro lauro, halagos de pares, colegas y profesionales que he respetado toda la vida pero los atesoro, los guardo, acaricio y protejo&#8221;.</p>



<p>&#8220;Haber sido parte de Continental me formó como periodista del mismo modo quienes me precedieron en ese espacio de movilera de la 590&#8221;, añadió la periodista.</p>



<p>&#8220;Nunca romanticé este oficio, es un trabajo, una forma de ver la realidad un poco más ácida y crítica&#8221;, señaló y concluyó que &#8220;ser cronista de exteriores ha sido un honor, un orgullo que compartí con muchos queridos amigos que son parte de mi vida&#8221;.</p>



<p>Fuente: <a href="http://www.perfil.com" data-type="link" data-id="www.perfil.com" target="_blank" rel="noreferrer noopener">www.perfil.com</a> | Ciudad Autónoma de Buenos Aires | 29.07.25</p>



<p></p>

<p>Tras más de veinte años en LS4 Radio Continental, la periodista Marcela Ojeda se despidió este martes de la emisora a través un mensaje en Instagram. &#8220;Se terminó mi ciclo en Radio Continental, una historia de más de dos décadas&#8221;, anunció Marcela Ojeda en esa red social Instagram. En ese sentido, indicó que &#8220;acá podría &hellip; <a href="https://amplitudmodulada.com.ar/index.php/noticia13895/" class="more-link">Continuá leyendo <span class="screen-reader-text">La periodista Marcela Ojeda se despidió de Radio Continental</span></a></p>
