{"id":896,"date":"2024-02-17T19:32:13","date_gmt":"2024-02-17T22:32:13","guid":{"rendered":"https:\/\/amplitudmodulada.com.ar\/?page_id=896"},"modified":"2024-02-17T19:39:17","modified_gmt":"2024-02-17T22:39:17","slug":"noticia12881","status":"publish","type":"page","link":"https:\/\/amplitudmodulada.com.ar\/index.php\/noticia12881\/","title":{"rendered":"Jorge Lanata celebr\u00f3 los doce a\u00f1os en el aire del programa &#8220;Lanata Sin Filtro&#8221;"},"content":{"rendered":"\n<figure class=\"wp-block-image size-large is-resized\"><img loading=\"lazy\" decoding=\"async\" width=\"1024\" height=\"532\" src=\"http:\/\/amplitudmodulada.com.ar\/wp-content\/uploads\/2024\/01\/790-1024x532.png\" alt=\"\" class=\"wp-image-268\" style=\"width:122px;height:auto\"\/><\/figure>\n\n\n\n<p>El periodista Jorge Lanata celebr\u00f3 este martes 6 de febrero los doce a\u00f1os en el aire de LR6 Radio Mitre del programa &#8220;Lanata Sin Filtro&#8221;.<\/p>\n\n\n\n<p>La celebraci\u00f3n incluy\u00f3 el recuerdo de los inicios del programa, el equipo originario del ciclo y algunas an\u00e9cdotas.<\/p>\n\n\n\n<p>&#8220;Radio 10 med\u00eda cuarenta puntos y a nosotros nos traen y nos ponen en un horario completamente rid\u00edculo, de 13.00 a 14.30 horas&#8221;, record\u00f3 Jorge Lanata.<\/p>\n\n\n\n<p>El periodista destac\u00f3 que &#8220;nos pusimos primeros en el primer mes, pasamos a Radio 10 desde el primer mes y esto me impresiona: desde ah\u00ed y hasta hoy seguimos primeros&#8221;.<\/p>\n\n\n\n<p>&#8220;No me asombra durar, sino que sigamos midiendo lo que medimos durante tantos a\u00f1os&#8221;, a\u00f1adi\u00f3.<\/p>\n\n\n\n<p>El programa &#8220;Lanata Sin Filtro&#8221; se emite actualmente de lunes a viernes de 10.00 a 14.00 horas.<\/p>\n\n\n\n<p>Fuente: <a href=\"http:\/\/www.radiomitre.com.ar\" data-type=\"link\" data-id=\"www.radiomitre.com.ar\" target=\"_blank\" rel=\"noreferrer noopener\">www.radiomitre.com.ar<\/a> | Ciudad Aut\u00f3noma de Buenos Aires | 06.02.24<\/p>\n","protected":false},"excerpt":{"rendered":"<p>El periodista Jorge Lanata celebr\u00f3 este martes 6 de febrero los doce a\u00f1os en el aire de LR6 Radio Mitre del programa &#8220;Lanata Sin Filtro&#8221;. La celebraci\u00f3n incluy\u00f3 el recuerdo de los inicios del programa, el equipo originario del ciclo y algunas an\u00e9cdotas. &#8220;Radio 10 med\u00eda cuarenta puntos y a nosotros nos traen y nos &hellip; <a href=\"https:\/\/amplitudmodulada.com.ar\/index.php\/noticia12881\/\" class=\"more-link\">Continu\u00e1 leyendo <span class=\"screen-reader-text\">Jorge Lanata celebr\u00f3 los doce a\u00f1os en el aire del programa &#8220;Lanata Sin Filtro&#8221;<\/span><\/a><\/p>\n","protected":false},"author":1,"featured_media":0,"parent":0,"menu_order":0,"comment_status":"closed","ping_status":"closed","template":"","meta":{"footnotes":""},"class_list":["post-896","page","type-page","status-publish","hentry"],"_links":{"self":[{"href":"https:\/\/amplitudmodulada.com.ar\/index.php\/wp-json\/wp\/v2\/pages\/896","targetHints":{"allow":["GET"]}}],"collection":[{"href":"https:\/\/amplitudmodulada.com.ar\/index.php\/wp-json\/wp\/v2\/pages"}],"about":[{"href":"https:\/\/amplitudmodulada.com.ar\/index.php\/wp-json\/wp\/v2\/types\/page"}],"author":[{"embeddable":true,"href":"https:\/\/amplitudmodulada.com.ar\/index.php\/wp-json\/wp\/v2\/users\/1"}],"replies":[{"embeddable":true,"href":"https:\/\/amplitudmodulada.com.ar\/index.php\/wp-json\/wp\/v2\/comments?post=896"}],"version-history":[{"count":2,"href":"https:\/\/amplitudmodulada.com.ar\/index.php\/wp-json\/wp\/v2\/pages\/896\/revisions"}],"predecessor-version":[{"id":899,"href":"https:\/\/amplitudmodulada.com.ar\/index.php\/wp-json\/wp\/v2\/pages\/896\/revisions\/899"}],"wp:attachment":[{"href":"https:\/\/amplitudmodulada.com.ar\/index.php\/wp-json\/wp\/v2\/media?parent=896"}],"curies":[{"name":"wp","href":"https:\/\/api.w.org\/{rel}","templated":true}]}}

Jorge Lanata celebró los doce años en el aire del programa &#8220;Lanata Sin Filtro&#8221;

<figure class="wp-block-image size-large is-resized"><img loading="lazy" decoding="async" width="1024" height="532" src="http://amplitudmodulada.com.ar/wp-content/uploads/2024/01/790-1024x532.png" alt="" class="wp-image-268" style="width:122px;height:auto"/></figure>



<p>El periodista Jorge Lanata celebró este martes 6 de febrero los doce años en el aire de LR6 Radio Mitre del programa &#8220;Lanata Sin Filtro&#8221;.</p>



<p>La celebración incluyó el recuerdo de los inicios del programa, el equipo originario del ciclo y algunas anécdotas.</p>



<p>&#8220;Radio 10 medía cuarenta puntos y a nosotros nos traen y nos ponen en un horario completamente ridículo, de 13.00 a 14.30 horas&#8221;, recordó Jorge Lanata.</p>



<p>El periodista destacó que &#8220;nos pusimos primeros en el primer mes, pasamos a Radio 10 desde el primer mes y esto me impresiona: desde ahí y hasta hoy seguimos primeros&#8221;.</p>



<p>&#8220;No me asombra durar, sino que sigamos midiendo lo que medimos durante tantos años&#8221;, añadió.</p>



<p>El programa &#8220;Lanata Sin Filtro&#8221; se emite actualmente de lunes a viernes de 10.00 a 14.00 horas.</p>



<p>Fuente: <a href="http://www.radiomitre.com.ar" data-type="link" data-id="www.radiomitre.com.ar" target="_blank" rel="noreferrer noopener">www.radiomitre.com.ar</a> | Ciudad Autónoma de Buenos Aires | 06.02.24</p>

<p>El periodista Jorge Lanata celebró este martes 6 de febrero los doce años en el aire de LR6 Radio Mitre del programa &#8220;Lanata Sin Filtro&#8221;. La celebración incluyó el recuerdo de los inicios del programa, el equipo originario del ciclo y algunas anécdotas. &#8220;Radio 10 medía cuarenta puntos y a nosotros nos traen y nos &hellip; <a href="https://amplitudmodulada.com.ar/index.php/noticia12881/" class="more-link">Continuá leyendo <span class="screen-reader-text">Jorge Lanata celebró los doce años en el aire del programa &#8220;Lanata Sin Filtro&#8221;</span></a></p>
