{"id":8969,"date":"2025-10-04T13:35:19","date_gmt":"2025-10-04T16:35:19","guid":{"rendered":"https:\/\/amplitudmodulada.com.ar\/?page_id=8969"},"modified":"2025-10-04T13:48:41","modified_gmt":"2025-10-04T16:48:41","slug":"noticia13907","status":"publish","type":"page","link":"https:\/\/amplitudmodulada.com.ar\/index.php\/noticia13907\/","title":{"rendered":"Radio Con Vos levanta &#8220;Buenas Tardes China&#8221; y otros programas hist\u00f3ricos"},"content":{"rendered":"\n<figure class=\"wp-block-image size-full\"><img loading=\"lazy\" decoding=\"async\" width=\"162\" height=\"80\" src=\"http:\/\/amplitudmodulada.com.ar\/wp-content\/uploads\/2024\/04\/convos-e1714156853845.png\" alt=\"\" class=\"wp-image-1792\"\/><\/figure>\n\n\n\n<p>La emisora de Frecuencia Modulada Radio Con Vos confirm\u00f3 este lunes que su programaci\u00f3n sufrir\u00e1 una fuerte reestructuraci\u00f3n que implica levantamiento de &#8220;Buenas Tardes China&#8221; y de otros programas hist\u00f3ricos.<\/p>\n\n\n\n<p>El programa &#8220;Buenas Tardes China&#8221;, que conduce Jairo Straccia, abr\u00eda desde hace a\u00f1os la programaci\u00f3n de la emisora a las 6.00 horas.<\/p>\n\n\n\n<p>El programa tuvo su \u00faltima emisi\u00f3n este lunes 4 de agosto, en medio de mensajes de despedida, llamados en vivo de colegas y el respaldo masivo de la audiencia.<\/p>\n\n\n\n<p>La medida se concreta en el marco de una serie de cambios que, seg\u00fan el comunicado oficial de la emisora, tiene como objetivo &#8220;garantizar la sustentabilidad econ\u00f3mica y asegurar la continuidad de su propuesta period\u00edstica&#8221;.<\/p>\n\n\n\n<p>Adem\u00e1s de &#8220;Buenas Tardes China&#8221;, dejar\u00e1n Radio Con Vos&#8221; los programas &#8220;Que no Panda el C\u00fanico&#8221;, con Ernesto Tenembaum, &#8220;Todo Marcha Acorde al Plan&#8221;, con Tamara Pettinato, y &#8220;Podr\u00eda ser Peor&#8221;, con Nicol\u00e1s Fiorentino.<\/p>\n\n\n\n<p>Radio Con Vos sale al aire desde la Ciudad de Buenos Aires en 89.9 Mhz.<\/p>\n\n\n\n<p>Fuente: <a href=\"http:\/\/www.tiempoar.com.ar\" data-type=\"link\" data-id=\"www.tiempoar.com.ar\" target=\"_blank\" rel=\"noreferrer noopener\">www.tiempoar.com.ar<\/a> | Ciudad Aut\u00f3noma de Buenos Aires | 04.08.25<\/p>\n\n\n\n<p><\/p>\n","protected":false},"excerpt":{"rendered":"<p>La emisora de Frecuencia Modulada Radio Con Vos confirm\u00f3 este lunes que su programaci\u00f3n sufrir\u00e1 una fuerte reestructuraci\u00f3n que implica levantamiento de &#8220;Buenas Tardes China&#8221; y de otros programas hist\u00f3ricos. El programa &#8220;Buenas Tardes China&#8221;, que conduce Jairo Straccia, abr\u00eda desde hace a\u00f1os la programaci\u00f3n de la emisora a las 6.00 horas. El programa tuvo &hellip; <a href=\"https:\/\/amplitudmodulada.com.ar\/index.php\/noticia13907\/\" class=\"more-link\">Continu\u00e1 leyendo <span class=\"screen-reader-text\">Radio Con Vos levanta &#8220;Buenas Tardes China&#8221; y otros programas hist\u00f3ricos<\/span><\/a><\/p>\n","protected":false},"author":1,"featured_media":0,"parent":0,"menu_order":0,"comment_status":"closed","ping_status":"closed","template":"","meta":{"footnotes":""},"class_list":["post-8969","page","type-page","status-publish","hentry"],"_links":{"self":[{"href":"https:\/\/amplitudmodulada.com.ar\/index.php\/wp-json\/wp\/v2\/pages\/8969","targetHints":{"allow":["GET"]}}],"collection":[{"href":"https:\/\/amplitudmodulada.com.ar\/index.php\/wp-json\/wp\/v2\/pages"}],"about":[{"href":"https:\/\/amplitudmodulada.com.ar\/index.php\/wp-json\/wp\/v2\/types\/page"}],"author":[{"embeddable":true,"href":"https:\/\/amplitudmodulada.com.ar\/index.php\/wp-json\/wp\/v2\/users\/1"}],"replies":[{"embeddable":true,"href":"https:\/\/amplitudmodulada.com.ar\/index.php\/wp-json\/wp\/v2\/comments?post=8969"}],"version-history":[{"count":3,"href":"https:\/\/amplitudmodulada.com.ar\/index.php\/wp-json\/wp\/v2\/pages\/8969\/revisions"}],"predecessor-version":[{"id":8974,"href":"https:\/\/amplitudmodulada.com.ar\/index.php\/wp-json\/wp\/v2\/pages\/8969\/revisions\/8974"}],"wp:attachment":[{"href":"https:\/\/amplitudmodulada.com.ar\/index.php\/wp-json\/wp\/v2\/media?parent=8969"}],"curies":[{"name":"wp","href":"https:\/\/api.w.org\/{rel}","templated":true}]}}

Radio Con Vos levanta &#8220;Buenas Tardes China&#8221; y otros programas históricos

<figure class="wp-block-image size-full"><img loading="lazy" decoding="async" width="162" height="80" src="http://amplitudmodulada.com.ar/wp-content/uploads/2024/04/convos-e1714156853845.png" alt="" class="wp-image-1792"/></figure>



<p>La emisora de Frecuencia Modulada Radio Con Vos confirmó este lunes que su programación sufrirá una fuerte reestructuración que implica levantamiento de &#8220;Buenas Tardes China&#8221; y de otros programas históricos.</p>



<p>El programa &#8220;Buenas Tardes China&#8221;, que conduce Jairo Straccia, abría desde hace años la programación de la emisora a las 6.00 horas.</p>



<p>El programa tuvo su última emisión este lunes 4 de agosto, en medio de mensajes de despedida, llamados en vivo de colegas y el respaldo masivo de la audiencia.</p>



<p>La medida se concreta en el marco de una serie de cambios que, según el comunicado oficial de la emisora, tiene como objetivo &#8220;garantizar la sustentabilidad económica y asegurar la continuidad de su propuesta periodística&#8221;.</p>



<p>Además de &#8220;Buenas Tardes China&#8221;, dejarán Radio Con Vos&#8221; los programas &#8220;Que no Panda el Cúnico&#8221;, con Ernesto Tenembaum, &#8220;Todo Marcha Acorde al Plan&#8221;, con Tamara Pettinato, y &#8220;Podría ser Peor&#8221;, con Nicolás Fiorentino.</p>



<p>Radio Con Vos sale al aire desde la Ciudad de Buenos Aires en 89.9 Mhz.</p>



<p>Fuente: <a href="http://www.tiempoar.com.ar" data-type="link" data-id="www.tiempoar.com.ar" target="_blank" rel="noreferrer noopener">www.tiempoar.com.ar</a> | Ciudad Autónoma de Buenos Aires | 04.08.25</p>



<p></p>

<p>La emisora de Frecuencia Modulada Radio Con Vos confirmó este lunes que su programación sufrirá una fuerte reestructuración que implica levantamiento de &#8220;Buenas Tardes China&#8221; y de otros programas históricos. El programa &#8220;Buenas Tardes China&#8221;, que conduce Jairo Straccia, abría desde hace años la programación de la emisora a las 6.00 horas. El programa tuvo &hellip; <a href="https://amplitudmodulada.com.ar/index.php/noticia13907/" class="more-link">Continuá leyendo <span class="screen-reader-text">Radio Con Vos levanta &#8220;Buenas Tardes China&#8221; y otros programas históricos</span></a></p>
