{"id":9018,"date":"2025-10-06T20:43:32","date_gmt":"2025-10-06T23:43:32","guid":{"rendered":"https:\/\/amplitudmodulada.com.ar\/?page_id=9018"},"modified":"2025-10-06T20:50:08","modified_gmt":"2025-10-06T23:50:08","slug":"noticia13914","status":"publish","type":"page","link":"https:\/\/amplitudmodulada.com.ar\/index.php\/noticia13914\/","title":{"rendered":"Se estrena este lunes el documental &#8220;LU11, 60 a\u00f1os&#8221;"},"content":{"rendered":"\n<figure class=\"wp-block-image size-full\"><img loading=\"lazy\" decoding=\"async\" width=\"154\" height=\"110\" src=\"http:\/\/amplitudmodulada.com.ar\/wp-content\/uploads\/2025\/10\/LU11-e1759793559585.png\" alt=\"\" class=\"wp-image-9019\"\/><\/figure>\n\n\n\n<p>Se estrena este lunes en Canal 12 de Trenque Lauquen el documental &#8220;LU11, 60 a\u00f1os&#8221;, el cual aborda la gestaci\u00f3n y posterior desarrollo de LU11 Radio Trenque Lauquen.<\/p>\n\n\n\n<p>El documental cuenta con la direcci\u00f3n del reconocido cineasta local Luis Gagnolo y est\u00e1 compuesto por una serie de micros audiovisuales sobre Radio Trenque Lauquen, a trav\u00e9s de los cuales se busca ilustrar a los televidentes acerca de la historia de un grupo de pioneros que en la d\u00e9cada del 60 establecieron esta emisora.<\/p>\n\n\n\n<p>En este marco y por primera vez, se presentar\u00e1n im\u00e1genes exclusivas del d\u00eda de la inauguraci\u00f3n, concretada en 1963, que nunca antes se hab\u00edan difundido.<\/p>\n\n\n\n<p>El documental resalta la influencia de la radio en el desarrollo cultural, comercial y social de la ciudad, a trav\u00e9s de las voces de quienes fueron sus protagonistas: locutores, t\u00e9cnicos y aquellos que contribuyeron a que la emisora cumpla seis d\u00e9cadas de historia.<\/p>\n\n\n\n<p>Se explorar\u00e1n los programas que han dejado una huella imborrable a lo largo de los a\u00f1os y que a\u00fan resuenan en la memoria de la gente, como &#8220;Correo Radial&#8221;, &#8220;El Club de la Buena Yerba&#8221;, &#8220;Aqu\u00ed Barrio Alegre&#8221; y &#8220;El Globo Azul&#8221;, entre otros. <\/p>\n\n\n\n<p>&#8220;LU11, 60 a\u00f1os&#8221;, podr\u00e1 verse desde este lunes hasta el viernes 15 de agosto inclusive, despu\u00e9s del noticiero del mediod\u00eda de Canal 12.<\/p>\n\n\n\n<p>Fuente: <a href=\"http:\/\/www.laopinion.com.ar\" data-type=\"link\" data-id=\"www.laopinion.com.ar\" target=\"_blank\" rel=\"noreferrer noopener\">www.laopinion.com.ar<\/a> | Trenque Lauquen &#8211; Buenos Aires | 11.08.25<\/p>\n\n\n\n<p><\/p>\n","protected":false},"excerpt":{"rendered":"<p>Se estrena este lunes en Canal 12 de Trenque Lauquen el documental &#8220;LU11, 60 a\u00f1os&#8221;, el cual aborda la gestaci\u00f3n y posterior desarrollo de LU11 Radio Trenque Lauquen. El documental cuenta con la direcci\u00f3n del reconocido cineasta local Luis Gagnolo y est\u00e1 compuesto por una serie de micros audiovisuales sobre Radio Trenque Lauquen, a trav\u00e9s &hellip; <a href=\"https:\/\/amplitudmodulada.com.ar\/index.php\/noticia13914\/\" class=\"more-link\">Continu\u00e1 leyendo <span class=\"screen-reader-text\">Se estrena este lunes el documental &#8220;LU11, 60 a\u00f1os&#8221;<\/span><\/a><\/p>\n","protected":false},"author":1,"featured_media":0,"parent":0,"menu_order":0,"comment_status":"closed","ping_status":"closed","template":"","meta":{"footnotes":""},"class_list":["post-9018","page","type-page","status-publish","hentry"],"_links":{"self":[{"href":"https:\/\/amplitudmodulada.com.ar\/index.php\/wp-json\/wp\/v2\/pages\/9018","targetHints":{"allow":["GET"]}}],"collection":[{"href":"https:\/\/amplitudmodulada.com.ar\/index.php\/wp-json\/wp\/v2\/pages"}],"about":[{"href":"https:\/\/amplitudmodulada.com.ar\/index.php\/wp-json\/wp\/v2\/types\/page"}],"author":[{"embeddable":true,"href":"https:\/\/amplitudmodulada.com.ar\/index.php\/wp-json\/wp\/v2\/users\/1"}],"replies":[{"embeddable":true,"href":"https:\/\/amplitudmodulada.com.ar\/index.php\/wp-json\/wp\/v2\/comments?post=9018"}],"version-history":[{"count":3,"href":"https:\/\/amplitudmodulada.com.ar\/index.php\/wp-json\/wp\/v2\/pages\/9018\/revisions"}],"predecessor-version":[{"id":9024,"href":"https:\/\/amplitudmodulada.com.ar\/index.php\/wp-json\/wp\/v2\/pages\/9018\/revisions\/9024"}],"wp:attachment":[{"href":"https:\/\/amplitudmodulada.com.ar\/index.php\/wp-json\/wp\/v2\/media?parent=9018"}],"curies":[{"name":"wp","href":"https:\/\/api.w.org\/{rel}","templated":true}]}}

Se estrena este lunes el documental &#8220;LU11, 60 años&#8221;

<figure class="wp-block-image size-full"><img loading="lazy" decoding="async" width="154" height="110" src="http://amplitudmodulada.com.ar/wp-content/uploads/2025/10/LU11-e1759793559585.png" alt="" class="wp-image-9019"/></figure>



<p>Se estrena este lunes en Canal 12 de Trenque Lauquen el documental &#8220;LU11, 60 años&#8221;, el cual aborda la gestación y posterior desarrollo de LU11 Radio Trenque Lauquen.</p>



<p>El documental cuenta con la dirección del reconocido cineasta local Luis Gagnolo y está compuesto por una serie de micros audiovisuales sobre Radio Trenque Lauquen, a través de los cuales se busca ilustrar a los televidentes acerca de la historia de un grupo de pioneros que en la década del 60 establecieron esta emisora.</p>



<p>En este marco y por primera vez, se presentarán imágenes exclusivas del día de la inauguración, concretada en 1963, que nunca antes se habían difundido.</p>



<p>El documental resalta la influencia de la radio en el desarrollo cultural, comercial y social de la ciudad, a través de las voces de quienes fueron sus protagonistas: locutores, técnicos y aquellos que contribuyeron a que la emisora cumpla seis décadas de historia.</p>



<p>Se explorarán los programas que han dejado una huella imborrable a lo largo de los años y que aún resuenan en la memoria de la gente, como &#8220;Correo Radial&#8221;, &#8220;El Club de la Buena Yerba&#8221;, &#8220;Aquí Barrio Alegre&#8221; y &#8220;El Globo Azul&#8221;, entre otros. </p>



<p>&#8220;LU11, 60 años&#8221;, podrá verse desde este lunes hasta el viernes 15 de agosto inclusive, después del noticiero del mediodía de Canal 12.</p>



<p>Fuente: <a href="http://www.laopinion.com.ar" data-type="link" data-id="www.laopinion.com.ar" target="_blank" rel="noreferrer noopener">www.laopinion.com.ar</a> | Trenque Lauquen &#8211; Buenos Aires | 11.08.25</p>



<p></p>

<p>Se estrena este lunes en Canal 12 de Trenque Lauquen el documental &#8220;LU11, 60 años&#8221;, el cual aborda la gestación y posterior desarrollo de LU11 Radio Trenque Lauquen. El documental cuenta con la dirección del reconocido cineasta local Luis Gagnolo y está compuesto por una serie de micros audiovisuales sobre Radio Trenque Lauquen, a través &hellip; <a href="https://amplitudmodulada.com.ar/index.php/noticia13914/" class="more-link">Continuá leyendo <span class="screen-reader-text">Se estrena este lunes el documental &#8220;LU11, 60 años&#8221;</span></a></p>
