{"id":9086,"date":"2025-10-10T13:09:02","date_gmt":"2025-10-10T16:09:02","guid":{"rendered":"https:\/\/amplitudmodulada.com.ar\/?page_id=9086"},"modified":"2025-10-10T13:13:49","modified_gmt":"2025-10-10T16:13:49","slug":"noticia13924","status":"publish","type":"page","link":"https:\/\/amplitudmodulada.com.ar\/index.php\/noticia13924\/","title":{"rendered":"Radio Mitre celebr\u00f3 sus cien a\u00f1os con una gala en el Teatro Coliseo"},"content":{"rendered":"\n<figure class=\"wp-block-image size-large is-resized\"><img loading=\"lazy\" decoding=\"async\" width=\"1024\" height=\"532\" src=\"http:\/\/amplitudmodulada.com.ar\/wp-content\/uploads\/2024\/01\/790-1024x532.png\" alt=\"\" class=\"wp-image-268\" style=\"width:128px;height:auto\"\/><\/figure>\n\n\n\n<p>LR6 Radio Mitre celebr\u00f3 este s\u00e1bado sus cien a\u00f1os en el aire con una gala en el Teatro Coliseo, lugar en el que se llev\u00f3 a cabo su primera transmisi\u00f3n en 1925.<\/p>\n\n\n\n<p>Ante un teatro colmado, el evento incluy\u00f3 presentaciones art\u00edsticas, homenajes a figuras emblem\u00e1ticas como Mar\u00eda Elena Walsh y Carlos Gardel, y la participaci\u00f3n de destacados conductores y personalidades de la emisora, como Fernando Bravo, Mar\u00eda Isabel S\u00e1nchez, Marcelo Bonelli y Eduardo Feinmann.<\/p>\n\n\n\n<p>Abel Pintos cerr\u00f3 la celebraci\u00f3n entonando el Himno Nacional Argentino, acompa\u00f1ado por la audiencia.<\/p>\n\n\n\n<p>Durante la celebraci\u00f3n, tambi\u00e9n se record\u00f3 a figuras hist\u00f3ricas fallecidas y cont\u00f3 con la presencia de directivos del Grupo Clar\u00edn.<\/p>\n\n\n\n<p>18.08.25<\/p>\n","protected":false},"excerpt":{"rendered":"<p>LR6 Radio Mitre celebr\u00f3 este s\u00e1bado sus cien a\u00f1os en el aire con una gala en el Teatro Coliseo, lugar en el que se llev\u00f3 a cabo su primera transmisi\u00f3n en 1925. Ante un teatro colmado, el evento incluy\u00f3 presentaciones art\u00edsticas, homenajes a figuras emblem\u00e1ticas como Mar\u00eda Elena Walsh y Carlos Gardel, y la participaci\u00f3n &hellip; <a href=\"https:\/\/amplitudmodulada.com.ar\/index.php\/noticia13924\/\" class=\"more-link\">Continu\u00e1 leyendo <span class=\"screen-reader-text\">Radio Mitre celebr\u00f3 sus cien a\u00f1os con una gala en el Teatro Coliseo<\/span><\/a><\/p>\n","protected":false},"author":1,"featured_media":0,"parent":0,"menu_order":0,"comment_status":"closed","ping_status":"closed","template":"","meta":{"footnotes":""},"class_list":["post-9086","page","type-page","status-publish","hentry"],"_links":{"self":[{"href":"https:\/\/amplitudmodulada.com.ar\/index.php\/wp-json\/wp\/v2\/pages\/9086","targetHints":{"allow":["GET"]}}],"collection":[{"href":"https:\/\/amplitudmodulada.com.ar\/index.php\/wp-json\/wp\/v2\/pages"}],"about":[{"href":"https:\/\/amplitudmodulada.com.ar\/index.php\/wp-json\/wp\/v2\/types\/page"}],"author":[{"embeddable":true,"href":"https:\/\/amplitudmodulada.com.ar\/index.php\/wp-json\/wp\/v2\/users\/1"}],"replies":[{"embeddable":true,"href":"https:\/\/amplitudmodulada.com.ar\/index.php\/wp-json\/wp\/v2\/comments?post=9086"}],"version-history":[{"count":2,"href":"https:\/\/amplitudmodulada.com.ar\/index.php\/wp-json\/wp\/v2\/pages\/9086\/revisions"}],"predecessor-version":[{"id":9089,"href":"https:\/\/amplitudmodulada.com.ar\/index.php\/wp-json\/wp\/v2\/pages\/9086\/revisions\/9089"}],"wp:attachment":[{"href":"https:\/\/amplitudmodulada.com.ar\/index.php\/wp-json\/wp\/v2\/media?parent=9086"}],"curies":[{"name":"wp","href":"https:\/\/api.w.org\/{rel}","templated":true}]}}

Radio Mitre celebró sus cien años con una gala en el Teatro Coliseo

<figure class="wp-block-image size-large is-resized"><img loading="lazy" decoding="async" width="1024" height="532" src="http://amplitudmodulada.com.ar/wp-content/uploads/2024/01/790-1024x532.png" alt="" class="wp-image-268" style="width:128px;height:auto"/></figure>



<p>LR6 Radio Mitre celebró este sábado sus cien años en el aire con una gala en el Teatro Coliseo, lugar en el que se llevó a cabo su primera transmisión en 1925.</p>



<p>Ante un teatro colmado, el evento incluyó presentaciones artísticas, homenajes a figuras emblemáticas como María Elena Walsh y Carlos Gardel, y la participación de destacados conductores y personalidades de la emisora, como Fernando Bravo, María Isabel Sánchez, Marcelo Bonelli y Eduardo Feinmann.</p>



<p>Abel Pintos cerró la celebración entonando el Himno Nacional Argentino, acompañado por la audiencia.</p>



<p>Durante la celebración, también se recordó a figuras históricas fallecidas y contó con la presencia de directivos del Grupo Clarín.</p>



<p>18.08.25</p>

<p>LR6 Radio Mitre celebró este sábado sus cien años en el aire con una gala en el Teatro Coliseo, lugar en el que se llevó a cabo su primera transmisión en 1925. Ante un teatro colmado, el evento incluyó presentaciones artísticas, homenajes a figuras emblemáticas como María Elena Walsh y Carlos Gardel, y la participación &hellip; <a href="https://amplitudmodulada.com.ar/index.php/noticia13924/" class="more-link">Continuá leyendo <span class="screen-reader-text">Radio Mitre celebró sus cien años con una gala en el Teatro Coliseo</span></a></p>
