{"id":9092,"date":"2025-10-10T13:32:01","date_gmt":"2025-10-10T16:32:01","guid":{"rendered":"https:\/\/amplitudmodulada.com.ar\/?page_id=9092"},"modified":"2025-10-10T13:32:16","modified_gmt":"2025-10-10T16:32:16","slug":"noticia13925","status":"publish","type":"page","link":"https:\/\/amplitudmodulada.com.ar\/index.php\/noticia13925\/","title":{"rendered":"Se celebra este martes el D\u00eda de la Radio Misionera"},"content":{"rendered":"\n<figure class=\"wp-block-image size-full\"><img loading=\"lazy\" decoding=\"async\" width=\"110\" height=\"110\" src=\"http:\/\/amplitudmodulada.com.ar\/wp-content\/uploads\/2024\/08\/LT17-e1723410081499.png\" alt=\"\" class=\"wp-image-2946\"\/><\/figure>\n\n\n\n<p>Como cada a\u00f1o, se celebra este martes 19 de agosto el D\u00eda de la Radio Misionera, instituido en 2021 por la C\u00e1mara de Representantes de Misiones.<\/p>\n\n\n\n<p>La fecha recuerda la instalaci\u00f3n de la primera emisora en la provincia, creada por Julio Teodoro Cormillot el 19 de agosto de 1927 en Posadas.<\/p>\n\n\n\n<p>La conmemoraci\u00f3n tiene como objetivo reconocer el papel de las radios en la vida social, cultural y comunitaria de Misiones, adem\u00e1s de destacar el aporte de los comunicadores en localidades de frontera y en comunidades donde los medios de comunicaci\u00f3n son escasos.<\/p>\n\n\n\n<p>Julio Teodoro Cormillot fund\u00f3 Radio Mix, emisora que funcionaba con un equipo de 10 watios en antena en la ciudad de Posadas.<\/p>\n\n\n\n<p>A\u00f1os m\u00e1s tarde, la radio mud\u00f3 sus instalaciones al centro de la ciudad y adopt\u00f3 el nombre de Radio Busquet.<\/p>\n\n\n\n<p>En 1934, tras la reglamentaci\u00f3n de la activdad radiof\u00f3nica, Julio Cormillot decid\u00f3 cerrar la emisora por no poder afrontar los costos y se traslad\u00f3 a Encarnaci\u00f3n, Paraguay.<\/p>\n\n\n\n<p>Con el paso del tiempo surgieron nuevas emisoras que consolidaron la presencia de la radio en el territorio, como LT4 de Posadas, LT13 Radio Ober\u00e1, LT17 Radio Provincia de Misiones y LT18 Radio Eldorado.<\/p>\n\n\n\n<p>Fuente: <a href=\"http:\/\/www.canal12misiones.com\" data-type=\"link\" data-id=\"www.canal12misiones.com\" target=\"_blank\" rel=\"noreferrer noopener\">www.canal12misiones.com<\/a> | Posadas &#8211; Misiones | 19.08.25 <\/p>\n","protected":false},"excerpt":{"rendered":"<p>Como cada a\u00f1o, se celebra este martes 19 de agosto el D\u00eda de la Radio Misionera, instituido en 2021 por la C\u00e1mara de Representantes de Misiones. La fecha recuerda la instalaci\u00f3n de la primera emisora en la provincia, creada por Julio Teodoro Cormillot el 19 de agosto de 1927 en Posadas. La conmemoraci\u00f3n tiene como &hellip; <a href=\"https:\/\/amplitudmodulada.com.ar\/index.php\/noticia13925\/\" class=\"more-link\">Continu\u00e1 leyendo <span class=\"screen-reader-text\">Se celebra este martes el D\u00eda de la Radio Misionera<\/span><\/a><\/p>\n","protected":false},"author":1,"featured_media":0,"parent":0,"menu_order":0,"comment_status":"closed","ping_status":"closed","template":"","meta":{"footnotes":""},"class_list":["post-9092","page","type-page","status-publish","hentry"],"_links":{"self":[{"href":"https:\/\/amplitudmodulada.com.ar\/index.php\/wp-json\/wp\/v2\/pages\/9092","targetHints":{"allow":["GET"]}}],"collection":[{"href":"https:\/\/amplitudmodulada.com.ar\/index.php\/wp-json\/wp\/v2\/pages"}],"about":[{"href":"https:\/\/amplitudmodulada.com.ar\/index.php\/wp-json\/wp\/v2\/types\/page"}],"author":[{"embeddable":true,"href":"https:\/\/amplitudmodulada.com.ar\/index.php\/wp-json\/wp\/v2\/users\/1"}],"replies":[{"embeddable":true,"href":"https:\/\/amplitudmodulada.com.ar\/index.php\/wp-json\/wp\/v2\/comments?post=9092"}],"version-history":[{"count":1,"href":"https:\/\/amplitudmodulada.com.ar\/index.php\/wp-json\/wp\/v2\/pages\/9092\/revisions"}],"predecessor-version":[{"id":9093,"href":"https:\/\/amplitudmodulada.com.ar\/index.php\/wp-json\/wp\/v2\/pages\/9092\/revisions\/9093"}],"wp:attachment":[{"href":"https:\/\/amplitudmodulada.com.ar\/index.php\/wp-json\/wp\/v2\/media?parent=9092"}],"curies":[{"name":"wp","href":"https:\/\/api.w.org\/{rel}","templated":true}]}}