{"id":9097,"date":"2025-10-10T16:26:46","date_gmt":"2025-10-10T19:26:46","guid":{"rendered":"https:\/\/amplitudmodulada.com.ar\/?page_id=9097"},"modified":"2025-10-10T21:05:28","modified_gmt":"2025-10-11T00:05:28","slug":"noticia13926","status":"publish","type":"page","link":"https:\/\/amplitudmodulada.com.ar\/index.php\/noticia13926\/","title":{"rendered":"Muere Norberto Pereira, voz emblem\u00e1tica del periodismo deportivo de R\u00edo Negro"},"content":{"rendered":"\n<figure class=\"wp-block-image size-full\"><img loading=\"lazy\" decoding=\"async\" width=\"147\" height=\"88\" src=\"http:\/\/amplitudmodulada.com.ar\/wp-content\/uploads\/2024\/04\/LU18.png\" alt=\"\" class=\"wp-image-1702\"\/><\/figure>\n\n\n\n<p>A los 85 a\u00f1os, falleci\u00f3 este martes 19 de agosto el periodista y relator deportivo Norberto Pereira, de extensa trayectoria en distintos medios radiales de la provincia de R\u00edo Negro.<\/p>\n\n\n\n<p>Nacido en la Ciudad de Buenos Aires en 1940, Norberto Pereira se incorpor\u00f3 en 1963 al plantel de locutores de LU18 Radio El Valle de General Roca.<\/p>\n\n\n\n<p>A\u00f1os despu\u00e9s, trabaj\u00f3 en las otras dos emisoras del Alto Valle de R\u00edo Negro, LU16 Radio R\u00edo Negro de Villa Regina y LU19 La Voz del Comahue de Cipolletti.<\/p>\n\n\n\n<p>En 1971, el entonces locutor radial se mud\u00f3 a Viedma a ra\u00edz de una oferta laboral y se desempe\u00f1\u00f3 a LU15 Radio Viedma.<\/p>\n\n\n\n<p>En esa emisora, el rol de movilero que ejerci\u00f3 lo llev\u00f3 a recorrer dependencias p\u00fablicas provinciales, municipales y privadas en Viedma y Carmen de Patagones.<\/p>\n\n\n\n<p>En ese sentido, Radio Viedma fue pionera en instrumentar la tarea de movilero en veh\u00edculo propio e identificado.<\/p>\n\n\n\n<p>A partir de enero de 2000, incursion\u00f3 en distintas emisoras de Frecuencia Modulada de ambas m\u00e1rgenes del r\u00edo Negro, Carmen de Patagones y Viedma.<\/p>\n\n\n\n<p>Tambi\u00e9n intervino como corresponsal en distintas emisoras de otras ciudades, como LR3 Radio Belgrano, LR4 Radio Splendid, LS5 Radio Rivadavia, LR6 Radio Mitre y LU2 Radio Bah\u00eda Blanca.<\/p>\n\n\n\n<p>Fuente: <a href=\"http:\/\/www.noticiasrionegro.com.ar\" data-type=\"link\" data-id=\"www.noticiasrionegro.com.ar\" target=\"_blank\" rel=\"noreferrer noopener\">www.noticiasrionegro.com.ar<\/a> | Viedma &#8211; R\u00edo Negro | 19.08.25<\/p>\n","protected":false},"excerpt":{"rendered":"<p>A los 85 a\u00f1os, falleci\u00f3 este martes 19 de agosto el periodista y relator deportivo Norberto Pereira, de extensa trayectoria en distintos medios radiales de la provincia de R\u00edo Negro. Nacido en la Ciudad de Buenos Aires en 1940, Norberto Pereira se incorpor\u00f3 en 1963 al plantel de locutores de LU18 Radio El Valle de &hellip; <a href=\"https:\/\/amplitudmodulada.com.ar\/index.php\/noticia13926\/\" class=\"more-link\">Continu\u00e1 leyendo <span class=\"screen-reader-text\">Muere Norberto Pereira, voz emblem\u00e1tica del periodismo deportivo de R\u00edo Negro<\/span><\/a><\/p>\n","protected":false},"author":1,"featured_media":0,"parent":0,"menu_order":0,"comment_status":"closed","ping_status":"closed","template":"","meta":{"footnotes":""},"class_list":["post-9097","page","type-page","status-publish","hentry"],"_links":{"self":[{"href":"https:\/\/amplitudmodulada.com.ar\/index.php\/wp-json\/wp\/v2\/pages\/9097","targetHints":{"allow":["GET"]}}],"collection":[{"href":"https:\/\/amplitudmodulada.com.ar\/index.php\/wp-json\/wp\/v2\/pages"}],"about":[{"href":"https:\/\/amplitudmodulada.com.ar\/index.php\/wp-json\/wp\/v2\/types\/page"}],"author":[{"embeddable":true,"href":"https:\/\/amplitudmodulada.com.ar\/index.php\/wp-json\/wp\/v2\/users\/1"}],"replies":[{"embeddable":true,"href":"https:\/\/amplitudmodulada.com.ar\/index.php\/wp-json\/wp\/v2\/comments?post=9097"}],"version-history":[{"count":2,"href":"https:\/\/amplitudmodulada.com.ar\/index.php\/wp-json\/wp\/v2\/pages\/9097\/revisions"}],"predecessor-version":[{"id":9100,"href":"https:\/\/amplitudmodulada.com.ar\/index.php\/wp-json\/wp\/v2\/pages\/9097\/revisions\/9100"}],"wp:attachment":[{"href":"https:\/\/amplitudmodulada.com.ar\/index.php\/wp-json\/wp\/v2\/media?parent=9097"}],"curies":[{"name":"wp","href":"https:\/\/api.w.org\/{rel}","templated":true}]}}

Muere Norberto Pereira, voz emblemática del periodismo deportivo de Río Negro

<figure class="wp-block-image size-full"><img loading="lazy" decoding="async" width="147" height="88" src="http://amplitudmodulada.com.ar/wp-content/uploads/2024/04/LU18.png" alt="" class="wp-image-1702"/></figure>



<p>A los 85 años, falleció este martes 19 de agosto el periodista y relator deportivo Norberto Pereira, de extensa trayectoria en distintos medios radiales de la provincia de Río Negro.</p>



<p>Nacido en la Ciudad de Buenos Aires en 1940, Norberto Pereira se incorporó en 1963 al plantel de locutores de LU18 Radio El Valle de General Roca.</p>



<p>Años después, trabajó en las otras dos emisoras del Alto Valle de Río Negro, LU16 Radio Río Negro de Villa Regina y LU19 La Voz del Comahue de Cipolletti.</p>



<p>En 1971, el entonces locutor radial se mudó a Viedma a raíz de una oferta laboral y se desempeñó a LU15 Radio Viedma.</p>



<p>En esa emisora, el rol de movilero que ejerció lo llevó a recorrer dependencias públicas provinciales, municipales y privadas en Viedma y Carmen de Patagones.</p>



<p>En ese sentido, Radio Viedma fue pionera en instrumentar la tarea de movilero en vehículo propio e identificado.</p>



<p>A partir de enero de 2000, incursionó en distintas emisoras de Frecuencia Modulada de ambas márgenes del río Negro, Carmen de Patagones y Viedma.</p>



<p>También intervino como corresponsal en distintas emisoras de otras ciudades, como LR3 Radio Belgrano, LR4 Radio Splendid, LS5 Radio Rivadavia, LR6 Radio Mitre y LU2 Radio Bahía Blanca.</p>



<p>Fuente: <a href="http://www.noticiasrionegro.com.ar" data-type="link" data-id="www.noticiasrionegro.com.ar" target="_blank" rel="noreferrer noopener">www.noticiasrionegro.com.ar</a> | Viedma &#8211; Río Negro | 19.08.25</p>

<p>A los 85 años, falleció este martes 19 de agosto el periodista y relator deportivo Norberto Pereira, de extensa trayectoria en distintos medios radiales de la provincia de Río Negro. Nacido en la Ciudad de Buenos Aires en 1940, Norberto Pereira se incorporó en 1963 al plantel de locutores de LU18 Radio El Valle de &hellip; <a href="https://amplitudmodulada.com.ar/index.php/noticia13926/" class="more-link">Continuá leyendo <span class="screen-reader-text">Muere Norberto Pereira, voz emblemática del periodismo deportivo de Río Negro</span></a></p>
