{"id":9103,"date":"2025-10-10T21:39:16","date_gmt":"2025-10-11T00:39:16","guid":{"rendered":"https:\/\/amplitudmodulada.com.ar\/?page_id=9103"},"modified":"2025-10-10T21:40:19","modified_gmt":"2025-10-11T00:40:19","slug":"noticia13927","status":"publish","type":"page","link":"https:\/\/amplitudmodulada.com.ar\/index.php\/noticia13927\/","title":{"rendered":"Contin\u00faan las protestas en LV12 Radio Independencia"},"content":{"rendered":"\n<figure class=\"wp-block-image size-full\"><img loading=\"lazy\" decoding=\"async\" width=\"141\" height=\"80\" src=\"http:\/\/amplitudmodulada.com.ar\/wp-content\/uploads\/2024\/03\/LV12-e1711152370442.png\" alt=\"\" class=\"wp-image-1367\"\/><\/figure>\n\n\n\n<p>Tal como estaba previsto, este martes 19 de agosto los trabajadores de LV12 Radio Independencia llevaron adelante una nueva asamblea para reclamar un incremento de sus haberes.<\/p>\n\n\n\n<p>En esta ocasi\u00f3n y a pedido de las autoridades de la emisora, se hicieron presentes efectivos policiales con el fin de intimidar a los trabajadores que llevan ya tres semanas de protesta.<\/p>\n\n\n\n<p>El delegado gremial de la emisora, Sebasti\u00e1n Vallejo, se\u00f1al\u00f3 que de acuerdo lo votado por unanimidad en la asamblea &#8220;este martes se hizo una manifestaci\u00f3n en las puertas de la emisora y luego el debate se llev\u00f3 adelante en el estudio principal de la radio&#8221;.<\/p>\n\n\n\n<p>El delegado gremial explic\u00f3 que &#8220;los compa\u00f1eros ratificaron la medida de fuerza hasta que la patronal mejore la propuesta que realizaron la semana pasada, la cual fue rechazada rotundamente, ya que ofrecieron un incremento retroactivo a julio del 5% y una suma fija por \u00fanica vez de ochenta mil pesos en el mes de septiembre&#8221;.<\/p>\n\n\n\n<p>En ese marco, ratific\u00f3 que este mi\u00e9rcoles a las 8.30 horas volver\u00e1n a convocarse en asamblea por espacio de una hora, para visibilizar el conflicto salarial que no tiene ninguna respuesta satisfactoria por parte de la emisora de San Miguel de Tucum\u00e1n.<\/p>\n\n\n\n<p>Fuente: <a href=\"http:\/\/www.primerafuente.com.ar\" data-type=\"link\" data-id=\"www.primerafuente.com.ar\" target=\"_blank\" rel=\"noreferrer noopener\">www.primerafuente.com.ar<\/a> | San Miguel de Tucum\u00e1n &#8211; Tucum\u00e1n | 19.08.25<\/p>\n\n\n\n<p><\/p>\n","protected":false},"excerpt":{"rendered":"<p>Tal como estaba previsto, este martes 19 de agosto los trabajadores de LV12 Radio Independencia llevaron adelante una nueva asamblea para reclamar un incremento de sus haberes. En esta ocasi\u00f3n y a pedido de las autoridades de la emisora, se hicieron presentes efectivos policiales con el fin de intimidar a los trabajadores que llevan ya &hellip; <a href=\"https:\/\/amplitudmodulada.com.ar\/index.php\/noticia13927\/\" class=\"more-link\">Continu\u00e1 leyendo <span class=\"screen-reader-text\">Contin\u00faan las protestas en LV12 Radio Independencia<\/span><\/a><\/p>\n","protected":false},"author":1,"featured_media":0,"parent":0,"menu_order":0,"comment_status":"closed","ping_status":"closed","template":"","meta":{"footnotes":""},"class_list":["post-9103","page","type-page","status-publish","hentry"],"_links":{"self":[{"href":"https:\/\/amplitudmodulada.com.ar\/index.php\/wp-json\/wp\/v2\/pages\/9103","targetHints":{"allow":["GET"]}}],"collection":[{"href":"https:\/\/amplitudmodulada.com.ar\/index.php\/wp-json\/wp\/v2\/pages"}],"about":[{"href":"https:\/\/amplitudmodulada.com.ar\/index.php\/wp-json\/wp\/v2\/types\/page"}],"author":[{"embeddable":true,"href":"https:\/\/amplitudmodulada.com.ar\/index.php\/wp-json\/wp\/v2\/users\/1"}],"replies":[{"embeddable":true,"href":"https:\/\/amplitudmodulada.com.ar\/index.php\/wp-json\/wp\/v2\/comments?post=9103"}],"version-history":[{"count":2,"href":"https:\/\/amplitudmodulada.com.ar\/index.php\/wp-json\/wp\/v2\/pages\/9103\/revisions"}],"predecessor-version":[{"id":9105,"href":"https:\/\/amplitudmodulada.com.ar\/index.php\/wp-json\/wp\/v2\/pages\/9103\/revisions\/9105"}],"wp:attachment":[{"href":"https:\/\/amplitudmodulada.com.ar\/index.php\/wp-json\/wp\/v2\/media?parent=9103"}],"curies":[{"name":"wp","href":"https:\/\/api.w.org\/{rel}","templated":true}]}}

Continúan las protestas en LV12 Radio Independencia

<figure class="wp-block-image size-full"><img loading="lazy" decoding="async" width="141" height="80" src="http://amplitudmodulada.com.ar/wp-content/uploads/2024/03/LV12-e1711152370442.png" alt="" class="wp-image-1367"/></figure>



<p>Tal como estaba previsto, este martes 19 de agosto los trabajadores de LV12 Radio Independencia llevaron adelante una nueva asamblea para reclamar un incremento de sus haberes.</p>



<p>En esta ocasión y a pedido de las autoridades de la emisora, se hicieron presentes efectivos policiales con el fin de intimidar a los trabajadores que llevan ya tres semanas de protesta.</p>



<p>El delegado gremial de la emisora, Sebastián Vallejo, señaló que de acuerdo lo votado por unanimidad en la asamblea &#8220;este martes se hizo una manifestación en las puertas de la emisora y luego el debate se llevó adelante en el estudio principal de la radio&#8221;.</p>



<p>El delegado gremial explicó que &#8220;los compañeros ratificaron la medida de fuerza hasta que la patronal mejore la propuesta que realizaron la semana pasada, la cual fue rechazada rotundamente, ya que ofrecieron un incremento retroactivo a julio del 5% y una suma fija por única vez de ochenta mil pesos en el mes de septiembre&#8221;.</p>



<p>En ese marco, ratificó que este miércoles a las 8.30 horas volverán a convocarse en asamblea por espacio de una hora, para visibilizar el conflicto salarial que no tiene ninguna respuesta satisfactoria por parte de la emisora de San Miguel de Tucumán.</p>



<p>Fuente: <a href="http://www.primerafuente.com.ar" data-type="link" data-id="www.primerafuente.com.ar" target="_blank" rel="noreferrer noopener">www.primerafuente.com.ar</a> | San Miguel de Tucumán &#8211; Tucumán | 19.08.25</p>



<p></p>

<p>Tal como estaba previsto, este martes 19 de agosto los trabajadores de LV12 Radio Independencia llevaron adelante una nueva asamblea para reclamar un incremento de sus haberes. En esta ocasión y a pedido de las autoridades de la emisora, se hicieron presentes efectivos policiales con el fin de intimidar a los trabajadores que llevan ya &hellip; <a href="https://amplitudmodulada.com.ar/index.php/noticia13927/" class="more-link">Continuá leyendo <span class="screen-reader-text">Continúan las protestas en LV12 Radio Independencia</span></a></p>
