{"id":9108,"date":"2025-10-11T15:02:47","date_gmt":"2025-10-11T18:02:47","guid":{"rendered":"https:\/\/amplitudmodulada.com.ar\/?page_id=9108"},"modified":"2025-10-11T15:11:10","modified_gmt":"2025-10-11T18:11:10","slug":"noticia13928","status":"publish","type":"page","link":"https:\/\/amplitudmodulada.com.ar\/index.php\/noticia13928\/","title":{"rendered":"Gustavo Sylvestre presentar\u00e1 su \u00faltimo libro en Costa del Este"},"content":{"rendered":"\n<figure class=\"wp-block-image size-full\"><img loading=\"lazy\" decoding=\"async\" width=\"126\" height=\"80\" src=\"http:\/\/amplitudmodulada.com.ar\/wp-content\/uploads\/2024\/01\/710-e1704587121920.png\" alt=\"\" class=\"wp-image-122\"\/><\/figure>\n\n\n\n<p>En el marco del ciclo Charlas de Caf\u00e9, el periodista Gustavo Sylvestre presentar\u00e1 su \u00faltimo libro, dedicado a Pepe Mujica, en la localidad de Costa del Este.<\/p>\n\n\n\n<p>Con entrada libre y gratuira, la presentaci\u00f3n se llevar\u00e1 a cabo el s\u00e1bado 23 de agosto a las 19.00 horas en la Casa Taller Las Gardenias, ubicada en la calle Las Gardenias 673.<\/p>\n\n\n\n<p>El periodista de LRL202 Radio 10 y la se\u00f1al de noticias C5N presentar\u00e1 &#8220;Pepe Mujica. Ligero de Equipaje&#8221;, una obra que recopila charlas y reflexiones del ex presidente de Uruguay y donde se entrelazan an\u00e9cdotas, miradas pol\u00edticas y pensamientos sobre la vida.<\/p>\n\n\n\n<p>Gustavo Sylvestre conduce en Radio 10 el programa &#8220;Ma\u00f1ana Sylvestre&#8221;, que se emite de lunes a viernes de 6.00 a 10.00 horas.<\/p>\n\n\n\n<p>Fuente: <a href=\"http:\/\/www.lacosta.gob.ar\" data-type=\"link\" data-id=\"www.lacosta.gob.ar\" target=\"_blank\" rel=\"noreferrer noopener\">www.lacosta.gob.ar<\/a> | Mar del Tuy\u00b4u &#8211; Buenos Aires | 19.08.25<\/p>\n\n\n\n<p><\/p>\n","protected":false},"excerpt":{"rendered":"<p>En el marco del ciclo Charlas de Caf\u00e9, el periodista Gustavo Sylvestre presentar\u00e1 su \u00faltimo libro, dedicado a Pepe Mujica, en la localidad de Costa del Este. Con entrada libre y gratuira, la presentaci\u00f3n se llevar\u00e1 a cabo el s\u00e1bado 23 de agosto a las 19.00 horas en la Casa Taller Las Gardenias, ubicada en &hellip; <a href=\"https:\/\/amplitudmodulada.com.ar\/index.php\/noticia13928\/\" class=\"more-link\">Continu\u00e1 leyendo <span class=\"screen-reader-text\">Gustavo Sylvestre presentar\u00e1 su \u00faltimo libro en Costa del Este<\/span><\/a><\/p>\n","protected":false},"author":1,"featured_media":0,"parent":0,"menu_order":0,"comment_status":"closed","ping_status":"closed","template":"","meta":{"footnotes":""},"class_list":["post-9108","page","type-page","status-publish","hentry"],"_links":{"self":[{"href":"https:\/\/amplitudmodulada.com.ar\/index.php\/wp-json\/wp\/v2\/pages\/9108","targetHints":{"allow":["GET"]}}],"collection":[{"href":"https:\/\/amplitudmodulada.com.ar\/index.php\/wp-json\/wp\/v2\/pages"}],"about":[{"href":"https:\/\/amplitudmodulada.com.ar\/index.php\/wp-json\/wp\/v2\/types\/page"}],"author":[{"embeddable":true,"href":"https:\/\/amplitudmodulada.com.ar\/index.php\/wp-json\/wp\/v2\/users\/1"}],"replies":[{"embeddable":true,"href":"https:\/\/amplitudmodulada.com.ar\/index.php\/wp-json\/wp\/v2\/comments?post=9108"}],"version-history":[{"count":2,"href":"https:\/\/amplitudmodulada.com.ar\/index.php\/wp-json\/wp\/v2\/pages\/9108\/revisions"}],"predecessor-version":[{"id":9111,"href":"https:\/\/amplitudmodulada.com.ar\/index.php\/wp-json\/wp\/v2\/pages\/9108\/revisions\/9111"}],"wp:attachment":[{"href":"https:\/\/amplitudmodulada.com.ar\/index.php\/wp-json\/wp\/v2\/media?parent=9108"}],"curies":[{"name":"wp","href":"https:\/\/api.w.org\/{rel}","templated":true}]}}

Gustavo Sylvestre presentará su último libro en Costa del Este

<figure class="wp-block-image size-full"><img loading="lazy" decoding="async" width="126" height="80" src="http://amplitudmodulada.com.ar/wp-content/uploads/2024/01/710-e1704587121920.png" alt="" class="wp-image-122"/></figure>



<p>En el marco del ciclo Charlas de Café, el periodista Gustavo Sylvestre presentará su último libro, dedicado a Pepe Mujica, en la localidad de Costa del Este.</p>



<p>Con entrada libre y gratuira, la presentación se llevará a cabo el sábado 23 de agosto a las 19.00 horas en la Casa Taller Las Gardenias, ubicada en la calle Las Gardenias 673.</p>



<p>El periodista de LRL202 Radio 10 y la señal de noticias C5N presentará &#8220;Pepe Mujica. Ligero de Equipaje&#8221;, una obra que recopila charlas y reflexiones del ex presidente de Uruguay y donde se entrelazan anécdotas, miradas políticas y pensamientos sobre la vida.</p>



<p>Gustavo Sylvestre conduce en Radio 10 el programa &#8220;Mañana Sylvestre&#8221;, que se emite de lunes a viernes de 6.00 a 10.00 horas.</p>



<p>Fuente: <a href="http://www.lacosta.gob.ar" data-type="link" data-id="www.lacosta.gob.ar" target="_blank" rel="noreferrer noopener">www.lacosta.gob.ar</a> | Mar del Tuy´u &#8211; Buenos Aires | 19.08.25</p>



<p></p>

<p>En el marco del ciclo Charlas de Café, el periodista Gustavo Sylvestre presentará su último libro, dedicado a Pepe Mujica, en la localidad de Costa del Este. Con entrada libre y gratuira, la presentación se llevará a cabo el sábado 23 de agosto a las 19.00 horas en la Casa Taller Las Gardenias, ubicada en &hellip; <a href="https://amplitudmodulada.com.ar/index.php/noticia13928/" class="more-link">Continuá leyendo <span class="screen-reader-text">Gustavo Sylvestre presentará su último libro en Costa del Este</span></a></p>
