{"id":9121,"date":"2025-10-11T20:14:10","date_gmt":"2025-10-11T23:14:10","guid":{"rendered":"https:\/\/amplitudmodulada.com.ar\/?page_id=9121"},"modified":"2025-10-11T20:27:01","modified_gmt":"2025-10-11T23:27:01","slug":"noticia13930","status":"publish","type":"page","link":"https:\/\/amplitudmodulada.com.ar\/index.php\/noticia13930\/","title":{"rendered":"Un periodista de Radio Mitre fue denunciado por comentarios racistas"},"content":{"rendered":"\n<figure class=\"wp-block-image size-large is-resized\"><img loading=\"lazy\" decoding=\"async\" width=\"1024\" height=\"532\" src=\"http:\/\/amplitudmodulada.com.ar\/wp-content\/uploads\/2024\/01\/790-1024x532.png\" alt=\"\" class=\"wp-image-268\" style=\"width:133px;height:auto\"\/><\/figure>\n\n\n\n<p>En una conferencia de prensa, la Di\u00e1spora Africana de la Argentina (DIAFAR) anunci\u00f3 este mi\u00e9rcoles que radicaron una denuncia contra el conductor de LR6 Radio Mitre Gabriel Anello por sus dichos racistas enunciados el pasado 6 de mayo.<\/p>\n\n\n\n<p>El representante legal de la organizaci\u00f3n, el reconocido abogado de derechos humanos C\u00e9sar Sivo, se\u00f1al\u00f3 en la conferencia de prensa que Gabriel Anello transgredi\u00f3 la tipificaci\u00f3n del art\u00edculo 3 de la Ley 23.592.<\/p>\n\n\n\n<p>En la conferencia de prensa intervino tambi\u00e9n Federico Pita, presidente de DIAFAR, quien explic\u00f3 que &#8220;elegimos esta fecha, 20 de agosto, porque se conmemora un aniversario m\u00e1s del nacimiento de Bernardo Jos\u00e9 de Monteagudo, un hombre de acci\u00f3n, un intelectual revolucionario, pero tambi\u00e9n un periodista&#8221;.<\/p>\n\n\n\n<p>&#8220;Nos encontramos con un gobierno nacional que confunde la propagaci\u00f3n del odio con la libertad de expresi\u00f3n. Entendemos que eso atenta contra la convivencia democr\u00e1tica en el contexto de un enorme retroceso de las conquistas del pueblo organizado&#8221;, indic\u00f3.<\/p>\n\n\n\n<p>Adem\u00e1s, agreg\u00f3 que &#8220;las palabras vertidas por el denunciado, m\u00e1s all\u00e1 de estar dirigidas a un figura p\u00fablica como Juan Rom\u00e1n Riquelme, reproducen estereotipos racistas profundamente arraigados en nuestra sociedad y afectan al conjunto de la comunidad afroargentina y a las mayor\u00edas populares racializadas de nuestro pa\u00eds&#8221;.<\/p>\n\n\n\n<p>Un dato destacado en este sentido es que a los pocos d\u00edas de las declaraciones del conductor de Radio Mitre, el presidente Javier Milei lo visit\u00f3 en su programa, en un respaldo expl\u00edcito a las declaraciones racistas de Gabriel Anello.<\/p>\n\n\n\n<p>Fuente: <a href=\"http:\/\/www.pagina12.com.ar\" data-type=\"link\" data-id=\"www.pagina12.com.ar\" target=\"_blank\" rel=\"noreferrer noopener\">www.pagina12.com.ar<\/a> | Ciudad Aut\u00f3noma de Buenos Aires | 20.08.25<\/p>\n\n\n\n<p><\/p>\n","protected":false},"excerpt":{"rendered":"<p>En una conferencia de prensa, la Di\u00e1spora Africana de la Argentina (DIAFAR) anunci\u00f3 este mi\u00e9rcoles que radicaron una denuncia contra el conductor de LR6 Radio Mitre Gabriel Anello por sus dichos racistas enunciados el pasado 6 de mayo. El representante legal de la organizaci\u00f3n, el reconocido abogado de derechos humanos C\u00e9sar Sivo, se\u00f1al\u00f3 en la &hellip; <a href=\"https:\/\/amplitudmodulada.com.ar\/index.php\/noticia13930\/\" class=\"more-link\">Continu\u00e1 leyendo <span class=\"screen-reader-text\">Un periodista de Radio Mitre fue denunciado por comentarios racistas<\/span><\/a><\/p>\n","protected":false},"author":1,"featured_media":0,"parent":0,"menu_order":0,"comment_status":"closed","ping_status":"closed","template":"","meta":{"footnotes":""},"class_list":["post-9121","page","type-page","status-publish","hentry"],"_links":{"self":[{"href":"https:\/\/amplitudmodulada.com.ar\/index.php\/wp-json\/wp\/v2\/pages\/9121","targetHints":{"allow":["GET"]}}],"collection":[{"href":"https:\/\/amplitudmodulada.com.ar\/index.php\/wp-json\/wp\/v2\/pages"}],"about":[{"href":"https:\/\/amplitudmodulada.com.ar\/index.php\/wp-json\/wp\/v2\/types\/page"}],"author":[{"embeddable":true,"href":"https:\/\/amplitudmodulada.com.ar\/index.php\/wp-json\/wp\/v2\/users\/1"}],"replies":[{"embeddable":true,"href":"https:\/\/amplitudmodulada.com.ar\/index.php\/wp-json\/wp\/v2\/comments?post=9121"}],"version-history":[{"count":3,"href":"https:\/\/amplitudmodulada.com.ar\/index.php\/wp-json\/wp\/v2\/pages\/9121\/revisions"}],"predecessor-version":[{"id":9126,"href":"https:\/\/amplitudmodulada.com.ar\/index.php\/wp-json\/wp\/v2\/pages\/9121\/revisions\/9126"}],"wp:attachment":[{"href":"https:\/\/amplitudmodulada.com.ar\/index.php\/wp-json\/wp\/v2\/media?parent=9121"}],"curies":[{"name":"wp","href":"https:\/\/api.w.org\/{rel}","templated":true}]}}

<figure class="wp-block-image size-large is-resized"><img loading="lazy" decoding="async" width="1024" height="532" src="http://amplitudmodulada.com.ar/wp-content/uploads/2024/01/790-1024x532.png" alt="" class="wp-image-268" style="width:133px;height:auto"/></figure>



<p>En una conferencia de prensa, la Diáspora Africana de la Argentina (DIAFAR) anunció este miércoles que radicaron una denuncia contra el conductor de LR6 Radio Mitre Gabriel Anello por sus dichos racistas enunciados el pasado 6 de mayo.</p>



<p>El representante legal de la organización, el reconocido abogado de derechos humanos César Sivo, señaló en la conferencia de prensa que Gabriel Anello transgredió la tipificación del artículo 3 de la Ley 23.592.</p>



<p>En la conferencia de prensa intervino también Federico Pita, presidente de DIAFAR, quien explicó que &#8220;elegimos esta fecha, 20 de agosto, porque se conmemora un aniversario más del nacimiento de Bernardo José de Monteagudo, un hombre de acción, un intelectual revolucionario, pero también un periodista&#8221;.</p>



<p>&#8220;Nos encontramos con un gobierno nacional que confunde la propagación del odio con la libertad de expresión. Entendemos que eso atenta contra la convivencia democrática en el contexto de un enorme retroceso de las conquistas del pueblo organizado&#8221;, indicó.</p>



<p>Además, agregó que &#8220;las palabras vertidas por el denunciado, más allá de estar dirigidas a un figura pública como Juan Román Riquelme, reproducen estereotipos racistas profundamente arraigados en nuestra sociedad y afectan al conjunto de la comunidad afroargentina y a las mayorías populares racializadas de nuestro país&#8221;.</p>



<p>Un dato destacado en este sentido es que a los pocos días de las declaraciones del conductor de Radio Mitre, el presidente Javier Milei lo visitó en su programa, en un respaldo explícito a las declaraciones racistas de Gabriel Anello.</p>



<p>Fuente: <a href="http://www.pagina12.com.ar" data-type="link" data-id="www.pagina12.com.ar" target="_blank" rel="noreferrer noopener">www.pagina12.com.ar</a> | Ciudad Autónoma de Buenos Aires | 20.08.25</p>



<p></p>

<p>En una conferencia de prensa, la Diáspora Africana de la Argentina (DIAFAR) anunció este miércoles que radicaron una denuncia contra el conductor de LR6 Radio Mitre Gabriel Anello por sus dichos racistas enunciados el pasado 6 de mayo. El representante legal de la organización, el reconocido abogado de derechos humanos César Sivo, señaló en la &hellip; <a href="https://amplitudmodulada.com.ar/index.php/noticia13930/" class="more-link">Continuá leyendo <span class="screen-reader-text">Un periodista de Radio Mitre fue denunciado por comentarios racistas</span></a></p>
