{"id":9210,"date":"2025-10-18T16:29:18","date_gmt":"2025-10-18T19:29:18","guid":{"rendered":"https:\/\/amplitudmodulada.com.ar\/?page_id=9210"},"modified":"2025-10-18T16:36:26","modified_gmt":"2025-10-18T19:36:26","slug":"noticia13943","status":"publish","type":"page","link":"https:\/\/amplitudmodulada.com.ar\/index.php\/noticia13943\/","title":{"rendered":"Se celebra este mi\u00e9rcoles en Argentina el D\u00eda de la Radio"},"content":{"rendered":"\n<figure class=\"wp-block-image size-full\"><img loading=\"lazy\" decoding=\"async\" width=\"142\" height=\"100\" src=\"http:\/\/amplitudmodulada.com.ar\/wp-content\/uploads\/2024\/03\/radio-e1709292539196.png\" alt=\"\" class=\"wp-image-1088\"\/><\/figure>\n\n\n\n<p>Se celebra este mi\u00e9rcoles 27 de agosto en Argentina el D\u00eda de la Radio, en honor a la primera transmisi\u00f3n radial realizada en 1920 por un grupo de pioneros apodados &#8220;los locos de la azotea&#8221;.<\/p>\n\n\n\n<p>Este grupo, integrado por Enrique Tel\u00e9maco Susini, Miguel Mujica, C\u00e9sar Guerrico y Luis Romero Carranza, era apasionado por los avances tecnol\u00f3gicos de su tiempo, especialmente lo relacionado con las ondas de radio.<\/p>\n\n\n\n<p>Desde la terraza del Teatro Coliseo en la ciudad de Buenos Aires, transmitieron la \u00f3pera &#8220;Parsifal&#8221; de Richard Wagner, convirti\u00e9ndose en protagonistas de un momento clave en la historia de la radio, no solo a nivel nacional sino tambi\u00e9n internacional.<\/p>\n\n\n\n<p>Desde ese hito surgi\u00f3 Radio Argentina, la primera emisora con programaci\u00f3n regular en el pa\u00eds y una de las primeras de habla hispana en el mundo.<\/p>\n\n\n\n<p>Con el tiempo, se sumaron otras radios, como Radio Sudamericana, Radio Cultura, Radio Brusa (m\u00e1s tarde Excelsior), Radio Splendid y Radio Nacional, entre muchas otras, consolidando un medio que acompa\u00f1\u00f3 el crecimiento del pa\u00eds.<\/p>\n\n\n\n<p>27.08.25 <\/p>\n","protected":false},"excerpt":{"rendered":"<p>Se celebra este mi\u00e9rcoles 27 de agosto en Argentina el D\u00eda de la Radio, en honor a la primera transmisi\u00f3n radial realizada en 1920 por un grupo de pioneros apodados &#8220;los locos de la azotea&#8221;. Este grupo, integrado por Enrique Tel\u00e9maco Susini, Miguel Mujica, C\u00e9sar Guerrico y Luis Romero Carranza, era apasionado por los avances &hellip; <a href=\"https:\/\/amplitudmodulada.com.ar\/index.php\/noticia13943\/\" class=\"more-link\">Continu\u00e1 leyendo <span class=\"screen-reader-text\">Se celebra este mi\u00e9rcoles en Argentina el D\u00eda de la Radio<\/span><\/a><\/p>\n","protected":false},"author":1,"featured_media":0,"parent":0,"menu_order":0,"comment_status":"closed","ping_status":"closed","template":"","meta":{"footnotes":""},"class_list":["post-9210","page","type-page","status-publish","hentry"],"_links":{"self":[{"href":"https:\/\/amplitudmodulada.com.ar\/index.php\/wp-json\/wp\/v2\/pages\/9210","targetHints":{"allow":["GET"]}}],"collection":[{"href":"https:\/\/amplitudmodulada.com.ar\/index.php\/wp-json\/wp\/v2\/pages"}],"about":[{"href":"https:\/\/amplitudmodulada.com.ar\/index.php\/wp-json\/wp\/v2\/types\/page"}],"author":[{"embeddable":true,"href":"https:\/\/amplitudmodulada.com.ar\/index.php\/wp-json\/wp\/v2\/users\/1"}],"replies":[{"embeddable":true,"href":"https:\/\/amplitudmodulada.com.ar\/index.php\/wp-json\/wp\/v2\/comments?post=9210"}],"version-history":[{"count":2,"href":"https:\/\/amplitudmodulada.com.ar\/index.php\/wp-json\/wp\/v2\/pages\/9210\/revisions"}],"predecessor-version":[{"id":9213,"href":"https:\/\/amplitudmodulada.com.ar\/index.php\/wp-json\/wp\/v2\/pages\/9210\/revisions\/9213"}],"wp:attachment":[{"href":"https:\/\/amplitudmodulada.com.ar\/index.php\/wp-json\/wp\/v2\/media?parent=9210"}],"curies":[{"name":"wp","href":"https:\/\/api.w.org\/{rel}","templated":true}]}}

Se celebra este miércoles en Argentina el Día de la Radio

<figure class="wp-block-image size-full"><img loading="lazy" decoding="async" width="142" height="100" src="http://amplitudmodulada.com.ar/wp-content/uploads/2024/03/radio-e1709292539196.png" alt="" class="wp-image-1088"/></figure>



<p>Se celebra este miércoles 27 de agosto en Argentina el Día de la Radio, en honor a la primera transmisión radial realizada en 1920 por un grupo de pioneros apodados &#8220;los locos de la azotea&#8221;.</p>



<p>Este grupo, integrado por Enrique Telémaco Susini, Miguel Mujica, César Guerrico y Luis Romero Carranza, era apasionado por los avances tecnológicos de su tiempo, especialmente lo relacionado con las ondas de radio.</p>



<p>Desde la terraza del Teatro Coliseo en la ciudad de Buenos Aires, transmitieron la ópera &#8220;Parsifal&#8221; de Richard Wagner, convirtiéndose en protagonistas de un momento clave en la historia de la radio, no solo a nivel nacional sino también internacional.</p>



<p>Desde ese hito surgió Radio Argentina, la primera emisora con programación regular en el país y una de las primeras de habla hispana en el mundo.</p>



<p>Con el tiempo, se sumaron otras radios, como Radio Sudamericana, Radio Cultura, Radio Brusa (más tarde Excelsior), Radio Splendid y Radio Nacional, entre muchas otras, consolidando un medio que acompañó el crecimiento del país.</p>



<p>27.08.25 </p>

<p>Se celebra este miércoles 27 de agosto en Argentina el Día de la Radio, en honor a la primera transmisión radial realizada en 1920 por un grupo de pioneros apodados &#8220;los locos de la azotea&#8221;. Este grupo, integrado por Enrique Telémaco Susini, Miguel Mujica, César Guerrico y Luis Romero Carranza, era apasionado por los avances &hellip; <a href="https://amplitudmodulada.com.ar/index.php/noticia13943/" class="more-link">Continuá leyendo <span class="screen-reader-text">Se celebra este miércoles en Argentina el Día de la Radio</span></a></p>
