{"id":9304,"date":"2025-10-22T21:06:54","date_gmt":"2025-10-23T00:06:54","guid":{"rendered":"https:\/\/amplitudmodulada.com.ar\/?page_id=9304"},"modified":"2025-10-22T21:08:13","modified_gmt":"2025-10-23T00:08:13","slug":"noticia13955","status":"publish","type":"page","link":"https:\/\/amplitudmodulada.com.ar\/index.php\/noticia13955\/","title":{"rendered":"Alejandro Dolina: &#8220;Hay jactancia de ser ignorante y cruel&#8221;"},"content":{"rendered":"\n<figure class=\"wp-block-image size-full is-style-rounded\"><img loading=\"lazy\" decoding=\"async\" width=\"144\" height=\"75\" src=\"http:\/\/amplitudmodulada.com.ar\/wp-content\/uploads\/2024\/01\/750-e1705525955651.jpg\" alt=\"\" class=\"wp-image-348\"\/><\/figure>\n\n\n\n<p>En di\u00e1logo con el portal Infobae, el escritor y conductor radial Alejandro Dolina reflexion\u00f3 este mi\u00e9rcoles sobre el estado de la sociedad y las nuevas formas de comunicarse y asegur\u00f3 que &#8220;hay jactancia de ser ignorante y cruel&#8221;.<\/p>\n\n\n\n<p>&#8220;En algunos foros pega mejor, uno es m\u00e1s simp\u00e1tico con su crueldad y con su ignorancia que con su mansedumbre&#8221;, a\u00f1adi\u00f3.<\/p>\n\n\n\n<p>En ese sentido, el conductor de &#8220;La Venganza Ser\u00e1 Terrible&#8221; afirm\u00f3 que en la sociedad actual la ignorancia y la crueldad a veces son vistas como algo positivo o aceptado, con una tendencia a la celebraci\u00f3n del &#8220;no saber&#8221;.<\/p>\n\n\n\n<p>Asimismo, se\u00f1al\u00f3 que, mientras antes la ignorancia era motivo para aprender, ahora la gente parece jactarse de ella, a veces encontrando que una actitud cruel o ignorante es bien recibida en ciertos foros.<\/p>\n\n\n\n<p>Alejandro Dolina conduce &#8220;La Venganza Ser\u00e1 Terrible&#8221; en LRL203 AM 750 de martes a s\u00e1bados de 0.00 a 2.00 horas.<\/p>\n\n\n\n<p>Fuente: <a href=\"http:\/\/www.diarioregistrado.com\" data-type=\"link\" data-id=\"www.diarioregistrado.com\" target=\"_blank\" rel=\"noreferrer noopener\">www.diarioregistrado.com<\/a> | Ciudad Aut\u00f3noma de Buenos Aires | 03.09.25<\/p>\n\n\n\n<p><\/p>\n","protected":false},"excerpt":{"rendered":"<p>En di\u00e1logo con el portal Infobae, el escritor y conductor radial Alejandro Dolina reflexion\u00f3 este mi\u00e9rcoles sobre el estado de la sociedad y las nuevas formas de comunicarse y asegur\u00f3 que &#8220;hay jactancia de ser ignorante y cruel&#8221;. &#8220;En algunos foros pega mejor, uno es m\u00e1s simp\u00e1tico con su crueldad y con su ignorancia que &hellip; <a href=\"https:\/\/amplitudmodulada.com.ar\/index.php\/noticia13955\/\" class=\"more-link\">Continu\u00e1 leyendo <span class=\"screen-reader-text\">Alejandro Dolina: &#8220;Hay jactancia de ser ignorante y cruel&#8221;<\/span><\/a><\/p>\n","protected":false},"author":1,"featured_media":0,"parent":0,"menu_order":0,"comment_status":"closed","ping_status":"closed","template":"","meta":{"footnotes":""},"class_list":["post-9304","page","type-page","status-publish","hentry"],"_links":{"self":[{"href":"https:\/\/amplitudmodulada.com.ar\/index.php\/wp-json\/wp\/v2\/pages\/9304","targetHints":{"allow":["GET"]}}],"collection":[{"href":"https:\/\/amplitudmodulada.com.ar\/index.php\/wp-json\/wp\/v2\/pages"}],"about":[{"href":"https:\/\/amplitudmodulada.com.ar\/index.php\/wp-json\/wp\/v2\/types\/page"}],"author":[{"embeddable":true,"href":"https:\/\/amplitudmodulada.com.ar\/index.php\/wp-json\/wp\/v2\/users\/1"}],"replies":[{"embeddable":true,"href":"https:\/\/amplitudmodulada.com.ar\/index.php\/wp-json\/wp\/v2\/comments?post=9304"}],"version-history":[{"count":2,"href":"https:\/\/amplitudmodulada.com.ar\/index.php\/wp-json\/wp\/v2\/pages\/9304\/revisions"}],"predecessor-version":[{"id":9307,"href":"https:\/\/amplitudmodulada.com.ar\/index.php\/wp-json\/wp\/v2\/pages\/9304\/revisions\/9307"}],"wp:attachment":[{"href":"https:\/\/amplitudmodulada.com.ar\/index.php\/wp-json\/wp\/v2\/media?parent=9304"}],"curies":[{"name":"wp","href":"https:\/\/api.w.org\/{rel}","templated":true}]}}

<figure class="wp-block-image size-full is-style-rounded"><img loading="lazy" decoding="async" width="144" height="75" src="http://amplitudmodulada.com.ar/wp-content/uploads/2024/01/750-e1705525955651.jpg" alt="" class="wp-image-348"/></figure>



<p>En diálogo con el portal Infobae, el escritor y conductor radial Alejandro Dolina reflexionó este miércoles sobre el estado de la sociedad y las nuevas formas de comunicarse y aseguró que &#8220;hay jactancia de ser ignorante y cruel&#8221;.</p>



<p>&#8220;En algunos foros pega mejor, uno es más simpático con su crueldad y con su ignorancia que con su mansedumbre&#8221;, añadió.</p>



<p>En ese sentido, el conductor de &#8220;La Venganza Será Terrible&#8221; afirmó que en la sociedad actual la ignorancia y la crueldad a veces son vistas como algo positivo o aceptado, con una tendencia a la celebración del &#8220;no saber&#8221;.</p>



<p>Asimismo, señaló que, mientras antes la ignorancia era motivo para aprender, ahora la gente parece jactarse de ella, a veces encontrando que una actitud cruel o ignorante es bien recibida en ciertos foros.</p>



<p>Alejandro Dolina conduce &#8220;La Venganza Será Terrible&#8221; en LRL203 AM 750 de martes a sábados de 0.00 a 2.00 horas.</p>



<p>Fuente: <a href="http://www.diarioregistrado.com" data-type="link" data-id="www.diarioregistrado.com" target="_blank" rel="noreferrer noopener">www.diarioregistrado.com</a> | Ciudad Autónoma de Buenos Aires | 03.09.25</p>



<p></p>

<p>En diálogo con el portal Infobae, el escritor y conductor radial Alejandro Dolina reflexionó este miércoles sobre el estado de la sociedad y las nuevas formas de comunicarse y aseguró que &#8220;hay jactancia de ser ignorante y cruel&#8221;. &#8220;En algunos foros pega mejor, uno es más simpático con su crueldad y con su ignorancia que &hellip; <a href="https://amplitudmodulada.com.ar/index.php/noticia13955/" class="more-link">Continuá leyendo <span class="screen-reader-text">Alejandro Dolina: &#8220;Hay jactancia de ser ignorante y cruel&#8221;</span></a></p>
