{"id":9342,"date":"2025-10-28T20:18:21","date_gmt":"2025-10-28T23:18:21","guid":{"rendered":"https:\/\/amplitudmodulada.com.ar\/?page_id=9342"},"modified":"2025-10-28T20:32:22","modified_gmt":"2025-10-28T23:32:22","slug":"noticia13960","status":"publish","type":"page","link":"https:\/\/amplitudmodulada.com.ar\/index.php\/noticia13960\/","title":{"rendered":"LV1 Radio Col\u00f3n de San Juan celebr\u00f3 sus noventa y cinco a\u00f1os en el aire"},"content":{"rendered":"\n<figure class=\"wp-block-image size-full\"><img loading=\"lazy\" decoding=\"async\" width=\"120\" height=\"110\" src=\"http:\/\/amplitudmodulada.com.ar\/wp-content\/uploads\/2024\/08\/LV1-e1725041717297.png\" alt=\"\" class=\"wp-image-3561\"\/><\/figure>\n\n\n\n<p>Con una transmisi\u00f3n especial, LV1 Radio Col\u00f3n de San Juan celebr\u00f3 este viernes 5 de septiembre los noventa y cinco a\u00f1os de su primera emisi\u00f3n.<\/p>\n\n\n\n<p>La transmisi\u00f3n especial, que comenz\u00f3 a las 9.00 horas, incluy\u00f3 recuerdos de quienes pasaron por la emisora, saludos de los oyentes y entrevistas a figuras que marcaron su historia.<\/p>\n\n\n\n<p>El festejo por el 95\u00ba aniversario de Radio Col\u00f3n tambi\u00e9n cont\u00f3 con la presencia de autoridades provinciales y la actuaci\u00f3n de la Banda de M\u00fasica de la Polic\u00eda de San Juan, que ofreci\u00f3 un repertorio especial.<\/p>\n\n\n\n<p>Cabe recordar que este a\u00f1o se concret\u00f3 la venta de la empresa que opera la emisora, Col\u00f3n Sociedad An\u00f3nima de Radiodifusi\u00f3n y Televisi\u00f3n, hasta entonces propiedad de Jos\u00e9 Agust\u00edn Ram\u00edrez, a sus nuevos due\u00f1os, Julio Alfredo Pe\u00f1a y Mar\u00eda Mercedes G\u00f3mez Cornejo.<\/p>\n\n\n\n<p>A partir de este cambio de gesti\u00f3n, la radio inagur\u00f3 una nueva sede, ubicada en General Acha y Mitre, e incorpor\u00f3 las transmisiones por streaming.<\/p>\n\n\n\n<p>Radio Col\u00f3n sale al aire habitualmente por 560 Khz. y 106.3 Mhz.<\/p>\n\n\n\n<p>Fuente: <a href=\"http:\/\/www.0264noticias.com.ar\" data-type=\"link\" data-id=\"www.0264noticias.com.ar\" target=\"_blank\" rel=\"noreferrer noopener\">www.0264noticias.com.ar<\/a> | San Juan &#8211; San Juan | 05.09.25<\/p>\n\n\n\n<p><\/p>\n","protected":false},"excerpt":{"rendered":"<p>Con una transmisi\u00f3n especial, LV1 Radio Col\u00f3n de San Juan celebr\u00f3 este viernes 5 de septiembre los noventa y cinco a\u00f1os de su primera emisi\u00f3n. La transmisi\u00f3n especial, que comenz\u00f3 a las 9.00 horas, incluy\u00f3 recuerdos de quienes pasaron por la emisora, saludos de los oyentes y entrevistas a figuras que marcaron su historia. El &hellip; <a href=\"https:\/\/amplitudmodulada.com.ar\/index.php\/noticia13960\/\" class=\"more-link\">Continu\u00e1 leyendo <span class=\"screen-reader-text\">LV1 Radio Col\u00f3n de San Juan celebr\u00f3 sus noventa y cinco a\u00f1os en el aire<\/span><\/a><\/p>\n","protected":false},"author":1,"featured_media":0,"parent":0,"menu_order":0,"comment_status":"closed","ping_status":"closed","template":"","meta":{"footnotes":""},"class_list":["post-9342","page","type-page","status-publish","hentry"],"_links":{"self":[{"href":"https:\/\/amplitudmodulada.com.ar\/index.php\/wp-json\/wp\/v2\/pages\/9342","targetHints":{"allow":["GET"]}}],"collection":[{"href":"https:\/\/amplitudmodulada.com.ar\/index.php\/wp-json\/wp\/v2\/pages"}],"about":[{"href":"https:\/\/amplitudmodulada.com.ar\/index.php\/wp-json\/wp\/v2\/types\/page"}],"author":[{"embeddable":true,"href":"https:\/\/amplitudmodulada.com.ar\/index.php\/wp-json\/wp\/v2\/users\/1"}],"replies":[{"embeddable":true,"href":"https:\/\/amplitudmodulada.com.ar\/index.php\/wp-json\/wp\/v2\/comments?post=9342"}],"version-history":[{"count":3,"href":"https:\/\/amplitudmodulada.com.ar\/index.php\/wp-json\/wp\/v2\/pages\/9342\/revisions"}],"predecessor-version":[{"id":9347,"href":"https:\/\/amplitudmodulada.com.ar\/index.php\/wp-json\/wp\/v2\/pages\/9342\/revisions\/9347"}],"wp:attachment":[{"href":"https:\/\/amplitudmodulada.com.ar\/index.php\/wp-json\/wp\/v2\/media?parent=9342"}],"curies":[{"name":"wp","href":"https:\/\/api.w.org\/{rel}","templated":true}]}}

LV1 Radio Colón de San Juan celebró sus noventa y cinco años en el aire

<figure class="wp-block-image size-full"><img loading="lazy" decoding="async" width="120" height="110" src="http://amplitudmodulada.com.ar/wp-content/uploads/2024/08/LV1-e1725041717297.png" alt="" class="wp-image-3561"/></figure>



<p>Con una transmisión especial, LV1 Radio Colón de San Juan celebró este viernes 5 de septiembre los noventa y cinco años de su primera emisión.</p>



<p>La transmisión especial, que comenzó a las 9.00 horas, incluyó recuerdos de quienes pasaron por la emisora, saludos de los oyentes y entrevistas a figuras que marcaron su historia.</p>



<p>El festejo por el 95º aniversario de Radio Colón también contó con la presencia de autoridades provinciales y la actuación de la Banda de Música de la Policía de San Juan, que ofreció un repertorio especial.</p>



<p>Cabe recordar que este año se concretó la venta de la empresa que opera la emisora, Colón Sociedad Anónima de Radiodifusión y Televisión, hasta entonces propiedad de José Agustín Ramírez, a sus nuevos dueños, Julio Alfredo Peña y María Mercedes Gómez Cornejo.</p>



<p>A partir de este cambio de gestión, la radio inaguró una nueva sede, ubicada en General Acha y Mitre, e incorporó las transmisiones por streaming.</p>



<p>Radio Colón sale al aire habitualmente por 560 Khz. y 106.3 Mhz.</p>



<p>Fuente: <a href="http://www.0264noticias.com.ar" data-type="link" data-id="www.0264noticias.com.ar" target="_blank" rel="noreferrer noopener">www.0264noticias.com.ar</a> | San Juan &#8211; San Juan | 05.09.25</p>



<p></p>

<p>Con una transmisión especial, LV1 Radio Colón de San Juan celebró este viernes 5 de septiembre los noventa y cinco años de su primera emisión. La transmisión especial, que comenzó a las 9.00 horas, incluyó recuerdos de quienes pasaron por la emisora, saludos de los oyentes y entrevistas a figuras que marcaron su historia. El &hellip; <a href="https://amplitudmodulada.com.ar/index.php/noticia13960/" class="more-link">Continuá leyendo <span class="screen-reader-text">LV1 Radio Colón de San Juan celebró sus noventa y cinco años en el aire</span></a></p>
