{"id":9366,"date":"2025-10-29T08:01:38","date_gmt":"2025-10-29T11:01:38","guid":{"rendered":"https:\/\/amplitudmodulada.com.ar\/?page_id=9366"},"modified":"2025-10-29T08:12:24","modified_gmt":"2025-10-29T11:12:24","slug":"noticia13963","status":"publish","type":"page","link":"https:\/\/amplitudmodulada.com.ar\/index.php\/noticia13963\/","title":{"rendered":"Comenz\u00f3 en Radio Nacional el ciclo &#8220;Cultura Nacional&#8221;"},"content":{"rendered":"\n<figure class=\"wp-block-image size-full\"><img loading=\"lazy\" decoding=\"async\" width=\"115\" height=\"115\" src=\"http:\/\/amplitudmodulada.com.ar\/wp-content\/uploads\/2024\/08\/870-e1725136537153.png\" alt=\"\" class=\"wp-image-3611\"\/><\/figure>\n\n\n\n<p>Comenz\u00f3 este viernes 5 de septiembre en LRA1 Radio Nacional Buenos Aires &#8220;Cultura Nacional&#8221;, el programa de la Secretar\u00eda de Cultura de la Naci\u00f3n. El nuevo ciclo saldr\u00e1 al aire todos los viernes de 21.00 a 22.00 horas.<\/p>\n\n\n\n<p>En cada emisi\u00f3n de &#8220;Cultura Nacional&#8221; se difundir\u00e1n actividades y encuentros promovidos en distintos \u00e1mbitos de nuestra cultura y contar\u00e1 con la conducci\u00f3n de Daniela Pantano.<\/p>\n\n\n\n<p>En su primera emisi\u00f3n, particip\u00f3 como invitado el secretario de Cultura, Leandro Cifelli, quien repas\u00f3 su trayectoria profesional como productor teatral de m\u00e1s de un centenar de espect\u00e1culos y en la gesti\u00f3n p\u00fablica, como jefe de Gabinete de \u00c1ngel Mahler en la ciudad de Buenos Aires.<\/p>\n\n\n\n<p>Tambi\u00e9n estuvo presente el cantante y actor Ra\u00fal Lavi\u00e9, quien anticip\u00f3 detalles del espect\u00e1culo que encabezar\u00eda el s\u00e1bado 6 de septiembre en el Auditorio Nacional del Palacio Libertad.<\/p>\n\n\n\n<p>La pr\u00f3xima emisi\u00f3n de &#8220;Cultura Nacional&#8221;, que saldr\u00e1 al aire el viernes 12 de septiembre, tendr\u00e1 como invitados al director del Teatro Nacional Cervantes, Gonzalo Demar\u00eda, y al director del Museo Nacional Terry de Tilcara, provincia de Jujuy, Juan Mu\u00f1oz.<\/p>\n\n\n\n<p>Fuente: <a href=\"http:\/\/www.argentina.gob.ar\" data-type=\"link\" data-id=\"www.argentina.gob.ar\" target=\"_blank\" rel=\"noreferrer noopener\">www.argentina.gob.ar<\/a> | Ciudad Aut\u00f3noma de Buenos Aires | 08.09.25<\/p>\n\n\n\n<p><\/p>\n","protected":false},"excerpt":{"rendered":"<p>Comenz\u00f3 este viernes 5 de septiembre en LRA1 Radio Nacional Buenos Aires &#8220;Cultura Nacional&#8221;, el programa de la Secretar\u00eda de Cultura de la Naci\u00f3n. El nuevo ciclo saldr\u00e1 al aire todos los viernes de 21.00 a 22.00 horas. En cada emisi\u00f3n de &#8220;Cultura Nacional&#8221; se difundir\u00e1n actividades y encuentros promovidos en distintos \u00e1mbitos de nuestra &hellip; <a href=\"https:\/\/amplitudmodulada.com.ar\/index.php\/noticia13963\/\" class=\"more-link\">Continu\u00e1 leyendo <span class=\"screen-reader-text\">Comenz\u00f3 en Radio Nacional el ciclo &#8220;Cultura Nacional&#8221;<\/span><\/a><\/p>\n","protected":false},"author":1,"featured_media":0,"parent":0,"menu_order":0,"comment_status":"closed","ping_status":"closed","template":"","meta":{"footnotes":""},"class_list":["post-9366","page","type-page","status-publish","hentry"],"_links":{"self":[{"href":"https:\/\/amplitudmodulada.com.ar\/index.php\/wp-json\/wp\/v2\/pages\/9366","targetHints":{"allow":["GET"]}}],"collection":[{"href":"https:\/\/amplitudmodulada.com.ar\/index.php\/wp-json\/wp\/v2\/pages"}],"about":[{"href":"https:\/\/amplitudmodulada.com.ar\/index.php\/wp-json\/wp\/v2\/types\/page"}],"author":[{"embeddable":true,"href":"https:\/\/amplitudmodulada.com.ar\/index.php\/wp-json\/wp\/v2\/users\/1"}],"replies":[{"embeddable":true,"href":"https:\/\/amplitudmodulada.com.ar\/index.php\/wp-json\/wp\/v2\/comments?post=9366"}],"version-history":[{"count":3,"href":"https:\/\/amplitudmodulada.com.ar\/index.php\/wp-json\/wp\/v2\/pages\/9366\/revisions"}],"predecessor-version":[{"id":9371,"href":"https:\/\/amplitudmodulada.com.ar\/index.php\/wp-json\/wp\/v2\/pages\/9366\/revisions\/9371"}],"wp:attachment":[{"href":"https:\/\/amplitudmodulada.com.ar\/index.php\/wp-json\/wp\/v2\/media?parent=9366"}],"curies":[{"name":"wp","href":"https:\/\/api.w.org\/{rel}","templated":true}]}}

Comenzó en Radio Nacional el ciclo &#8220;Cultura Nacional&#8221;

<figure class="wp-block-image size-full"><img loading="lazy" decoding="async" width="115" height="115" src="http://amplitudmodulada.com.ar/wp-content/uploads/2024/08/870-e1725136537153.png" alt="" class="wp-image-3611"/></figure>



<p>Comenzó este viernes 5 de septiembre en LRA1 Radio Nacional Buenos Aires &#8220;Cultura Nacional&#8221;, el programa de la Secretaría de Cultura de la Nación. El nuevo ciclo saldrá al aire todos los viernes de 21.00 a 22.00 horas.</p>



<p>En cada emisión de &#8220;Cultura Nacional&#8221; se difundirán actividades y encuentros promovidos en distintos ámbitos de nuestra cultura y contará con la conducción de Daniela Pantano.</p>



<p>En su primera emisión, participó como invitado el secretario de Cultura, Leandro Cifelli, quien repasó su trayectoria profesional como productor teatral de más de un centenar de espectáculos y en la gestión pública, como jefe de Gabinete de Ángel Mahler en la ciudad de Buenos Aires.</p>



<p>También estuvo presente el cantante y actor Raúl Lavié, quien anticipó detalles del espectáculo que encabezaría el sábado 6 de septiembre en el Auditorio Nacional del Palacio Libertad.</p>



<p>La próxima emisión de &#8220;Cultura Nacional&#8221;, que saldrá al aire el viernes 12 de septiembre, tendrá como invitados al director del Teatro Nacional Cervantes, Gonzalo Demaría, y al director del Museo Nacional Terry de Tilcara, provincia de Jujuy, Juan Muñoz.</p>



<p>Fuente: <a href="http://www.argentina.gob.ar" data-type="link" data-id="www.argentina.gob.ar" target="_blank" rel="noreferrer noopener">www.argentina.gob.ar</a> | Ciudad Autónoma de Buenos Aires | 08.09.25</p>



<p></p>

<p>Comenzó este viernes 5 de septiembre en LRA1 Radio Nacional Buenos Aires &#8220;Cultura Nacional&#8221;, el programa de la Secretaría de Cultura de la Nación. El nuevo ciclo saldrá al aire todos los viernes de 21.00 a 22.00 horas. En cada emisión de &#8220;Cultura Nacional&#8221; se difundirán actividades y encuentros promovidos en distintos ámbitos de nuestra &hellip; <a href="https://amplitudmodulada.com.ar/index.php/noticia13963/" class="more-link">Continuá leyendo <span class="screen-reader-text">Comenzó en Radio Nacional el ciclo &#8220;Cultura Nacional&#8221;</span></a></p>
