{"id":9380,"date":"2025-10-29T20:21:24","date_gmt":"2025-10-29T23:21:24","guid":{"rendered":"https:\/\/amplitudmodulada.com.ar\/?page_id=9380"},"modified":"2025-10-29T20:27:21","modified_gmt":"2025-10-29T23:27:21","slug":"noticia13965","status":"publish","type":"page","link":"https:\/\/amplitudmodulada.com.ar\/index.php\/noticia13965\/","title":{"rendered":"Detienen a un hombre en el interior del edificio en donde funcionaba LT24 Radio San Nicol\u00e1s"},"content":{"rendered":"\n<figure class=\"wp-block-image size-full\"><img loading=\"lazy\" decoding=\"async\" width=\"122\" height=\"90\" src=\"http:\/\/amplitudmodulada.com.ar\/wp-content\/uploads\/2024\/07\/LT24-e1720304708460.png\" alt=\"\" class=\"wp-image-2450\"\/><\/figure>\n\n\n\n<p>Personal del Comando de Patrulllas detuvo ayer lunes a un joven de 25 a\u00f1os en el interior del edificio en donde funcionaba LT24 Radio San Nicol\u00e1s.<\/p>\n\n\n\n<p>Seg\u00fan indicaron fuentes extraoficiales, al notar el arribo de personal policial, el hombre entr\u00f3 al inmueble, ubicado en Moreno 124, por una ventana lateral.<\/p>\n\n\n\n<p>Luego de ser atrapado, se le secuestr\u00f3 una punta de chapa y dos bobinas de cobre pertenecientes a un aparato electr\u00f3nico.<\/p>\n\n\n\n<p>Cabe destacar que esta no es la primera vez que el edificio de Radio San Nicol\u00e1s sufre hechos delictivos. ya que en reiteradas ocasiones han intentado sustraer elementos de su interior e incluso usurparlo.<\/p>\n\n\n\n<p>Fuente: <a href=\"http:\/\/www.diarioelnorte.com.ar\" data-type=\"link\" data-id=\"www.diarioelnorte.com.ar\" target=\"_blank\" rel=\"noreferrer noopener\">www.diarioelnorte.com.ar<\/a> | San Nicol\u00e1s &#8211; Buenos Aires | 09.09.25<\/p>\n","protected":false},"excerpt":{"rendered":"<p>Personal del Comando de Patrulllas detuvo ayer lunes a un joven de 25 a\u00f1os en el interior del edificio en donde funcionaba LT24 Radio San Nicol\u00e1s. Seg\u00fan indicaron fuentes extraoficiales, al notar el arribo de personal policial, el hombre entr\u00f3 al inmueble, ubicado en Moreno 124, por una ventana lateral. Luego de ser atrapado, se &hellip; <a href=\"https:\/\/amplitudmodulada.com.ar\/index.php\/noticia13965\/\" class=\"more-link\">Continu\u00e1 leyendo <span class=\"screen-reader-text\">Detienen a un hombre en el interior del edificio en donde funcionaba LT24 Radio San Nicol\u00e1s<\/span><\/a><\/p>\n","protected":false},"author":1,"featured_media":0,"parent":0,"menu_order":0,"comment_status":"closed","ping_status":"closed","template":"","meta":{"footnotes":""},"class_list":["post-9380","page","type-page","status-publish","hentry"],"_links":{"self":[{"href":"https:\/\/amplitudmodulada.com.ar\/index.php\/wp-json\/wp\/v2\/pages\/9380","targetHints":{"allow":["GET"]}}],"collection":[{"href":"https:\/\/amplitudmodulada.com.ar\/index.php\/wp-json\/wp\/v2\/pages"}],"about":[{"href":"https:\/\/amplitudmodulada.com.ar\/index.php\/wp-json\/wp\/v2\/types\/page"}],"author":[{"embeddable":true,"href":"https:\/\/amplitudmodulada.com.ar\/index.php\/wp-json\/wp\/v2\/users\/1"}],"replies":[{"embeddable":true,"href":"https:\/\/amplitudmodulada.com.ar\/index.php\/wp-json\/wp\/v2\/comments?post=9380"}],"version-history":[{"count":2,"href":"https:\/\/amplitudmodulada.com.ar\/index.php\/wp-json\/wp\/v2\/pages\/9380\/revisions"}],"predecessor-version":[{"id":9383,"href":"https:\/\/amplitudmodulada.com.ar\/index.php\/wp-json\/wp\/v2\/pages\/9380\/revisions\/9383"}],"wp:attachment":[{"href":"https:\/\/amplitudmodulada.com.ar\/index.php\/wp-json\/wp\/v2\/media?parent=9380"}],"curies":[{"name":"wp","href":"https:\/\/api.w.org\/{rel}","templated":true}]}}

Detienen a un hombre en el interior del edificio en donde funcionaba LT24 Radio San Nicolás

<figure class="wp-block-image size-full"><img loading="lazy" decoding="async" width="122" height="90" src="http://amplitudmodulada.com.ar/wp-content/uploads/2024/07/LT24-e1720304708460.png" alt="" class="wp-image-2450"/></figure>



<p>Personal del Comando de Patrulllas detuvo ayer lunes a un joven de 25 años en el interior del edificio en donde funcionaba LT24 Radio San Nicolás.</p>



<p>Según indicaron fuentes extraoficiales, al notar el arribo de personal policial, el hombre entró al inmueble, ubicado en Moreno 124, por una ventana lateral.</p>



<p>Luego de ser atrapado, se le secuestró una punta de chapa y dos bobinas de cobre pertenecientes a un aparato electrónico.</p>



<p>Cabe destacar que esta no es la primera vez que el edificio de Radio San Nicolás sufre hechos delictivos. ya que en reiteradas ocasiones han intentado sustraer elementos de su interior e incluso usurparlo.</p>



<p>Fuente: <a href="http://www.diarioelnorte.com.ar" data-type="link" data-id="www.diarioelnorte.com.ar" target="_blank" rel="noreferrer noopener">www.diarioelnorte.com.ar</a> | San Nicolás &#8211; Buenos Aires | 09.09.25</p>

<p>Personal del Comando de Patrulllas detuvo ayer lunes a un joven de 25 años en el interior del edificio en donde funcionaba LT24 Radio San Nicolás. Según indicaron fuentes extraoficiales, al notar el arribo de personal policial, el hombre entró al inmueble, ubicado en Moreno 124, por una ventana lateral. Luego de ser atrapado, se &hellip; <a href="https://amplitudmodulada.com.ar/index.php/noticia13965/" class="more-link">Continuá leyendo <span class="screen-reader-text">Detienen a un hombre en el interior del edificio en donde funcionaba LT24 Radio San Nicolás</span></a></p>
