{"id":9386,"date":"2025-10-29T20:37:39","date_gmt":"2025-10-29T23:37:39","guid":{"rendered":"https:\/\/amplitudmodulada.com.ar\/?page_id=9386"},"modified":"2025-10-29T20:56:26","modified_gmt":"2025-10-29T23:56:26","slug":"noticia13966","status":"publish","type":"page","link":"https:\/\/amplitudmodulada.com.ar\/index.php\/noticia13966\/","title":{"rendered":"Cumple treinta y seis a\u00f1os en el aire FM M\u00e1xima"},"content":{"rendered":"\n<figure class=\"wp-block-image size-full\"><img loading=\"lazy\" decoding=\"async\" width=\"104\" height=\"100\" src=\"http:\/\/amplitudmodulada.com.ar\/wp-content\/uploads\/2025\/10\/maxima-e1761781108944.png\" alt=\"\" class=\"wp-image-9388\"\/><\/figure>\n\n\n\n<p>FM M\u00e1xima, la primera emisora de Frecuencia Modulada de la ciudad de Nueve de Julio, cumple este martes 9 de septiembre treinta y seis a\u00f1os en el aire.<\/p>\n\n\n\n<p>La historia de FM M\u00e1xima comenz\u00f3 en los pasillos del hist\u00f3rico edificio de LT33 Radio Nueve de Julio, la emisora madre, donde inicialmente la emisora funcion\u00f3 como una se\u00f1al accesoria, tal como lo estipulan las normativas que consideraban a las emisoras de Frecuencia Modulada como secuendarias de las emisoras de Amplitud Modulada.<\/p>\n\n\n\n<p>Aquella primera etapa vio nacer la se\u00f1al con el nombre de Galena, en alusi\u00f3n a los or\u00edgenes de la radiofon\u00eda argentina.<\/p>\n\n\n\n<p>Poco tiempo despu\u00e9s, los estudios se trasladaron al centro de la ciudad y, tras una importante inversi\u00f3n, la emisora fue bautizada como Punto Nueve, alcanzando su se\u00f1al m\u00e1s de cien kil\u00f3metros.<\/p>\n\n\n\n<p>Sin embargo, los vaivenes administrativos de distintos per\u00edodos la redujeron moment\u00e1neamente a una emisora de bajo alcance, bajo el nombre de Cla Clauquen.<\/p>\n\n\n\n<p>Hace ya algunos a\u00f1os, con un nuevo impulso la emisora renaci\u00f3 con un nuevo nombre: M\u00e1xima 89.9.<\/p>\n\n\n\n<p>Desde entonces, su se\u00f1al volvi\u00f3 a alcanzar los cien kil\u00f3metros, con tecnolog\u00eda de \u00faltima generaci\u00f3n, un fuerte compromiso con su audiencia regional y ahora con el acompa\u00f1amiento del Grupo Cadena Nueve.<\/p>\n\n\n\n<p>Fuente: <a href=\"http:\/\/www.cadenanueve.com\" data-type=\"link\" data-id=\"www.cadenanueve.com\" target=\"_blank\" rel=\"noreferrer noopener\">www.cadenanueve.com<\/a> | Nueve de Julio &#8211; Buenos Aires | 09.09.25<\/p>\n\n\n\n<p><\/p>\n","protected":false},"excerpt":{"rendered":"<p>FM M\u00e1xima, la primera emisora de Frecuencia Modulada de la ciudad de Nueve de Julio, cumple este martes 9 de septiembre treinta y seis a\u00f1os en el aire. La historia de FM M\u00e1xima comenz\u00f3 en los pasillos del hist\u00f3rico edificio de LT33 Radio Nueve de Julio, la emisora madre, donde inicialmente la emisora funcion\u00f3 como &hellip; <a href=\"https:\/\/amplitudmodulada.com.ar\/index.php\/noticia13966\/\" class=\"more-link\">Continu\u00e1 leyendo <span class=\"screen-reader-text\">Cumple treinta y seis a\u00f1os en el aire FM M\u00e1xima<\/span><\/a><\/p>\n","protected":false},"author":1,"featured_media":0,"parent":0,"menu_order":0,"comment_status":"closed","ping_status":"closed","template":"","meta":{"footnotes":""},"class_list":["post-9386","page","type-page","status-publish","hentry"],"_links":{"self":[{"href":"https:\/\/amplitudmodulada.com.ar\/index.php\/wp-json\/wp\/v2\/pages\/9386","targetHints":{"allow":["GET"]}}],"collection":[{"href":"https:\/\/amplitudmodulada.com.ar\/index.php\/wp-json\/wp\/v2\/pages"}],"about":[{"href":"https:\/\/amplitudmodulada.com.ar\/index.php\/wp-json\/wp\/v2\/types\/page"}],"author":[{"embeddable":true,"href":"https:\/\/amplitudmodulada.com.ar\/index.php\/wp-json\/wp\/v2\/users\/1"}],"replies":[{"embeddable":true,"href":"https:\/\/amplitudmodulada.com.ar\/index.php\/wp-json\/wp\/v2\/comments?post=9386"}],"version-history":[{"count":3,"href":"https:\/\/amplitudmodulada.com.ar\/index.php\/wp-json\/wp\/v2\/pages\/9386\/revisions"}],"predecessor-version":[{"id":9391,"href":"https:\/\/amplitudmodulada.com.ar\/index.php\/wp-json\/wp\/v2\/pages\/9386\/revisions\/9391"}],"wp:attachment":[{"href":"https:\/\/amplitudmodulada.com.ar\/index.php\/wp-json\/wp\/v2\/media?parent=9386"}],"curies":[{"name":"wp","href":"https:\/\/api.w.org\/{rel}","templated":true}]}}

Cumple treinta y seis años en el aire FM Máxima

<figure class="wp-block-image size-full"><img loading="lazy" decoding="async" width="104" height="100" src="http://amplitudmodulada.com.ar/wp-content/uploads/2025/10/maxima-e1761781108944.png" alt="" class="wp-image-9388"/></figure>



<p>FM Máxima, la primera emisora de Frecuencia Modulada de la ciudad de Nueve de Julio, cumple este martes 9 de septiembre treinta y seis años en el aire.</p>



<p>La historia de FM Máxima comenzó en los pasillos del histórico edificio de LT33 Radio Nueve de Julio, la emisora madre, donde inicialmente la emisora funcionó como una señal accesoria, tal como lo estipulan las normativas que consideraban a las emisoras de Frecuencia Modulada como secuendarias de las emisoras de Amplitud Modulada.</p>



<p>Aquella primera etapa vio nacer la señal con el nombre de Galena, en alusión a los orígenes de la radiofonía argentina.</p>



<p>Poco tiempo después, los estudios se trasladaron al centro de la ciudad y, tras una importante inversión, la emisora fue bautizada como Punto Nueve, alcanzando su señal más de cien kilómetros.</p>



<p>Sin embargo, los vaivenes administrativos de distintos períodos la redujeron momentáneamente a una emisora de bajo alcance, bajo el nombre de Cla Clauquen.</p>



<p>Hace ya algunos años, con un nuevo impulso la emisora renació con un nuevo nombre: Máxima 89.9.</p>



<p>Desde entonces, su señal volvió a alcanzar los cien kilómetros, con tecnología de última generación, un fuerte compromiso con su audiencia regional y ahora con el acompañamiento del Grupo Cadena Nueve.</p>



<p>Fuente: <a href="http://www.cadenanueve.com" data-type="link" data-id="www.cadenanueve.com" target="_blank" rel="noreferrer noopener">www.cadenanueve.com</a> | Nueve de Julio &#8211; Buenos Aires | 09.09.25</p>



<p></p>

<p>FM Máxima, la primera emisora de Frecuencia Modulada de la ciudad de Nueve de Julio, cumple este martes 9 de septiembre treinta y seis años en el aire. La historia de FM Máxima comenzó en los pasillos del histórico edificio de LT33 Radio Nueve de Julio, la emisora madre, donde inicialmente la emisora funcionó como &hellip; <a href="https://amplitudmodulada.com.ar/index.php/noticia13966/" class="more-link">Continuá leyendo <span class="screen-reader-text">Cumple treinta y seis años en el aire FM Máxima</span></a></p>
