{"id":9421,"date":"2025-11-01T13:07:11","date_gmt":"2025-11-01T16:07:11","guid":{"rendered":"https:\/\/amplitudmodulada.com.ar\/?page_id=9421"},"modified":"2025-11-01T13:21:59","modified_gmt":"2025-11-01T16:21:59","slug":"noticia13971","status":"publish","type":"page","link":"https:\/\/amplitudmodulada.com.ar\/index.php\/noticia13971\/","title":{"rendered":"Cambia la composici\u00f3n accionaria de la empresa que opera LRI252 Radio Chascom\u00fas"},"content":{"rendered":"\n<figure class=\"wp-block-image size-full\"><img loading=\"lazy\" decoding=\"async\" width=\"70\" height=\"130\" src=\"http:\/\/amplitudmodulada.com.ar\/wp-content\/uploads\/2025\/11\/LRI252-e1762013257500.png\" alt=\"\" class=\"wp-image-9423\"\/><\/figure>\n\n\n\n<p>Seg\u00fan destaca este mi\u00e9rcoles 10 de septiembre el sitio de Facebook Argentina en AM y FM, el Ente Nacional de Comunicaciones (ENACOM) aprob\u00f3 el cambio de composici\u00f3n accionaria de la empresa que opera LRI252 Radio Chascom\u00fas.<\/p>\n\n\n\n<p>Argentina en AM y FM precisa que, a trav\u00e9s de la Resoluci\u00f3n N\u00ba 1158\/2025, el Ente Nacional de Comunicaciones aprob\u00f3 la solicitud de cesi\u00f3n de acciones a favor de Claudio Enrique Cardoso de parte de los integrantes de la firma Radio Chascom\u00fas Sociedad An\u00f3nima, empresa que opera LRI252 Radio Chascom\u00fas, que sale al aire en 1520 Khz.<\/p>\n\n\n\n<p>Claudio Cardoso, indica Argentina en AM y FM, es un destacado periodista, presentador de noticias, productor de contenidos, reportero, corresponsal de radio y televisi\u00f3n y cumple, adem\u00e1s, tareas como relator de partidos de f\u00fatbol de la Liga Profesional de F\u00fatbol.<\/p>\n\n\n\n<p>Radio Chascom\u00fas comenz\u00f3 formalmente sus transmisiones el 11 de abril de 2001.<\/p>\n\n\n\n<p>Identificada como &#8220;La Voz Regional&#8221;, la emisora tiene sus estudios en la calle Ju\u00e1rez 250 y, adem\u00e1s, se la puede escuchar a trav\u00e9s de <a href=\"http:\/\/www.radiochascomus.com.ar\" data-type=\"link\" data-id=\"www.radiochascomus.com.ar\" target=\"_blank\" rel=\"noreferrer noopener\">www.radiochascomus.com.ar<\/a>.<\/p>\n\n\n\n<p>10.09.25<\/p>\n","protected":false},"excerpt":{"rendered":"<p>Seg\u00fan destaca este mi\u00e9rcoles 10 de septiembre el sitio de Facebook Argentina en AM y FM, el Ente Nacional de Comunicaciones (ENACOM) aprob\u00f3 el cambio de composici\u00f3n accionaria de la empresa que opera LRI252 Radio Chascom\u00fas. Argentina en AM y FM precisa que, a trav\u00e9s de la Resoluci\u00f3n N\u00ba 1158\/2025, el Ente Nacional de Comunicaciones &hellip; <a href=\"https:\/\/amplitudmodulada.com.ar\/index.php\/noticia13971\/\" class=\"more-link\">Continu\u00e1 leyendo <span class=\"screen-reader-text\">Cambia la composici\u00f3n accionaria de la empresa que opera LRI252 Radio Chascom\u00fas<\/span><\/a><\/p>\n","protected":false},"author":1,"featured_media":0,"parent":0,"menu_order":0,"comment_status":"closed","ping_status":"closed","template":"","meta":{"footnotes":""},"class_list":["post-9421","page","type-page","status-publish","hentry"],"_links":{"self":[{"href":"https:\/\/amplitudmodulada.com.ar\/index.php\/wp-json\/wp\/v2\/pages\/9421","targetHints":{"allow":["GET"]}}],"collection":[{"href":"https:\/\/amplitudmodulada.com.ar\/index.php\/wp-json\/wp\/v2\/pages"}],"about":[{"href":"https:\/\/amplitudmodulada.com.ar\/index.php\/wp-json\/wp\/v2\/types\/page"}],"author":[{"embeddable":true,"href":"https:\/\/amplitudmodulada.com.ar\/index.php\/wp-json\/wp\/v2\/users\/1"}],"replies":[{"embeddable":true,"href":"https:\/\/amplitudmodulada.com.ar\/index.php\/wp-json\/wp\/v2\/comments?post=9421"}],"version-history":[{"count":3,"href":"https:\/\/amplitudmodulada.com.ar\/index.php\/wp-json\/wp\/v2\/pages\/9421\/revisions"}],"predecessor-version":[{"id":9427,"href":"https:\/\/amplitudmodulada.com.ar\/index.php\/wp-json\/wp\/v2\/pages\/9421\/revisions\/9427"}],"wp:attachment":[{"href":"https:\/\/amplitudmodulada.com.ar\/index.php\/wp-json\/wp\/v2\/media?parent=9421"}],"curies":[{"name":"wp","href":"https:\/\/api.w.org\/{rel}","templated":true}]}}

Cambia la composición accionaria de la empresa que opera LRI252 Radio Chascomús

<figure class="wp-block-image size-full"><img loading="lazy" decoding="async" width="70" height="130" src="http://amplitudmodulada.com.ar/wp-content/uploads/2025/11/LRI252-e1762013257500.png" alt="" class="wp-image-9423"/></figure>



<p>Según destaca este miércoles 10 de septiembre el sitio de Facebook Argentina en AM y FM, el Ente Nacional de Comunicaciones (ENACOM) aprobó el cambio de composición accionaria de la empresa que opera LRI252 Radio Chascomús.</p>



<p>Argentina en AM y FM precisa que, a través de la Resolución Nº 1158/2025, el Ente Nacional de Comunicaciones aprobó la solicitud de cesión de acciones a favor de Claudio Enrique Cardoso de parte de los integrantes de la firma Radio Chascomús Sociedad Anónima, empresa que opera LRI252 Radio Chascomús, que sale al aire en 1520 Khz.</p>



<p>Claudio Cardoso, indica Argentina en AM y FM, es un destacado periodista, presentador de noticias, productor de contenidos, reportero, corresponsal de radio y televisión y cumple, además, tareas como relator de partidos de fútbol de la Liga Profesional de Fútbol.</p>



<p>Radio Chascomús comenzó formalmente sus transmisiones el 11 de abril de 2001.</p>



<p>Identificada como &#8220;La Voz Regional&#8221;, la emisora tiene sus estudios en la calle Juárez 250 y, además, se la puede escuchar a través de <a href="http://www.radiochascomus.com.ar" data-type="link" data-id="www.radiochascomus.com.ar" target="_blank" rel="noreferrer noopener">www.radiochascomus.com.ar</a>.</p>



<p>10.09.25</p>

<p>Según destaca este miércoles 10 de septiembre el sitio de Facebook Argentina en AM y FM, el Ente Nacional de Comunicaciones (ENACOM) aprobó el cambio de composición accionaria de la empresa que opera LRI252 Radio Chascomús. Argentina en AM y FM precisa que, a través de la Resolución Nº 1158/2025, el Ente Nacional de Comunicaciones &hellip; <a href="https://amplitudmodulada.com.ar/index.php/noticia13971/" class="more-link">Continuá leyendo <span class="screen-reader-text">Cambia la composición accionaria de la empresa que opera LRI252 Radio Chascomús</span></a></p>
