{"id":9446,"date":"2025-11-01T20:37:23","date_gmt":"2025-11-01T23:37:23","guid":{"rendered":"https:\/\/amplitudmodulada.com.ar\/?page_id=9446"},"modified":"2025-11-01T20:38:33","modified_gmt":"2025-11-01T23:38:33","slug":"noticia13974","status":"publish","type":"page","link":"https:\/\/amplitudmodulada.com.ar\/index.php\/noticia13974\/","title":{"rendered":"LV5 Radio Sarmiento cumple cien a\u00f1os en el aire"},"content":{"rendered":"\n<figure class=\"wp-block-image size-full\"><img loading=\"lazy\" decoding=\"async\" width=\"180\" height=\"66\" src=\"http:\/\/amplitudmodulada.com.ar\/wp-content\/uploads\/2024\/03\/LV5-e1709399320615.jpg\" alt=\"\" class=\"wp-image-1101\"\/><\/figure>\n\n\n\n<p>LV5 Radio Sarmiento de San Juan celebra un siglo de historia con una programaci\u00f3n especial, escenarios en vivo, torta gigante, premios y la presencia de reconocidos artistas y voces de la radio de la provincia.<\/p>\n\n\n\n<p>El festejo por los cien a\u00f1os comenzar\u00e1 a las 7.00 horas con la &#8220;Historia Sonora&#8221;, un repaso por voces, publicidades y momentos emblem\u00e1ticos.<\/p>\n\n\n\n<p>Luego, la Banda de M\u00fasica de la Polic\u00eda de San Juan interpretar\u00e1 el Himno Nacional y el Himno a Sarmiento, junto con el cl\u00e1sico jingle de la emisora.<\/p>\n\n\n\n<p>Desde el mediod\u00eda, el primer escenario ofrecer\u00e1 la presentaci\u00f3n del Ballet de Casa Natal de Sarmiento, Hugo C\u00b4\u00e1rdenas, Gerardo Lecich y Claudio Rojas, con numerosos sorteos y la torta gigante compartida con el p\u00fablico.<\/p>\n\n\n\n<p>Por la tarde, habr\u00e1 una emotiva Tertulia de Voces, donde antiguos protagonistas de la radio contar\u00e1n an\u00e9cdotas y recuerdos.<\/p>\n\n\n\n<p>El cierre ser\u00e1 a pura m\u00fasica y emoci\u00f3n con un segundo escenario que reunir\u00e1 a Limbo, Don Aire, Adri\u00e1n Cueva, Guacamole, El Yeyo y Omega, adem\u00e1s del sorteo de una bicicleta y un premio en efectivo de quinientos mil pesos entre los presentes.<\/p>\n\n\n\n<p>Fuente: <a href=\"http:\/\/www.diarioelzondasj.com.ar\" data-type=\"link\" data-id=\"www.diarioelzondasj.com.ar\" target=\"_blank\" rel=\"noreferrer noopener\">www.diarioelzondasj.com.ar<\/a> | San Juan &#8211; San Juan | 11.09.25<\/p>\n\n\n\n<p><\/p>\n","protected":false},"excerpt":{"rendered":"<p>LV5 Radio Sarmiento de San Juan celebra un siglo de historia con una programaci\u00f3n especial, escenarios en vivo, torta gigante, premios y la presencia de reconocidos artistas y voces de la radio de la provincia. El festejo por los cien a\u00f1os comenzar\u00e1 a las 7.00 horas con la &#8220;Historia Sonora&#8221;, un repaso por voces, publicidades &hellip; <a href=\"https:\/\/amplitudmodulada.com.ar\/index.php\/noticia13974\/\" class=\"more-link\">Continu\u00e1 leyendo <span class=\"screen-reader-text\">LV5 Radio Sarmiento cumple cien a\u00f1os en el aire<\/span><\/a><\/p>\n","protected":false},"author":1,"featured_media":0,"parent":0,"menu_order":0,"comment_status":"closed","ping_status":"closed","template":"","meta":{"footnotes":""},"class_list":["post-9446","page","type-page","status-publish","hentry"],"_links":{"self":[{"href":"https:\/\/amplitudmodulada.com.ar\/index.php\/wp-json\/wp\/v2\/pages\/9446","targetHints":{"allow":["GET"]}}],"collection":[{"href":"https:\/\/amplitudmodulada.com.ar\/index.php\/wp-json\/wp\/v2\/pages"}],"about":[{"href":"https:\/\/amplitudmodulada.com.ar\/index.php\/wp-json\/wp\/v2\/types\/page"}],"author":[{"embeddable":true,"href":"https:\/\/amplitudmodulada.com.ar\/index.php\/wp-json\/wp\/v2\/users\/1"}],"replies":[{"embeddable":true,"href":"https:\/\/amplitudmodulada.com.ar\/index.php\/wp-json\/wp\/v2\/comments?post=9446"}],"version-history":[{"count":1,"href":"https:\/\/amplitudmodulada.com.ar\/index.php\/wp-json\/wp\/v2\/pages\/9446\/revisions"}],"predecessor-version":[{"id":9447,"href":"https:\/\/amplitudmodulada.com.ar\/index.php\/wp-json\/wp\/v2\/pages\/9446\/revisions\/9447"}],"wp:attachment":[{"href":"https:\/\/amplitudmodulada.com.ar\/index.php\/wp-json\/wp\/v2\/media?parent=9446"}],"curies":[{"name":"wp","href":"https:\/\/api.w.org\/{rel}","templated":true}]}}

LV5 Radio Sarmiento cumple cien años en el aire

<figure class="wp-block-image size-full"><img loading="lazy" decoding="async" width="180" height="66" src="http://amplitudmodulada.com.ar/wp-content/uploads/2024/03/LV5-e1709399320615.jpg" alt="" class="wp-image-1101"/></figure>



<p>LV5 Radio Sarmiento de San Juan celebra un siglo de historia con una programación especial, escenarios en vivo, torta gigante, premios y la presencia de reconocidos artistas y voces de la radio de la provincia.</p>



<p>El festejo por los cien años comenzará a las 7.00 horas con la &#8220;Historia Sonora&#8221;, un repaso por voces, publicidades y momentos emblemáticos.</p>



<p>Luego, la Banda de Música de la Policía de San Juan interpretará el Himno Nacional y el Himno a Sarmiento, junto con el clásico jingle de la emisora.</p>



<p>Desde el mediodía, el primer escenario ofrecerá la presentación del Ballet de Casa Natal de Sarmiento, Hugo C´árdenas, Gerardo Lecich y Claudio Rojas, con numerosos sorteos y la torta gigante compartida con el público.</p>



<p>Por la tarde, habrá una emotiva Tertulia de Voces, donde antiguos protagonistas de la radio contarán anécdotas y recuerdos.</p>



<p>El cierre será a pura música y emoción con un segundo escenario que reunirá a Limbo, Don Aire, Adrián Cueva, Guacamole, El Yeyo y Omega, además del sorteo de una bicicleta y un premio en efectivo de quinientos mil pesos entre los presentes.</p>



<p>Fuente: <a href="http://www.diarioelzondasj.com.ar" data-type="link" data-id="www.diarioelzondasj.com.ar" target="_blank" rel="noreferrer noopener">www.diarioelzondasj.com.ar</a> | San Juan &#8211; San Juan | 11.09.25</p>



<p></p>

<p>LV5 Radio Sarmiento de San Juan celebra un siglo de historia con una programación especial, escenarios en vivo, torta gigante, premios y la presencia de reconocidos artistas y voces de la radio de la provincia. El festejo por los cien años comenzará a las 7.00 horas con la &#8220;Historia Sonora&#8221;, un repaso por voces, publicidades &hellip; <a href="https://amplitudmodulada.com.ar/index.php/noticia13974/" class="more-link">Continuá leyendo <span class="screen-reader-text">LV5 Radio Sarmiento cumple cien años en el aire</span></a></p>
