{"id":9539,"date":"2025-11-06T08:13:05","date_gmt":"2025-11-06T11:13:05","guid":{"rendered":"https:\/\/amplitudmodulada.com.ar\/?page_id=9539"},"modified":"2025-11-06T08:31:12","modified_gmt":"2025-11-06T11:31:12","slug":"noticia13987","status":"publish","type":"page","link":"https:\/\/amplitudmodulada.com.ar\/index.php\/noticia13987\/","title":{"rendered":"Trabajadores del Grupo Octubre se denuncian incumplimientos salariales"},"content":{"rendered":"\n<figure class=\"wp-block-image size-full\"><img loading=\"lazy\" decoding=\"async\" width=\"215\" height=\"60\" src=\"http:\/\/amplitudmodulada.com.ar\/wp-content\/uploads\/2024\/08\/octubre-e1724110522388.png\" alt=\"\" class=\"wp-image-3139\"\/><\/figure>\n\n\n\n<p>Trabajadores del Grupo Octubre se movilizar\u00e1n este martes 23 de septiembre a las 13.30 horas frente a la sede del Grupo Octubre, ubicada en Conde y Dorrego, para denunciar incumplimientos salariales y paritarios.<\/p>\n\n\n\n<p>Las principales quejas est\u00e1n centradas en el incumplimiento de los aumentos salariales acordados en paritarias, retrasos en el pago de salarios, el uso de trabajadores como monotributistas en lugar de empleados formales, falta de provisi\u00f3n de ropa de trabajo, despidos y vaciamiento de \u00e1reas.<\/p>\n\n\n\n<p>Entre los medios afectados est\u00e1n LRL203 AM 750, LS4 Radio Continental, Canal 9, la se\u00f1al IP Noticias y el diario P\u00e1gina\/12, entre otros.<\/p>\n\n\n\n<p>El reclamo encabezado por el Sindicato de Prensa de Buenos Aires (SIPREBA) y el Sindicato Argentino de Televisi\u00f3n, Servicios Audiovisuales, Interactivos y de Datos (SATSAID) implica unidad gremial y acci\u00f3n p\u00fablica.<\/p>\n\n\n\n<p>El conflicto implica, adem\u00e1s, una tensi\u00f3n importante en el sector de medios de comunicaci\u00f3n, dado que se mezclan funciones sindicales, empresariales y pol\u00edticas.<\/p>\n\n\n\n<p>El reclamo gira en torno a que un grupo empresario que ostenta lidergazgo pol\u00edtico y sindical sea exigido p\u00fablicamente a responder con responsabilidad social y laboral.<\/p>\n\n\n\n<p>Fuente: <a href=\"http:\/\/www.lineasindical.com.ar\" data-type=\"link\" data-id=\"www.lineasindical.com.ar\" target=\"_blank\" rel=\"noreferrer noopener\">www.lineasindical.com.ar<\/a> | Ciudad Aut\u00f3noma de Buenos Aires | 23.09.25<\/p>\n\n\n\n<p><\/p>\n","protected":false},"excerpt":{"rendered":"<p>Trabajadores del Grupo Octubre se movilizar\u00e1n este martes 23 de septiembre a las 13.30 horas frente a la sede del Grupo Octubre, ubicada en Conde y Dorrego, para denunciar incumplimientos salariales y paritarios. Las principales quejas est\u00e1n centradas en el incumplimiento de los aumentos salariales acordados en paritarias, retrasos en el pago de salarios, el &hellip; <a href=\"https:\/\/amplitudmodulada.com.ar\/index.php\/noticia13987\/\" class=\"more-link\">Continu\u00e1 leyendo <span class=\"screen-reader-text\">Trabajadores del Grupo Octubre se denuncian incumplimientos salariales<\/span><\/a><\/p>\n","protected":false},"author":1,"featured_media":0,"parent":0,"menu_order":0,"comment_status":"closed","ping_status":"closed","template":"","meta":{"footnotes":""},"class_list":["post-9539","page","type-page","status-publish","hentry"],"_links":{"self":[{"href":"https:\/\/amplitudmodulada.com.ar\/index.php\/wp-json\/wp\/v2\/pages\/9539","targetHints":{"allow":["GET"]}}],"collection":[{"href":"https:\/\/amplitudmodulada.com.ar\/index.php\/wp-json\/wp\/v2\/pages"}],"about":[{"href":"https:\/\/amplitudmodulada.com.ar\/index.php\/wp-json\/wp\/v2\/types\/page"}],"author":[{"embeddable":true,"href":"https:\/\/amplitudmodulada.com.ar\/index.php\/wp-json\/wp\/v2\/users\/1"}],"replies":[{"embeddable":true,"href":"https:\/\/amplitudmodulada.com.ar\/index.php\/wp-json\/wp\/v2\/comments?post=9539"}],"version-history":[{"count":3,"href":"https:\/\/amplitudmodulada.com.ar\/index.php\/wp-json\/wp\/v2\/pages\/9539\/revisions"}],"predecessor-version":[{"id":9543,"href":"https:\/\/amplitudmodulada.com.ar\/index.php\/wp-json\/wp\/v2\/pages\/9539\/revisions\/9543"}],"wp:attachment":[{"href":"https:\/\/amplitudmodulada.com.ar\/index.php\/wp-json\/wp\/v2\/media?parent=9539"}],"curies":[{"name":"wp","href":"https:\/\/api.w.org\/{rel}","templated":true}]}}

<figure class="wp-block-image size-full"><img loading="lazy" decoding="async" width="215" height="60" src="http://amplitudmodulada.com.ar/wp-content/uploads/2024/08/octubre-e1724110522388.png" alt="" class="wp-image-3139"/></figure>



<p>Trabajadores del Grupo Octubre se movilizarán este martes 23 de septiembre a las 13.30 horas frente a la sede del Grupo Octubre, ubicada en Conde y Dorrego, para denunciar incumplimientos salariales y paritarios.</p>



<p>Las principales quejas están centradas en el incumplimiento de los aumentos salariales acordados en paritarias, retrasos en el pago de salarios, el uso de trabajadores como monotributistas en lugar de empleados formales, falta de provisión de ropa de trabajo, despidos y vaciamiento de áreas.</p>



<p>Entre los medios afectados están LRL203 AM 750, LS4 Radio Continental, Canal 9, la señal IP Noticias y el diario Página/12, entre otros.</p>



<p>El reclamo encabezado por el Sindicato de Prensa de Buenos Aires (SIPREBA) y el Sindicato Argentino de Televisión, Servicios Audiovisuales, Interactivos y de Datos (SATSAID) implica unidad gremial y acción pública.</p>



<p>El conflicto implica, además, una tensión importante en el sector de medios de comunicación, dado que se mezclan funciones sindicales, empresariales y políticas.</p>



<p>El reclamo gira en torno a que un grupo empresario que ostenta lidergazgo político y sindical sea exigido públicamente a responder con responsabilidad social y laboral.</p>



<p>Fuente: <a href="http://www.lineasindical.com.ar" data-type="link" data-id="www.lineasindical.com.ar" target="_blank" rel="noreferrer noopener">www.lineasindical.com.ar</a> | Ciudad Autónoma de Buenos Aires | 23.09.25</p>



<p></p>

<p>Trabajadores del Grupo Octubre se movilizarán este martes 23 de septiembre a las 13.30 horas frente a la sede del Grupo Octubre, ubicada en Conde y Dorrego, para denunciar incumplimientos salariales y paritarios. Las principales quejas están centradas en el incumplimiento de los aumentos salariales acordados en paritarias, retrasos en el pago de salarios, el &hellip; <a href="https://amplitudmodulada.com.ar/index.php/noticia13987/" class="more-link">Continuá leyendo <span class="screen-reader-text">Trabajadores del Grupo Octubre se denuncian incumplimientos salariales</span></a></p>
