{"id":954,"date":"2024-02-19T21:45:24","date_gmt":"2024-02-20T00:45:24","guid":{"rendered":"https:\/\/amplitudmodulada.com.ar\/?page_id=954"},"modified":"2024-02-20T08:16:11","modified_gmt":"2024-02-20T11:16:11","slug":"noticia12889","status":"publish","type":"page","link":"https:\/\/amplitudmodulada.com.ar\/index.php\/noticia12889\/","title":{"rendered":"LU24 Radio Tres Arroyos estar\u00e1 presente en el concurso &#8220;24 Horas de la Corvina Negra&#8221;"},"content":{"rendered":"\n<figure class=\"wp-block-image size-full\"><img loading=\"lazy\" decoding=\"async\" width=\"110\" height=\"110\" src=\"http:\/\/amplitudmodulada.com.ar\/wp-content\/uploads\/2024\/02\/lu24-e1708390019793.png\" alt=\"\" class=\"wp-image-957\"\/><\/figure>\n\n\n\n<p>A trav\u00e9s de su estudio m\u00f3vil La Perseverancia Seguros, LU24 Radio Tres Arroyos estar\u00e1 presente en el concurso &#8220;24 Horas de la Corvina Negra&#8221;, que se llevar\u00e1 a cabo este fin de semana en la localidad balnearia de Claromec\u00f3.<\/p>\n\n\n\n<p>La transmisi\u00f3n se extender\u00e1 durante treinta y seis horas y dar\u00e1 comienzo a las 8.00 de este s\u00e1bado.<\/p>\n\n\n\n<p>La misma se podr\u00e1 seguir a trav\u00e9s de la se\u00f1al de Amplitud Modulada de Radio Tres Arroyos, de las se\u00f1ales de Frecuencia Modulada de la emisora, de <a href=\"http:\/\/www.lu24.com.ar\" data-type=\"link\" data-id=\"www.lu24.com.ar\" target=\"_blank\" rel=\"noreferrer noopener\">www.lu24.com.ar<\/a> y  de las distintas plataformas de la radio.<\/p>\n\n\n\n<p>Fuente: <a href=\"http:\/\/www.lu24.com.ar\" data-type=\"link\" data-id=\"www.lu24.com.ar\" target=\"_blank\" rel=\"noreferrer noopener\">www.lu24.com.ar<\/a> | Tres Arroyos &#8211; Buenos Aires | 08.02.24<\/p>\n","protected":false},"excerpt":{"rendered":"<p>A trav\u00e9s de su estudio m\u00f3vil La Perseverancia Seguros, LU24 Radio Tres Arroyos estar\u00e1 presente en el concurso &#8220;24 Horas de la Corvina Negra&#8221;, que se llevar\u00e1 a cabo este fin de semana en la localidad balnearia de Claromec\u00f3. La transmisi\u00f3n se extender\u00e1 durante treinta y seis horas y dar\u00e1 comienzo a las 8.00 de &hellip; <a href=\"https:\/\/amplitudmodulada.com.ar\/index.php\/noticia12889\/\" class=\"more-link\">Continu\u00e1 leyendo <span class=\"screen-reader-text\">LU24 Radio Tres Arroyos estar\u00e1 presente en el concurso &#8220;24 Horas de la Corvina Negra&#8221;<\/span><\/a><\/p>\n","protected":false},"author":1,"featured_media":0,"parent":0,"menu_order":0,"comment_status":"closed","ping_status":"closed","template":"","meta":{"footnotes":""},"class_list":["post-954","page","type-page","status-publish","hentry"],"_links":{"self":[{"href":"https:\/\/amplitudmodulada.com.ar\/index.php\/wp-json\/wp\/v2\/pages\/954","targetHints":{"allow":["GET"]}}],"collection":[{"href":"https:\/\/amplitudmodulada.com.ar\/index.php\/wp-json\/wp\/v2\/pages"}],"about":[{"href":"https:\/\/amplitudmodulada.com.ar\/index.php\/wp-json\/wp\/v2\/types\/page"}],"author":[{"embeddable":true,"href":"https:\/\/amplitudmodulada.com.ar\/index.php\/wp-json\/wp\/v2\/users\/1"}],"replies":[{"embeddable":true,"href":"https:\/\/amplitudmodulada.com.ar\/index.php\/wp-json\/wp\/v2\/comments?post=954"}],"version-history":[{"count":3,"href":"https:\/\/amplitudmodulada.com.ar\/index.php\/wp-json\/wp\/v2\/pages\/954\/revisions"}],"predecessor-version":[{"id":962,"href":"https:\/\/amplitudmodulada.com.ar\/index.php\/wp-json\/wp\/v2\/pages\/954\/revisions\/962"}],"wp:attachment":[{"href":"https:\/\/amplitudmodulada.com.ar\/index.php\/wp-json\/wp\/v2\/media?parent=954"}],"curies":[{"name":"wp","href":"https:\/\/api.w.org\/{rel}","templated":true}]}}

LU24 Radio Tres Arroyos estará presente en el concurso &#8220;24 Horas de la Corvina Negra&#8221;

<figure class="wp-block-image size-full"><img loading="lazy" decoding="async" width="110" height="110" src="http://amplitudmodulada.com.ar/wp-content/uploads/2024/02/lu24-e1708390019793.png" alt="" class="wp-image-957"/></figure>



<p>A través de su estudio móvil La Perseverancia Seguros, LU24 Radio Tres Arroyos estará presente en el concurso &#8220;24 Horas de la Corvina Negra&#8221;, que se llevará a cabo este fin de semana en la localidad balnearia de Claromecó.</p>



<p>La transmisión se extenderá durante treinta y seis horas y dará comienzo a las 8.00 de este sábado.</p>



<p>La misma se podrá seguir a través de la señal de Amplitud Modulada de Radio Tres Arroyos, de las señales de Frecuencia Modulada de la emisora, de <a href="http://www.lu24.com.ar" data-type="link" data-id="www.lu24.com.ar" target="_blank" rel="noreferrer noopener">www.lu24.com.ar</a> y  de las distintas plataformas de la radio.</p>



<p>Fuente: <a href="http://www.lu24.com.ar" data-type="link" data-id="www.lu24.com.ar" target="_blank" rel="noreferrer noopener">www.lu24.com.ar</a> | Tres Arroyos &#8211; Buenos Aires | 08.02.24</p>

<p>A través de su estudio móvil La Perseverancia Seguros, LU24 Radio Tres Arroyos estará presente en el concurso &#8220;24 Horas de la Corvina Negra&#8221;, que se llevará a cabo este fin de semana en la localidad balnearia de Claromecó. La transmisión se extenderá durante treinta y seis horas y dará comienzo a las 8.00 de &hellip; <a href="https://amplitudmodulada.com.ar/index.php/noticia12889/" class="more-link">Continuá leyendo <span class="screen-reader-text">LU24 Radio Tres Arroyos estará presente en el concurso &#8220;24 Horas de la Corvina Negra&#8221;</span></a></p>
