{"id":9546,"date":"2025-11-06T16:34:52","date_gmt":"2025-11-06T19:34:52","guid":{"rendered":"https:\/\/amplitudmodulada.com.ar\/?page_id=9546"},"modified":"2025-11-06T16:55:09","modified_gmt":"2025-11-06T19:55:09","slug":"noticia13988","status":"publish","type":"page","link":"https:\/\/amplitudmodulada.com.ar\/index.php\/noticia13988\/","title":{"rendered":"LT11 festejar\u00e1 su 74\u00ba aniversario con un festival musical"},"content":{"rendered":"\n<figure class=\"wp-block-image size-full\"><img loading=\"lazy\" decoding=\"async\" width=\"110\" height=\"110\" src=\"http:\/\/amplitudmodulada.com.ar\/wp-content\/uploads\/2024\/10\/LRA-e1728000015658.jpg\" alt=\"\" class=\"wp-image-4179\"\/><\/figure>\n\n\n\n<p>Con un festival musical, que abarcar\u00e1 distintos g\u00e9neros, LT11 Radio Nacional General Francisco Ram\u00edrez de Concepci\u00f3n del Uruguay celebrar\u00e1 su 74\u00ba aniversario el pr\u00f3ximo lunes 29 de septiembre a partir de las 13.00 horas en la Plaza San Mart\u00edn de esa ciudad.<\/p>\n\n\n\n<p>&#8220;Este festejo es muy especial, ha sido declarado de Inter\u00e9s Provincial por la C\u00e1mara de Diputados de Entre R\u00edos y de Inter\u00e9s Municipal por el Honorable Concejo Deliberante&#8221;, explic\u00f3 Mart\u00edn Moras\u00e1n, coordinador art\u00edstico de la emisora.<\/p>\n\n\n\n<p>El festival ser\u00e1 abierto al p\u00fablico y completamente gratuito y, adem\u00e1s, a las 17.00 horas habr\u00e1 un acto del que formar\u00e1 parte el Intendente de Concepci\u00f3n del Uruguay, Jos\u00e9 Eduardo Lauritto.<\/p>\n\n\n\n<p>LT11 comenz\u00f3 a emitir el 29 de septiembre de 1951 como la primera de Concepci\u00f3n del Uruguay y la tercera de la provincia de Entre R\u00edos, despu\u00e9s de LT14 de Paran\u00e1 y LT15 de Concordia.<\/p>\n\n\n\n<p>24.09.25<\/p>\n","protected":false},"excerpt":{"rendered":"<p>Con un festival musical, que abarcar\u00e1 distintos g\u00e9neros, LT11 Radio Nacional General Francisco Ram\u00edrez de Concepci\u00f3n del Uruguay celebrar\u00e1 su 74\u00ba aniversario el pr\u00f3ximo lunes 29 de septiembre a partir de las 13.00 horas en la Plaza San Mart\u00edn de esa ciudad. &#8220;Este festejo es muy especial, ha sido declarado de Inter\u00e9s Provincial por la &hellip; <a href=\"https:\/\/amplitudmodulada.com.ar\/index.php\/noticia13988\/\" class=\"more-link\">Continu\u00e1 leyendo <span class=\"screen-reader-text\">LT11 festejar\u00e1 su 74\u00ba aniversario con un festival musical<\/span><\/a><\/p>\n","protected":false},"author":1,"featured_media":0,"parent":0,"menu_order":0,"comment_status":"closed","ping_status":"closed","template":"","meta":{"footnotes":""},"class_list":["post-9546","page","type-page","status-publish","hentry"],"_links":{"self":[{"href":"https:\/\/amplitudmodulada.com.ar\/index.php\/wp-json\/wp\/v2\/pages\/9546","targetHints":{"allow":["GET"]}}],"collection":[{"href":"https:\/\/amplitudmodulada.com.ar\/index.php\/wp-json\/wp\/v2\/pages"}],"about":[{"href":"https:\/\/amplitudmodulada.com.ar\/index.php\/wp-json\/wp\/v2\/types\/page"}],"author":[{"embeddable":true,"href":"https:\/\/amplitudmodulada.com.ar\/index.php\/wp-json\/wp\/v2\/users\/1"}],"replies":[{"embeddable":true,"href":"https:\/\/amplitudmodulada.com.ar\/index.php\/wp-json\/wp\/v2\/comments?post=9546"}],"version-history":[{"count":2,"href":"https:\/\/amplitudmodulada.com.ar\/index.php\/wp-json\/wp\/v2\/pages\/9546\/revisions"}],"predecessor-version":[{"id":9549,"href":"https:\/\/amplitudmodulada.com.ar\/index.php\/wp-json\/wp\/v2\/pages\/9546\/revisions\/9549"}],"wp:attachment":[{"href":"https:\/\/amplitudmodulada.com.ar\/index.php\/wp-json\/wp\/v2\/media?parent=9546"}],"curies":[{"name":"wp","href":"https:\/\/api.w.org\/{rel}","templated":true}]}}

LT11 festejará su 74º aniversario con un festival musical

<figure class="wp-block-image size-full"><img loading="lazy" decoding="async" width="110" height="110" src="http://amplitudmodulada.com.ar/wp-content/uploads/2024/10/LRA-e1728000015658.jpg" alt="" class="wp-image-4179"/></figure>



<p>Con un festival musical, que abarcará distintos géneros, LT11 Radio Nacional General Francisco Ramírez de Concepción del Uruguay celebrará su 74º aniversario el próximo lunes 29 de septiembre a partir de las 13.00 horas en la Plaza San Martín de esa ciudad.</p>



<p>&#8220;Este festejo es muy especial, ha sido declarado de Interés Provincial por la Cámara de Diputados de Entre Ríos y de Interés Municipal por el Honorable Concejo Deliberante&#8221;, explicó Martín Morasán, coordinador artístico de la emisora.</p>



<p>El festival será abierto al público y completamente gratuito y, además, a las 17.00 horas habrá un acto del que formará parte el Intendente de Concepción del Uruguay, José Eduardo Lauritto.</p>



<p>LT11 comenzó a emitir el 29 de septiembre de 1951 como la primera de Concepción del Uruguay y la tercera de la provincia de Entre Ríos, después de LT14 de Paraná y LT15 de Concordia.</p>



<p>24.09.25</p>

<p>Con un festival musical, que abarcará distintos géneros, LT11 Radio Nacional General Francisco Ramírez de Concepción del Uruguay celebrará su 74º aniversario el próximo lunes 29 de septiembre a partir de las 13.00 horas en la Plaza San Martín de esa ciudad. &#8220;Este festejo es muy especial, ha sido declarado de Interés Provincial por la &hellip; <a href="https://amplitudmodulada.com.ar/index.php/noticia13988/" class="more-link">Continuá leyendo <span class="screen-reader-text">LT11 festejará su 74º aniversario con un festival musical</span></a></p>
