{"id":9566,"date":"2025-11-07T20:42:19","date_gmt":"2025-11-07T23:42:19","guid":{"rendered":"https:\/\/amplitudmodulada.com.ar\/?page_id=9566"},"modified":"2025-11-07T20:53:48","modified_gmt":"2025-11-07T23:53:48","slug":"noticia13991","status":"publish","type":"page","link":"https:\/\/amplitudmodulada.com.ar\/index.php\/noticia13991\/","title":{"rendered":"Interrumpe sus emisiones FM Neura"},"content":{"rendered":"\n<figure class=\"wp-block-image size-full\"><img loading=\"lazy\" decoding=\"async\" width=\"159\" height=\"50\" src=\"http:\/\/amplitudmodulada.com.ar\/wp-content\/uploads\/2024\/05\/neura-e1714601138636.png\" alt=\"\" class=\"wp-image-1861\"\/><\/figure>\n\n\n\n<p>Seg\u00fan destaca este viernes 26 de septiembre el sitio de Facebook Argentina en AM y FM, la emisora de Frecuencia Modulada Neura no se encuentra saliendo al aire desde hace algunos d\u00edas en la frecuencia 89.7 Mhz.<\/p>\n\n\n\n<p>Argentina en AM y FM recuerda que la licencia para operar en 89.7 Mhz. en la Ciudad de Buenos Aires se encuentra bajo la titularidad de la firma 121 One To One de Publicidad S.A.<\/p>\n\n\n\n<p>Desde septiembre de 2022. la se\u00f1al que se irradia en 89.7 Mhz. se identifica como Neura, con contenidos a cargo de Neura Media, productora con domicilio en la calle Jos\u00e9 Antonio Cabrera 5557, del barrio de Palermo.<\/p>\n\n\n\n<p>El responsable y cara visible de Neura Media es el conductor de radio y televisi\u00f3n Alejandro Fantino.<\/p>\n\n\n\n<p>Aparentemente, Neura abandonar\u00eda la transmisi\u00f3n por Frecuencia Modulada y pasar\u00eda a emitir \u00fanicamente a trav\u00e9s de distintas plataformas digitales.<\/p>\n\n\n\n<p>26.09.25<\/p>\n","protected":false},"excerpt":{"rendered":"<p>Seg\u00fan destaca este viernes 26 de septiembre el sitio de Facebook Argentina en AM y FM, la emisora de Frecuencia Modulada Neura no se encuentra saliendo al aire desde hace algunos d\u00edas en la frecuencia 89.7 Mhz. Argentina en AM y FM recuerda que la licencia para operar en 89.7 Mhz. en la Ciudad de &hellip; <a href=\"https:\/\/amplitudmodulada.com.ar\/index.php\/noticia13991\/\" class=\"more-link\">Continu\u00e1 leyendo <span class=\"screen-reader-text\">Interrumpe sus emisiones FM Neura<\/span><\/a><\/p>\n","protected":false},"author":1,"featured_media":0,"parent":0,"menu_order":0,"comment_status":"closed","ping_status":"closed","template":"","meta":{"footnotes":""},"class_list":["post-9566","page","type-page","status-publish","hentry"],"_links":{"self":[{"href":"https:\/\/amplitudmodulada.com.ar\/index.php\/wp-json\/wp\/v2\/pages\/9566","targetHints":{"allow":["GET"]}}],"collection":[{"href":"https:\/\/amplitudmodulada.com.ar\/index.php\/wp-json\/wp\/v2\/pages"}],"about":[{"href":"https:\/\/amplitudmodulada.com.ar\/index.php\/wp-json\/wp\/v2\/types\/page"}],"author":[{"embeddable":true,"href":"https:\/\/amplitudmodulada.com.ar\/index.php\/wp-json\/wp\/v2\/users\/1"}],"replies":[{"embeddable":true,"href":"https:\/\/amplitudmodulada.com.ar\/index.php\/wp-json\/wp\/v2\/comments?post=9566"}],"version-history":[{"count":2,"href":"https:\/\/amplitudmodulada.com.ar\/index.php\/wp-json\/wp\/v2\/pages\/9566\/revisions"}],"predecessor-version":[{"id":9570,"href":"https:\/\/amplitudmodulada.com.ar\/index.php\/wp-json\/wp\/v2\/pages\/9566\/revisions\/9570"}],"wp:attachment":[{"href":"https:\/\/amplitudmodulada.com.ar\/index.php\/wp-json\/wp\/v2\/media?parent=9566"}],"curies":[{"name":"wp","href":"https:\/\/api.w.org\/{rel}","templated":true}]}}

<figure class="wp-block-image size-full"><img loading="lazy" decoding="async" width="159" height="50" src="http://amplitudmodulada.com.ar/wp-content/uploads/2024/05/neura-e1714601138636.png" alt="" class="wp-image-1861"/></figure>



<p>Según destaca este viernes 26 de septiembre el sitio de Facebook Argentina en AM y FM, la emisora de Frecuencia Modulada Neura no se encuentra saliendo al aire desde hace algunos días en la frecuencia 89.7 Mhz.</p>



<p>Argentina en AM y FM recuerda que la licencia para operar en 89.7 Mhz. en la Ciudad de Buenos Aires se encuentra bajo la titularidad de la firma 121 One To One de Publicidad S.A.</p>



<p>Desde septiembre de 2022. la señal que se irradia en 89.7 Mhz. se identifica como Neura, con contenidos a cargo de Neura Media, productora con domicilio en la calle José Antonio Cabrera 5557, del barrio de Palermo.</p>



<p>El responsable y cara visible de Neura Media es el conductor de radio y televisión Alejandro Fantino.</p>



<p>Aparentemente, Neura abandonaría la transmisión por Frecuencia Modulada y pasaría a emitir únicamente a través de distintas plataformas digitales.</p>



<p>26.09.25</p>

<p>Según destaca este viernes 26 de septiembre el sitio de Facebook Argentina en AM y FM, la emisora de Frecuencia Modulada Neura no se encuentra saliendo al aire desde hace algunos días en la frecuencia 89.7 Mhz. Argentina en AM y FM recuerda que la licencia para operar en 89.7 Mhz. en la Ciudad de &hellip; <a href="https://amplitudmodulada.com.ar/index.php/noticia13991/" class="more-link">Continuá leyendo <span class="screen-reader-text">Interrumpe sus emisiones FM Neura</span></a></p>
