{"id":9573,"date":"2025-11-07T21:19:21","date_gmt":"2025-11-08T00:19:21","guid":{"rendered":"https:\/\/amplitudmodulada.com.ar\/?page_id=9573"},"modified":"2025-11-07T21:45:20","modified_gmt":"2025-11-08T00:45:20","slug":"noticia13992","status":"publish","type":"page","link":"https:\/\/amplitudmodulada.com.ar\/index.php\/noticia13992\/","title":{"rendered":"El periodista Nelson Castro debut\u00f3 como director de orquesta"},"content":{"rendered":"\n<figure class=\"wp-block-image size-full\"><img loading=\"lazy\" decoding=\"async\" width=\"174\" height=\"60\" src=\"http:\/\/amplitudmodulada.com.ar\/wp-content\/uploads\/2024\/01\/630-e1704586384620.png\" alt=\"\" class=\"wp-image-115\"\/><\/figure>\n\n\n\n<p>En el marco de los festejos por los trescientos a\u00f1os de la fundaci\u00f3n de la ciudad de Rosario, el periodista y conductor de radio y televisi\u00f3n Nelson Castro mostr\u00f3 este s\u00e1bado una faceta desconocida por el p\u00fablico y debut\u00f3 como director de orquesta.<\/p>\n\n\n\n<p>El periodista debut\u00f3 como invitado al frente de la Banda Sinf\u00f3nica de la Polic\u00eda de Rosario y de la Banda Sinf\u00f3nica de la ciudad de P\u00e9rez.<\/p>\n\n\n\n<p>En ese sentido, este lunes por la ma\u00f1ana, durante la emisi\u00f3n del programa que conduce en LS5 Radio Rivadavia, Nelson Castro se mostr\u00f3 agradecido y destac\u00f3 el valor de la culura.<\/p>\n\n\n\n<p>&#8220;Quiero dedicar unos minutos para agradecer a todos lo que gener\u00f3 mi presencia en Rosario dirigiendo en el concierto de bandas. Quiero empezar el agradecimiento no para hablar de m\u00ed sino para lo que significa culturalmente: los maestros&#8221;, dijo.<\/p>\n\n\n\n<p>Asimismo, destac\u00f3 &#8220;el valor cultural que tiene un Festival de Bandas que pobl\u00f3 las calles y el valor que tiene esto culturalmente para la ciudad&#8221;.<\/p>\n\n\n\n<p>&#8220;La m\u00fasica y el deporte son dos instrumentos muy importantes para la integraci\u00f3n social, para el desarrollo y, por supuesto, para el disfrute de la cultura. Sobre todo en un contexto de lo que vive la Argentina&#8221;, a\u00f1adi\u00f3.<\/p>\n\n\n\n<p>Fuente: <a href=\"http:\/\/www.lanacion.com.ar\" data-type=\"link\" data-id=\"www.lanacion.com.ar\" target=\"_blank\" rel=\"noreferrer noopener\">www.lanacion.com.ar<\/a> | Ciudad Aut\u00f3noma de Buenos Aires | 29.09.25<\/p>\n\n\n\n<p><\/p>\n","protected":false},"excerpt":{"rendered":"<p>En el marco de los festejos por los trescientos a\u00f1os de la fundaci\u00f3n de la ciudad de Rosario, el periodista y conductor de radio y televisi\u00f3n Nelson Castro mostr\u00f3 este s\u00e1bado una faceta desconocida por el p\u00fablico y debut\u00f3 como director de orquesta. El periodista debut\u00f3 como invitado al frente de la Banda Sinf\u00f3nica de &hellip; <a href=\"https:\/\/amplitudmodulada.com.ar\/index.php\/noticia13992\/\" class=\"more-link\">Continu\u00e1 leyendo <span class=\"screen-reader-text\">El periodista Nelson Castro debut\u00f3 como director de orquesta<\/span><\/a><\/p>\n","protected":false},"author":1,"featured_media":0,"parent":0,"menu_order":0,"comment_status":"closed","ping_status":"closed","template":"","meta":{"footnotes":""},"class_list":["post-9573","page","type-page","status-publish","hentry"],"_links":{"self":[{"href":"https:\/\/amplitudmodulada.com.ar\/index.php\/wp-json\/wp\/v2\/pages\/9573","targetHints":{"allow":["GET"]}}],"collection":[{"href":"https:\/\/amplitudmodulada.com.ar\/index.php\/wp-json\/wp\/v2\/pages"}],"about":[{"href":"https:\/\/amplitudmodulada.com.ar\/index.php\/wp-json\/wp\/v2\/types\/page"}],"author":[{"embeddable":true,"href":"https:\/\/amplitudmodulada.com.ar\/index.php\/wp-json\/wp\/v2\/users\/1"}],"replies":[{"embeddable":true,"href":"https:\/\/amplitudmodulada.com.ar\/index.php\/wp-json\/wp\/v2\/comments?post=9573"}],"version-history":[{"count":2,"href":"https:\/\/amplitudmodulada.com.ar\/index.php\/wp-json\/wp\/v2\/pages\/9573\/revisions"}],"predecessor-version":[{"id":9576,"href":"https:\/\/amplitudmodulada.com.ar\/index.php\/wp-json\/wp\/v2\/pages\/9573\/revisions\/9576"}],"wp:attachment":[{"href":"https:\/\/amplitudmodulada.com.ar\/index.php\/wp-json\/wp\/v2\/media?parent=9573"}],"curies":[{"name":"wp","href":"https:\/\/api.w.org\/{rel}","templated":true}]}}

El periodista Nelson Castro debutó como director de orquesta

<figure class="wp-block-image size-full"><img loading="lazy" decoding="async" width="174" height="60" src="http://amplitudmodulada.com.ar/wp-content/uploads/2024/01/630-e1704586384620.png" alt="" class="wp-image-115"/></figure>



<p>En el marco de los festejos por los trescientos años de la fundación de la ciudad de Rosario, el periodista y conductor de radio y televisión Nelson Castro mostró este sábado una faceta desconocida por el público y debutó como director de orquesta.</p>



<p>El periodista debutó como invitado al frente de la Banda Sinfónica de la Policía de Rosario y de la Banda Sinfónica de la ciudad de Pérez.</p>



<p>En ese sentido, este lunes por la mañana, durante la emisión del programa que conduce en LS5 Radio Rivadavia, Nelson Castro se mostró agradecido y destacó el valor de la culura.</p>



<p>&#8220;Quiero dedicar unos minutos para agradecer a todos lo que generó mi presencia en Rosario dirigiendo en el concierto de bandas. Quiero empezar el agradecimiento no para hablar de mí sino para lo que significa culturalmente: los maestros&#8221;, dijo.</p>



<p>Asimismo, destacó &#8220;el valor cultural que tiene un Festival de Bandas que pobló las calles y el valor que tiene esto culturalmente para la ciudad&#8221;.</p>



<p>&#8220;La música y el deporte son dos instrumentos muy importantes para la integración social, para el desarrollo y, por supuesto, para el disfrute de la cultura. Sobre todo en un contexto de lo que vive la Argentina&#8221;, añadió.</p>



<p>Fuente: <a href="http://www.lanacion.com.ar" data-type="link" data-id="www.lanacion.com.ar" target="_blank" rel="noreferrer noopener">www.lanacion.com.ar</a> | Ciudad Autónoma de Buenos Aires | 29.09.25</p>



<p></p>

<p>En el marco de los festejos por los trescientos años de la fundación de la ciudad de Rosario, el periodista y conductor de radio y televisión Nelson Castro mostró este sábado una faceta desconocida por el público y debutó como director de orquesta. El periodista debutó como invitado al frente de la Banda Sinfónica de &hellip; <a href="https://amplitudmodulada.com.ar/index.php/noticia13992/" class="more-link">Continuá leyendo <span class="screen-reader-text">El periodista Nelson Castro debutó como director de orquesta</span></a></p>
