{"id":9585,"date":"2025-11-08T17:15:05","date_gmt":"2025-11-08T20:15:05","guid":{"rendered":"https:\/\/amplitudmodulada.com.ar\/?page_id=9585"},"modified":"2025-11-08T20:22:30","modified_gmt":"2025-11-08T23:22:30","slug":"noticia13994","status":"publish","type":"page","link":"https:\/\/amplitudmodulada.com.ar\/index.php\/noticia13994\/","title":{"rendered":"Sebasti\u00e1n Padr\u00f3n es el nuevo coordinador de las AM del Grupo Octubre"},"content":{"rendered":"\n<figure class=\"wp-block-image size-full\"><img loading=\"lazy\" decoding=\"async\" width=\"215\" height=\"60\" src=\"http:\/\/amplitudmodulada.com.ar\/wp-content\/uploads\/2024\/08\/octubre-e1724110522388.png\" alt=\"\" class=\"wp-image-3139\"\/><\/figure>\n\n\n\n<p>Sebasti\u00e1n Padr\u00f3n es el nuevo coordinador de las emisoras de Amplitud Modulada del  Grupo Octubre, que incluyen LRL203 AM 750 y LS4 Radio Continental.<\/p>\n\n\n\n<p>El ahora directivo del Grupo Octubre renunci\u00f3 a comienzos de agosto como gerente de programaci\u00f3n de LRL202 Radio 10 y de las emisoras de Frecuencia Modulada de Indalo Media, debido a desacuerdos con la nueva estrategia de integraci\u00f3n del Grupo Indalo entre radios, televisi\u00f3n y plataformas digitales.<\/p>\n\n\n\n<p>El hist\u00f3rico productor de Gustavo Sylvestre present\u00f3 al Grupo Octubre un proyecto de jerarquizaci\u00f3n para acomodar ambas radios desde diferentes lados, tanto como los temas de art\u00edstica y marketing, m\u00e1s all\u00e1 de la programaci\u00f3n y grilla horaria.<\/p>\n\n\n\n<p>Fuente: <a href=\"http:\/\/www.lanacion.com.ar\" data-type=\"link\" data-id=\"www.lanacion.com.ar\" target=\"_blank\" rel=\"noreferrer noopener\">www.lanacion.com.ar<\/a> | Ciudad Aut\u00f3noma de Buenos Aires | 30.09.25<\/p>\n\n\n\n<p><\/p>\n","protected":false},"excerpt":{"rendered":"<p>Sebasti\u00e1n Padr\u00f3n es el nuevo coordinador de las emisoras de Amplitud Modulada del Grupo Octubre, que incluyen LRL203 AM 750 y LS4 Radio Continental. El ahora directivo del Grupo Octubre renunci\u00f3 a comienzos de agosto como gerente de programaci\u00f3n de LRL202 Radio 10 y de las emisoras de Frecuencia Modulada de Indalo Media, debido a &hellip; <a href=\"https:\/\/amplitudmodulada.com.ar\/index.php\/noticia13994\/\" class=\"more-link\">Continu\u00e1 leyendo <span class=\"screen-reader-text\">Sebasti\u00e1n Padr\u00f3n es el nuevo coordinador de las AM del Grupo Octubre<\/span><\/a><\/p>\n","protected":false},"author":1,"featured_media":0,"parent":0,"menu_order":0,"comment_status":"closed","ping_status":"closed","template":"","meta":{"footnotes":""},"class_list":["post-9585","page","type-page","status-publish","hentry"],"_links":{"self":[{"href":"https:\/\/amplitudmodulada.com.ar\/index.php\/wp-json\/wp\/v2\/pages\/9585","targetHints":{"allow":["GET"]}}],"collection":[{"href":"https:\/\/amplitudmodulada.com.ar\/index.php\/wp-json\/wp\/v2\/pages"}],"about":[{"href":"https:\/\/amplitudmodulada.com.ar\/index.php\/wp-json\/wp\/v2\/types\/page"}],"author":[{"embeddable":true,"href":"https:\/\/amplitudmodulada.com.ar\/index.php\/wp-json\/wp\/v2\/users\/1"}],"replies":[{"embeddable":true,"href":"https:\/\/amplitudmodulada.com.ar\/index.php\/wp-json\/wp\/v2\/comments?post=9585"}],"version-history":[{"count":4,"href":"https:\/\/amplitudmodulada.com.ar\/index.php\/wp-json\/wp\/v2\/pages\/9585\/revisions"}],"predecessor-version":[{"id":9609,"href":"https:\/\/amplitudmodulada.com.ar\/index.php\/wp-json\/wp\/v2\/pages\/9585\/revisions\/9609"}],"wp:attachment":[{"href":"https:\/\/amplitudmodulada.com.ar\/index.php\/wp-json\/wp\/v2\/media?parent=9585"}],"curies":[{"name":"wp","href":"https:\/\/api.w.org\/{rel}","templated":true}]}}

Sebastián Padrón es el nuevo coordinador de las AM del Grupo Octubre

<figure class="wp-block-image size-full"><img loading="lazy" decoding="async" width="215" height="60" src="http://amplitudmodulada.com.ar/wp-content/uploads/2024/08/octubre-e1724110522388.png" alt="" class="wp-image-3139"/></figure>



<p>Sebastián Padrón es el nuevo coordinador de las emisoras de Amplitud Modulada del  Grupo Octubre, que incluyen LRL203 AM 750 y LS4 Radio Continental.</p>



<p>El ahora directivo del Grupo Octubre renunció a comienzos de agosto como gerente de programación de LRL202 Radio 10 y de las emisoras de Frecuencia Modulada de Indalo Media, debido a desacuerdos con la nueva estrategia de integración del Grupo Indalo entre radios, televisión y plataformas digitales.</p>



<p>El histórico productor de Gustavo Sylvestre presentó al Grupo Octubre un proyecto de jerarquización para acomodar ambas radios desde diferentes lados, tanto como los temas de artística y marketing, más allá de la programación y grilla horaria.</p>



<p>Fuente: <a href="http://www.lanacion.com.ar" data-type="link" data-id="www.lanacion.com.ar" target="_blank" rel="noreferrer noopener">www.lanacion.com.ar</a> | Ciudad Autónoma de Buenos Aires | 30.09.25</p>



<p></p>

<p>Sebastián Padrón es el nuevo coordinador de las emisoras de Amplitud Modulada del Grupo Octubre, que incluyen LRL203 AM 750 y LS4 Radio Continental. El ahora directivo del Grupo Octubre renunció a comienzos de agosto como gerente de programación de LRL202 Radio 10 y de las emisoras de Frecuencia Modulada de Indalo Media, debido a &hellip; <a href="https://amplitudmodulada.com.ar/index.php/noticia13994/" class="more-link">Continuá leyendo <span class="screen-reader-text">Sebastián Padrón es el nuevo coordinador de las AM del Grupo Octubre</span></a></p>
