{"id":9599,"date":"2025-11-08T19:52:36","date_gmt":"2025-11-08T22:52:36","guid":{"rendered":"https:\/\/amplitudmodulada.com.ar\/?page_id=9599"},"modified":"2025-11-08T20:03:22","modified_gmt":"2025-11-08T23:03:22","slug":"noticia13996","status":"publish","type":"page","link":"https:\/\/amplitudmodulada.com.ar\/index.php\/noticia13996\/","title":{"rendered":"Alejandro Dolina: &#8220;De pronto, parece que a las personas les dieron permiso para odiar&#8221;"},"content":{"rendered":"\n<figure class=\"wp-block-image size-full is-style-rounded\"><img loading=\"lazy\" decoding=\"async\" width=\"144\" height=\"75\" src=\"http:\/\/amplitudmodulada.com.ar\/wp-content\/uploads\/2024\/01\/750-e1705525955651.jpg\" alt=\"\" class=\"wp-image-348\"\/><\/figure>\n\n\n\n<p>El escritor y conductor radial Alejandro Dolina dialog\u00f3 con el portal Medios Rioja, donde analiz\u00f3 la realidad social y pol\u00edtica de nuestro pa\u00eds. &#8220;De pronto, parece que a a las personas les dieron permiso para odiar&#8221;, consider\u00f3.<\/p>\n\n\n\n<p>En el reportaje, el conductor de &#8220;La Venganza Ser\u00e1 Terrible&#8221; se\u00f1al\u00f3 que &#8220;lo que molesta, llama la atenci\u00f3n y caracteriza a estas nuevas expresiones de la pol\u00edtica de derecha, no es solamente que propenden a la desaparici\u00f3n del Estado, sino que se complace en un especie de ego\u00edsmo que, lejos de parecer algo denostable, parece virtuoso y hasta glamoroso&#8221;.<\/p>\n\n\n\n<p>En ese sentido, consider\u00f3 que &#8220;la crueldad a trav\u00e9s del individualismo, cuando uno mira en principio parece pol\u00edtica y uno habla del alcance del Estado, pero me parece que hay algo m\u00e1s&#8221; y a\u00f1adi\u00f3 que &#8220;no es solamente una opini\u00f3n sobre el mucho o poco alcance del Estado sino m\u00e1s bien una cuesti\u00f3n m\u00e1s human\u00edstica que pol\u00edtica&#8221;.<\/p>\n\n\n\n<p>El programa &#8220;La Venganza Ser\u00e1 Terrible&#8221; se emite habitualmente de martes a s\u00e1bados de 0.00 a 2.00 horas por LRL203 AM 750.<\/p>\n\n\n\n<p>Fuente: <a href=\"http:\/\/www.mediosrioja.com.ar\" data-type=\"link\" data-id=\"www.mediosrioja.com.ar\" target=\"_blank\" rel=\"noreferrer noopener\">www.mediosrioja.com.ar<\/a> | La Rioja &#8211; La Rioja | 02.10.25<\/p>\n","protected":false},"excerpt":{"rendered":"<p>El escritor y conductor radial Alejandro Dolina dialog\u00f3 con el portal Medios Rioja, donde analiz\u00f3 la realidad social y pol\u00edtica de nuestro pa\u00eds. &#8220;De pronto, parece que a a las personas les dieron permiso para odiar&#8221;, consider\u00f3. En el reportaje, el conductor de &#8220;La Venganza Ser\u00e1 Terrible&#8221; se\u00f1al\u00f3 que &#8220;lo que molesta, llama la atenci\u00f3n &hellip; <a href=\"https:\/\/amplitudmodulada.com.ar\/index.php\/noticia13996\/\" class=\"more-link\">Continu\u00e1 leyendo <span class=\"screen-reader-text\">Alejandro Dolina: &#8220;De pronto, parece que a las personas les dieron permiso para odiar&#8221;<\/span><\/a><\/p>\n","protected":false},"author":1,"featured_media":0,"parent":0,"menu_order":0,"comment_status":"closed","ping_status":"closed","template":"","meta":{"footnotes":""},"class_list":["post-9599","page","type-page","status-publish","hentry"],"_links":{"self":[{"href":"https:\/\/amplitudmodulada.com.ar\/index.php\/wp-json\/wp\/v2\/pages\/9599","targetHints":{"allow":["GET"]}}],"collection":[{"href":"https:\/\/amplitudmodulada.com.ar\/index.php\/wp-json\/wp\/v2\/pages"}],"about":[{"href":"https:\/\/amplitudmodulada.com.ar\/index.php\/wp-json\/wp\/v2\/types\/page"}],"author":[{"embeddable":true,"href":"https:\/\/amplitudmodulada.com.ar\/index.php\/wp-json\/wp\/v2\/users\/1"}],"replies":[{"embeddable":true,"href":"https:\/\/amplitudmodulada.com.ar\/index.php\/wp-json\/wp\/v2\/comments?post=9599"}],"version-history":[{"count":3,"href":"https:\/\/amplitudmodulada.com.ar\/index.php\/wp-json\/wp\/v2\/pages\/9599\/revisions"}],"predecessor-version":[{"id":9604,"href":"https:\/\/amplitudmodulada.com.ar\/index.php\/wp-json\/wp\/v2\/pages\/9599\/revisions\/9604"}],"wp:attachment":[{"href":"https:\/\/amplitudmodulada.com.ar\/index.php\/wp-json\/wp\/v2\/media?parent=9599"}],"curies":[{"name":"wp","href":"https:\/\/api.w.org\/{rel}","templated":true}]}}

<figure class="wp-block-image size-full is-style-rounded"><img loading="lazy" decoding="async" width="144" height="75" src="http://amplitudmodulada.com.ar/wp-content/uploads/2024/01/750-e1705525955651.jpg" alt="" class="wp-image-348"/></figure>



<p>El escritor y conductor radial Alejandro Dolina dialogó con el portal Medios Rioja, donde analizó la realidad social y política de nuestro país. &#8220;De pronto, parece que a a las personas les dieron permiso para odiar&#8221;, consideró.</p>



<p>En el reportaje, el conductor de &#8220;La Venganza Será Terrible&#8221; señaló que &#8220;lo que molesta, llama la atención y caracteriza a estas nuevas expresiones de la política de derecha, no es solamente que propenden a la desaparición del Estado, sino que se complace en un especie de egoísmo que, lejos de parecer algo denostable, parece virtuoso y hasta glamoroso&#8221;.</p>



<p>En ese sentido, consideró que &#8220;la crueldad a través del individualismo, cuando uno mira en principio parece política y uno habla del alcance del Estado, pero me parece que hay algo más&#8221; y añadió que &#8220;no es solamente una opinión sobre el mucho o poco alcance del Estado sino más bien una cuestión más humanística que política&#8221;.</p>



<p>El programa &#8220;La Venganza Será Terrible&#8221; se emite habitualmente de martes a sábados de 0.00 a 2.00 horas por LRL203 AM 750.</p>



<p>Fuente: <a href="http://www.mediosrioja.com.ar" data-type="link" data-id="www.mediosrioja.com.ar" target="_blank" rel="noreferrer noopener">www.mediosrioja.com.ar</a> | La Rioja &#8211; La Rioja | 02.10.25</p>

<p>El escritor y conductor radial Alejandro Dolina dialogó con el portal Medios Rioja, donde analizó la realidad social y política de nuestro país. &#8220;De pronto, parece que a a las personas les dieron permiso para odiar&#8221;, consideró. En el reportaje, el conductor de &#8220;La Venganza Será Terrible&#8221; señaló que &#8220;lo que molesta, llama la atención &hellip; <a href="https://amplitudmodulada.com.ar/index.php/noticia13996/" class="more-link">Continuá leyendo <span class="screen-reader-text">Alejandro Dolina: &#8220;De pronto, parece que a las personas les dieron permiso para odiar&#8221;</span></a></p>
