{"id":9743,"date":"2025-11-25T19:20:55","date_gmt":"2025-11-25T22:20:55","guid":{"rendered":"https:\/\/amplitudmodulada.com.ar\/?page_id=9743"},"modified":"2025-11-25T19:28:56","modified_gmt":"2025-11-25T22:28:56","slug":"noticia14015","status":"publish","type":"page","link":"https:\/\/amplitudmodulada.com.ar\/index.php\/noticia14015\/","title":{"rendered":"Radio 10 brindar\u00e1 un cobertura especial de las elecciones legislativas"},"content":{"rendered":"\n<figure class=\"wp-block-image size-full\"><img loading=\"lazy\" decoding=\"async\" width=\"126\" height=\"80\" src=\"http:\/\/amplitudmodulada.com.ar\/wp-content\/uploads\/2024\/01\/710-e1704587121920.png\" alt=\"\" class=\"wp-image-122\"\/><\/figure>\n\n\n\n<p>LRL202 Radio 10 realizar\u00e1 este domingo 26 de octubre y durante toda la jornada una cobertura especial de las elecciones legislativas nacionales.<\/p>\n\n\n\n<p>La emisora desplegar\u00e1 una cobertura federal y en vivo durante toda la jornada electoral, con la participaci\u00f3n de sus principales figuras y m\u00e1s de treinta m\u00f3viles en todo el pa\u00eds.<\/p>\n\n\n\n<p>Desde las 7.00 horas, Dar\u00edo Villarruel, Liliana L\u00f3pez Foresi y Lucas Mella estar\u00e1n en contacto con los m\u00f3viles distribuidos en distintos puntos del pa\u00eds para registrar la apertura de los comicios.<\/p>\n\n\n\n<p>A partir de las 14.00 horas, Sof\u00eda Caram y Tuny Kollman se sumar\u00e1n a la transmisi\u00f3n con su mirada y an\u00e1lisis de la tarde electoral.<\/p>\n\n\n\n<p>Con el cierre de los comicios, a las 18.00 horas, Pablo Duggan llegar\u00e1 con los primeros boca de urnas e informaci\u00f3n exclusiva desde los distintos m\u00f3viles.<\/p>\n\n\n\n<p>Luego, desde las 20.00 horas, Nancy Pazos ofrecer\u00e1 el mejor an\u00e1lisis pol\u00edtico con la evoluci\u00f3n del escrutinio.<\/p>\n\n\n\n<p>Para el cierre, Fernando Borroni conducir\u00e1 un espacio especial con la palabra de los protagonistas de la jornada.<\/p>\n\n\n\n<p>Fuente: <a href=\"http:\/\/www.totalmedios.com\" data-type=\"link\" data-id=\"www.totalmedios.com\" target=\"_blank\" rel=\"noreferrer noopener\">www.totalmedios.com<\/a> | Ciudad Aut\u00f3noma de Buenos Aires | 23.10.25<\/p>\n\n\n\n<p><\/p>\n","protected":false},"excerpt":{"rendered":"<p>LRL202 Radio 10 realizar\u00e1 este domingo 26 de octubre y durante toda la jornada una cobertura especial de las elecciones legislativas nacionales. La emisora desplegar\u00e1 una cobertura federal y en vivo durante toda la jornada electoral, con la participaci\u00f3n de sus principales figuras y m\u00e1s de treinta m\u00f3viles en todo el pa\u00eds. Desde las 7.00 &hellip; <a href=\"https:\/\/amplitudmodulada.com.ar\/index.php\/noticia14015\/\" class=\"more-link\">Continu\u00e1 leyendo <span class=\"screen-reader-text\">Radio 10 brindar\u00e1 un cobertura especial de las elecciones legislativas<\/span><\/a><\/p>\n","protected":false},"author":1,"featured_media":0,"parent":0,"menu_order":0,"comment_status":"closed","ping_status":"closed","template":"","meta":{"footnotes":""},"class_list":["post-9743","page","type-page","status-publish","hentry"],"_links":{"self":[{"href":"https:\/\/amplitudmodulada.com.ar\/index.php\/wp-json\/wp\/v2\/pages\/9743","targetHints":{"allow":["GET"]}}],"collection":[{"href":"https:\/\/amplitudmodulada.com.ar\/index.php\/wp-json\/wp\/v2\/pages"}],"about":[{"href":"https:\/\/amplitudmodulada.com.ar\/index.php\/wp-json\/wp\/v2\/types\/page"}],"author":[{"embeddable":true,"href":"https:\/\/amplitudmodulada.com.ar\/index.php\/wp-json\/wp\/v2\/users\/1"}],"replies":[{"embeddable":true,"href":"https:\/\/amplitudmodulada.com.ar\/index.php\/wp-json\/wp\/v2\/comments?post=9743"}],"version-history":[{"count":3,"href":"https:\/\/amplitudmodulada.com.ar\/index.php\/wp-json\/wp\/v2\/pages\/9743\/revisions"}],"predecessor-version":[{"id":9748,"href":"https:\/\/amplitudmodulada.com.ar\/index.php\/wp-json\/wp\/v2\/pages\/9743\/revisions\/9748"}],"wp:attachment":[{"href":"https:\/\/amplitudmodulada.com.ar\/index.php\/wp-json\/wp\/v2\/media?parent=9743"}],"curies":[{"name":"wp","href":"https:\/\/api.w.org\/{rel}","templated":true}]}}

Radio 10 brindará un cobertura especial de las elecciones legislativas

<figure class="wp-block-image size-full"><img loading="lazy" decoding="async" width="126" height="80" src="http://amplitudmodulada.com.ar/wp-content/uploads/2024/01/710-e1704587121920.png" alt="" class="wp-image-122"/></figure>



<p>LRL202 Radio 10 realizará este domingo 26 de octubre y durante toda la jornada una cobertura especial de las elecciones legislativas nacionales.</p>



<p>La emisora desplegará una cobertura federal y en vivo durante toda la jornada electoral, con la participación de sus principales figuras y más de treinta móviles en todo el país.</p>



<p>Desde las 7.00 horas, Darío Villarruel, Liliana López Foresi y Lucas Mella estarán en contacto con los móviles distribuidos en distintos puntos del país para registrar la apertura de los comicios.</p>



<p>A partir de las 14.00 horas, Sofía Caram y Tuny Kollman se sumarán a la transmisión con su mirada y análisis de la tarde electoral.</p>



<p>Con el cierre de los comicios, a las 18.00 horas, Pablo Duggan llegará con los primeros boca de urnas e información exclusiva desde los distintos móviles.</p>



<p>Luego, desde las 20.00 horas, Nancy Pazos ofrecerá el mejor análisis político con la evolución del escrutinio.</p>



<p>Para el cierre, Fernando Borroni conducirá un espacio especial con la palabra de los protagonistas de la jornada.</p>



<p>Fuente: <a href="http://www.totalmedios.com" data-type="link" data-id="www.totalmedios.com" target="_blank" rel="noreferrer noopener">www.totalmedios.com</a> | Ciudad Autónoma de Buenos Aires | 23.10.25</p>



<p></p>

<p>LRL202 Radio 10 realizará este domingo 26 de octubre y durante toda la jornada una cobertura especial de las elecciones legislativas nacionales. La emisora desplegará una cobertura federal y en vivo durante toda la jornada electoral, con la participación de sus principales figuras y más de treinta móviles en todo el país. Desde las 7.00 &hellip; <a href="https://amplitudmodulada.com.ar/index.php/noticia14015/" class="more-link">Continuá leyendo <span class="screen-reader-text">Radio 10 brindará un cobertura especial de las elecciones legislativas</span></a></p>
