{"id":9790,"date":"2025-11-29T13:21:25","date_gmt":"2025-11-29T16:21:25","guid":{"rendered":"https:\/\/amplitudmodulada.com.ar\/?page_id=9790"},"modified":"2025-11-29T13:36:00","modified_gmt":"2025-11-29T16:36:00","slug":"noticia14020","status":"publish","type":"page","link":"https:\/\/amplitudmodulada.com.ar\/index.php\/noticia14020\/","title":{"rendered":"Alejandro Dolina gana el Premio Ondas Internacional de Radio 2025"},"content":{"rendered":"\n<figure class=\"wp-block-image size-full is-resized is-style-rounded\"><img loading=\"lazy\" decoding=\"async\" width=\"144\" height=\"75\" src=\"http:\/\/amplitudmodulada.com.ar\/wp-content\/uploads\/2024\/01\/750-e1705525955651.jpg\" alt=\"\" class=\"wp-image-348\" style=\"width:142px;height:auto\"\/><\/figure>\n\n\n\n<p>El escritor y conductor radial Alejandro Dolina gan\u00f3 el Premio Ondas Internacional de Radio 2025 por su labor al frente del programa &#8220;La Venganza Ser\u00e1 Terrible&#8221;, que se emite de martes a s\u00e1bados a la medianoche por LRL203 AM 750.<\/p>\n\n\n\n<p>De acuerdo a las palabras del jurado, Alejandro Dolina fue reconocido &#8220;por su capacidad de crear un universo propio desde el humor&#8221;.<\/p>\n\n\n\n<p>Creados en 1954, los Premios Onda buscan destacar a las producciones radiales, musicales y televisivas que aporten miradas innovadoras de los principales temas de inter\u00e9s para una audiencia cada vez m\u00e1s compleja.<\/p>\n\n\n\n<p>La ceremonia de entrega de estos galardones es organizada anualmente por la firma Prisa, en alianza con radio Barcelona de la Cadena SER.<\/p>\n\n\n\n<p>Este a\u00f1o, en la 72\u00ba edici\u00f3n de la entrega de premios, los organizadores destacaron el papel de los medios de comunicaci\u00f3n durante el masivo apag\u00f3n que sufri\u00f3 gran parte de Espa\u00f1a en abril de este a\u00f1o.<\/p>\n\n\n\n<p>El programa &#8220;La Venganza Ser\u00e1 Terrible&#8221; se emite de martes a s\u00e1bado de 0.00 a 2.00 horas por LRL203 AM 750.<\/p>\n\n\n\n<p>Fuente: <a href=\"http:\/\/www.pagina12.com.ar\" data-type=\"link\" data-id=\"www.pagina12.com.ar\" target=\"_blank\" rel=\"noreferrer noopener\">www.pagina12.com.ar<\/a> | Ciudad Aut\u00f3noma de Buenos Aires | 28.10.25<\/p>\n\n\n\n<p><\/p>\n","protected":false},"excerpt":{"rendered":"<p>El escritor y conductor radial Alejandro Dolina gan\u00f3 el Premio Ondas Internacional de Radio 2025 por su labor al frente del programa &#8220;La Venganza Ser\u00e1 Terrible&#8221;, que se emite de martes a s\u00e1bados a la medianoche por LRL203 AM 750. De acuerdo a las palabras del jurado, Alejandro Dolina fue reconocido &#8220;por su capacidad de &hellip; <a href=\"https:\/\/amplitudmodulada.com.ar\/index.php\/noticia14020\/\" class=\"more-link\">Continu\u00e1 leyendo <span class=\"screen-reader-text\">Alejandro Dolina gana el Premio Ondas Internacional de Radio 2025<\/span><\/a><\/p>\n","protected":false},"author":1,"featured_media":0,"parent":0,"menu_order":0,"comment_status":"closed","ping_status":"closed","template":"","meta":{"footnotes":""},"class_list":["post-9790","page","type-page","status-publish","hentry"],"_links":{"self":[{"href":"https:\/\/amplitudmodulada.com.ar\/index.php\/wp-json\/wp\/v2\/pages\/9790","targetHints":{"allow":["GET"]}}],"collection":[{"href":"https:\/\/amplitudmodulada.com.ar\/index.php\/wp-json\/wp\/v2\/pages"}],"about":[{"href":"https:\/\/amplitudmodulada.com.ar\/index.php\/wp-json\/wp\/v2\/types\/page"}],"author":[{"embeddable":true,"href":"https:\/\/amplitudmodulada.com.ar\/index.php\/wp-json\/wp\/v2\/users\/1"}],"replies":[{"embeddable":true,"href":"https:\/\/amplitudmodulada.com.ar\/index.php\/wp-json\/wp\/v2\/comments?post=9790"}],"version-history":[{"count":2,"href":"https:\/\/amplitudmodulada.com.ar\/index.php\/wp-json\/wp\/v2\/pages\/9790\/revisions"}],"predecessor-version":[{"id":9793,"href":"https:\/\/amplitudmodulada.com.ar\/index.php\/wp-json\/wp\/v2\/pages\/9790\/revisions\/9793"}],"wp:attachment":[{"href":"https:\/\/amplitudmodulada.com.ar\/index.php\/wp-json\/wp\/v2\/media?parent=9790"}],"curies":[{"name":"wp","href":"https:\/\/api.w.org\/{rel}","templated":true}]}}

<figure class="wp-block-image size-full is-resized is-style-rounded"><img loading="lazy" decoding="async" width="144" height="75" src="http://amplitudmodulada.com.ar/wp-content/uploads/2024/01/750-e1705525955651.jpg" alt="" class="wp-image-348" style="width:142px;height:auto"/></figure>



<p>El escritor y conductor radial Alejandro Dolina ganó el Premio Ondas Internacional de Radio 2025 por su labor al frente del programa &#8220;La Venganza Será Terrible&#8221;, que se emite de martes a sábados a la medianoche por LRL203 AM 750.</p>



<p>De acuerdo a las palabras del jurado, Alejandro Dolina fue reconocido &#8220;por su capacidad de crear un universo propio desde el humor&#8221;.</p>



<p>Creados en 1954, los Premios Onda buscan destacar a las producciones radiales, musicales y televisivas que aporten miradas innovadoras de los principales temas de interés para una audiencia cada vez más compleja.</p>



<p>La ceremonia de entrega de estos galardones es organizada anualmente por la firma Prisa, en alianza con radio Barcelona de la Cadena SER.</p>



<p>Este año, en la 72º edición de la entrega de premios, los organizadores destacaron el papel de los medios de comunicación durante el masivo apagón que sufrió gran parte de España en abril de este año.</p>



<p>El programa &#8220;La Venganza Será Terrible&#8221; se emite de martes a sábado de 0.00 a 2.00 horas por LRL203 AM 750.</p>



<p>Fuente: <a href="http://www.pagina12.com.ar" data-type="link" data-id="www.pagina12.com.ar" target="_blank" rel="noreferrer noopener">www.pagina12.com.ar</a> | Ciudad Autónoma de Buenos Aires | 28.10.25</p>



<p></p>

<p>El escritor y conductor radial Alejandro Dolina ganó el Premio Ondas Internacional de Radio 2025 por su labor al frente del programa &#8220;La Venganza Será Terrible&#8221;, que se emite de martes a sábados a la medianoche por LRL203 AM 750. De acuerdo a las palabras del jurado, Alejandro Dolina fue reconocido &#8220;por su capacidad de &hellip; <a href="https://amplitudmodulada.com.ar/index.php/noticia14020/" class="more-link">Continuá leyendo <span class="screen-reader-text">Alejandro Dolina gana el Premio Ondas Internacional de Radio 2025</span></a></p>
