{"id":9800,"date":"2025-11-29T14:33:41","date_gmt":"2025-11-29T17:33:41","guid":{"rendered":"https:\/\/amplitudmodulada.com.ar\/?page_id=9800"},"modified":"2025-11-29T14:43:00","modified_gmt":"2025-11-29T17:43:00","slug":"noticia14022","status":"publish","type":"page","link":"https:\/\/amplitudmodulada.com.ar\/index.php\/noticia14022\/","title":{"rendered":"Presentan un proyecto para crear Radio y Televis\u00f3n Santacruce\u00f1a"},"content":{"rendered":"\n<figure class=\"wp-block-image size-full\"><img loading=\"lazy\" decoding=\"async\" width=\"106\" height=\"110\" src=\"http:\/\/amplitudmodulada.com.ar\/wp-content\/uploads\/2025\/01\/LU14-e1735940059230.png\" alt=\"\" class=\"wp-image-5088\"\/><\/figure>\n\n\n\n<p>Ingres\u00f3 a la C\u00e1mara de Diputados de Santa Cruz un proyecto de ley para crear el Ente Aut\u00e1rquico Radio y Televisi\u00f3n Santacruce\u00f1a (RTS), que unificar\u00e1 LU14 Radio Provincia de Santa Cruz y LU85 Canal 9 de R\u00edo Gallegos bajo una sola estructura administrativa, jur\u00eddica y financiera.<\/p>\n\n\n\n<p>La propuesta, presentada oficialmente el 21 de octubre, busca dotar a los medios estatales de autonom\u00eda funcional, administrativa y financiera y adaptarlos a las nuevas din\u00e1micas de comunicaci\u00f3n p\u00fablica.<\/p>\n\n\n\n<p>&#8220;La creaci\u00f3n de Radio y Televisi\u00f3n Santacruce\u00f1a representa una decisi\u00f3n estrat\u00e9gica para el fortalecimiento institucional de los medios p\u00fablicos provinciales&#8221;, sostuvieron los diputados Daniel Peralta y Pedro Luxen, autores del proyecto.<\/p>\n\n\n\n<p>La iniciativa tiene el aval del gremio SAT-SAID Santa Cruz, cuyo secretario general, Jorge \u00c1lvarez, acompa\u00f1\u00f3 la presentaci\u00f3n del proyecto.<\/p>\n\n\n\n<p>&#8220;El proyecto representa un paso firme hacia una gesti\u00f3n democr\u00e1tica y profesional de nuestros medios, asegurando una programaci\u00f3n plural, educativa y culturalmente  representativa, al servicio de toda la comunidad&#8221;, destac\u00f3 el sindicato.<\/p>\n\n\n\n<p>El proyecto establece que el nuevo ente funcionar\u00e1 bajo la \u00f3rbita del ministerio que designe el Poder Ejecutivo y contar\u00e1 con un directorio de cinco integrantes, incluyendo representantes del gobierno, de la primera minor\u00eda legislativa y del sector gremial.<\/p>\n\n\n\n<p>Fuente: <a href=\"http:\/\/www.ahoracalafate.com.ar\" data-type=\"link\" data-id=\"www.ahoracalafate.com.ar\" target=\"_blank\" rel=\"noreferrer noopener\">www.ahoracalafate.com.ar<\/a> | El Calafate &#8211; Santa Cruz | 30.10.25<\/p>\n","protected":false},"excerpt":{"rendered":"<p>Ingres\u00f3 a la C\u00e1mara de Diputados de Santa Cruz un proyecto de ley para crear el Ente Aut\u00e1rquico Radio y Televisi\u00f3n Santacruce\u00f1a (RTS), que unificar\u00e1 LU14 Radio Provincia de Santa Cruz y LU85 Canal 9 de R\u00edo Gallegos bajo una sola estructura administrativa, jur\u00eddica y financiera. La propuesta, presentada oficialmente el 21 de octubre, busca &hellip; <a href=\"https:\/\/amplitudmodulada.com.ar\/index.php\/noticia14022\/\" class=\"more-link\">Continu\u00e1 leyendo <span class=\"screen-reader-text\">Presentan un proyecto para crear Radio y Televis\u00f3n Santacruce\u00f1a<\/span><\/a><\/p>\n","protected":false},"author":1,"featured_media":0,"parent":0,"menu_order":0,"comment_status":"closed","ping_status":"closed","template":"","meta":{"footnotes":""},"class_list":["post-9800","page","type-page","status-publish","hentry"],"_links":{"self":[{"href":"https:\/\/amplitudmodulada.com.ar\/index.php\/wp-json\/wp\/v2\/pages\/9800","targetHints":{"allow":["GET"]}}],"collection":[{"href":"https:\/\/amplitudmodulada.com.ar\/index.php\/wp-json\/wp\/v2\/pages"}],"about":[{"href":"https:\/\/amplitudmodulada.com.ar\/index.php\/wp-json\/wp\/v2\/types\/page"}],"author":[{"embeddable":true,"href":"https:\/\/amplitudmodulada.com.ar\/index.php\/wp-json\/wp\/v2\/users\/1"}],"replies":[{"embeddable":true,"href":"https:\/\/amplitudmodulada.com.ar\/index.php\/wp-json\/wp\/v2\/comments?post=9800"}],"version-history":[{"count":2,"href":"https:\/\/amplitudmodulada.com.ar\/index.php\/wp-json\/wp\/v2\/pages\/9800\/revisions"}],"predecessor-version":[{"id":9804,"href":"https:\/\/amplitudmodulada.com.ar\/index.php\/wp-json\/wp\/v2\/pages\/9800\/revisions\/9804"}],"wp:attachment":[{"href":"https:\/\/amplitudmodulada.com.ar\/index.php\/wp-json\/wp\/v2\/media?parent=9800"}],"curies":[{"name":"wp","href":"https:\/\/api.w.org\/{rel}","templated":true}]}}

Presentan un proyecto para crear Radio y Televisón Santacruceña

<figure class="wp-block-image size-full"><img loading="lazy" decoding="async" width="106" height="110" src="http://amplitudmodulada.com.ar/wp-content/uploads/2025/01/LU14-e1735940059230.png" alt="" class="wp-image-5088"/></figure>



<p>Ingresó a la Cámara de Diputados de Santa Cruz un proyecto de ley para crear el Ente Autárquico Radio y Televisión Santacruceña (RTS), que unificará LU14 Radio Provincia de Santa Cruz y LU85 Canal 9 de Río Gallegos bajo una sola estructura administrativa, jurídica y financiera.</p>



<p>La propuesta, presentada oficialmente el 21 de octubre, busca dotar a los medios estatales de autonomía funcional, administrativa y financiera y adaptarlos a las nuevas dinámicas de comunicación pública.</p>



<p>&#8220;La creación de Radio y Televisión Santacruceña representa una decisión estratégica para el fortalecimiento institucional de los medios públicos provinciales&#8221;, sostuvieron los diputados Daniel Peralta y Pedro Luxen, autores del proyecto.</p>



<p>La iniciativa tiene el aval del gremio SAT-SAID Santa Cruz, cuyo secretario general, Jorge Álvarez, acompañó la presentación del proyecto.</p>



<p>&#8220;El proyecto representa un paso firme hacia una gestión democrática y profesional de nuestros medios, asegurando una programación plural, educativa y culturalmente  representativa, al servicio de toda la comunidad&#8221;, destacó el sindicato.</p>



<p>El proyecto establece que el nuevo ente funcionará bajo la órbita del ministerio que designe el Poder Ejecutivo y contará con un directorio de cinco integrantes, incluyendo representantes del gobierno, de la primera minoría legislativa y del sector gremial.</p>



<p>Fuente: <a href="http://www.ahoracalafate.com.ar" data-type="link" data-id="www.ahoracalafate.com.ar" target="_blank" rel="noreferrer noopener">www.ahoracalafate.com.ar</a> | El Calafate &#8211; Santa Cruz | 30.10.25</p>

<p>Ingresó a la Cámara de Diputados de Santa Cruz un proyecto de ley para crear el Ente Autárquico Radio y Televisión Santacruceña (RTS), que unificará LU14 Radio Provincia de Santa Cruz y LU85 Canal 9 de Río Gallegos bajo una sola estructura administrativa, jurídica y financiera. La propuesta, presentada oficialmente el 21 de octubre, busca &hellip; <a href="https://amplitudmodulada.com.ar/index.php/noticia14022/" class="more-link">Continuá leyendo <span class="screen-reader-text">Presentan un proyecto para crear Radio y Televisón Santacruceña</span></a></p>
